NOAA-style Climate Reports

Select a Year or Month report

Report for 2013 Mar
                   MONTHLY CLIMATOLOGICAL SUMMARY for MAR. 2013

NAME: Vado la Lepre   CITY: Castelnuovo V.C.   STATE: Italia 
ELEV:   800 m  LAT:  43.2068 N  LONG:  10.8773 E

                   TEMPERATURE (C), RAIN  (mm), WIND SPEED (km/hr)

                                      HEAT  COOL        AVG
    MEAN                              DEG   DEG         WIND                 DOM
DAY TEMP  HIGH   TIME   LOW    TIME   DAYS  DAYS  RAIN  SPEED HIGH   TIME    DIR
------------------------------------------------------------------------------------
 1   4.1   4.9   17.40   2.6    9.10  14.2   0.0   6.2  13.5  35.4    7.45   ENE
 2   3.6   7.6   15.05   0.2   00.00  14.7   0.0   1.6  22.4  51.5   11.00   ENE
 3   6.1  12.2   14.35  -0.4    1.45  12.2   0.0   0.2   7.1  25.7    2.10   ENE
 4   7.6  11.6   15.05   4.0   23.35  10.7   0.0   0.0   9.2  32.2   22.10   WSW
 5   4.8   6.9   11.45   3.5   21.10  13.5   0.0   9.8  21.1  51.5   13.30   SSE
 6   6.4   8.6   21.05   3.6    0.15  11.9   0.0  15.2  27.2  62.8    3.35    SE
 7   8.6   9.4   11.50   8.1    0.25   9.7   0.0   0.8  28.2  48.3    5.55    SW
 8   8.2   8.8   17.10   6.4   00.00  10.1   0.0  12.4  32.3  62.8    9.00    SW
 9   7.5  10.1   14.25   6.2    1.00  10.6   0.0  10.4  25.6  83.7   16.30     W
10   6.8  10.4   12.25   5.2   22.50  11.5   0.0   6.0  20.4  53.1    1.45    SW
11   6.2  10.6   14.25   4.2   15.10  12.1   0.0   2.6  19.3  45.1   14.15     W
12   5.5  10.5   13.15   2.9    8.15  12.8   0.0  10.4  12.4  37.0    2.30   WSW
13   3.5   5.8   10.00   1.2   13.20  14.8   0.0  13.2  11.1  33.8   10.15   ENE
14   2.2   5.4   11.05  -0.9   23.55  16.1   0.0   0.2  15.0  40.2   19.55   ENE
15   0.0   4.3   14.35  -2.5    6.25  18.3   0.0   0.0  11.7  38.6    0.55   ENE
16   0.9   6.2   15.00  -3.4    6.20  17.3   0.0   0.0   9.8  27.4    4.50   ENE
17   2.6   5.1   23.50   0.9    4.50  15.7   0.0  16.8  38.8 114.3   22.35   SSW
18   6.2   8.6    8.45   4.1   18.45  12.1   0.0  35.2  61.5 114.3   11.20    SW
19   5.6   9.0   15.30   3.6    4.25  12.8   0.0   0.0  36.7 101.4    0.55     W
20   4.6   6.1   11.05   3.1   22.25  13.7   0.0  17.0  23.0  57.9   10.40    SW
21   5.4  10.6   13.10   2.5    5.25  12.9   0.0   0.2  12.1  37.0   17.40   WNW
22   7.0  10.7   11.15   3.6    6.30  11.3   0.0   0.2   5.6  29.0   10.35   WNW
23   7.3  10.7   15.30   4.7    6.15  11.0   0.0   0.0  17.9  46.7   10.05    SW
24   8.6  12.4   15.25   5.4   00.00   9.7   0.0   0.8  14.2  51.5   17.40   ESE
25   3.4   5.5   15.55   1.7    8.05  14.8   0.0   1.4  15.9  38.6    8.30   ENE
26   5.3   9.5   15.30   1.4   23.55  13.0   0.0   2.4  15.1  49.9   13.10     W
27   5.5   9.8   17.05   1.5    0.05  12.8   0.0   0.2  10.3  29.0   22.55     W
28   7.6  10.4   11.05   5.3    2.30  10.7   0.0   1.0  24.6  64.4   23.55    SW
29   8.7  11.1   13.20   7.9    0.05   9.6   0.0   0.8  28.3  61.2    0.05   WSW
30   7.8   9.0   15.35   4.2   22.55  10.5   0.0  16.0  36.4  90.1   15.40    SW
31   5.7   8.9   14.10   4.1   21.45  12.0   0.0   1.8  24.5  64.4    6.15     W
-------------------------------------------------------------------------------------
     5.6  12.4    24    -3.4    16   393.2   0.0 182.8  21.0 114.3    17      SW

Max >=  32.0:  0
Max <=   0.0:  0
Min <=   0.0:  4
Min <= -18.0:  0
Max Rain: 35.20 ON 18/03/13
Days of Rain: 26 (> .2 mm) 14 (> 2 mm) 1 (> 20 mm)
Heat Base:  18.3  Cool Base:  18.3  Method: Integration