NOAA-style Climate Reports

Select a Year or Month report

Report for 2013 Apr
                   MONTHLY CLIMATOLOGICAL SUMMARY for APR. 2013

NAME: Vado la Lepre   CITY: Castelnuovo V.C.   STATE: Italia 
ELEV:   800 m  LAT:  43.2068 N  LONG:  10.8773 E

                   TEMPERATURE (C), RAIN  (mm), WIND SPEED (km/hr)

                                      HEAT  COOL        AVG
    MEAN                              DEG   DEG         WIND                 DOM
DAY TEMP  HIGH   TIME   LOW    TIME   DAYS  DAYS  RAIN  SPEED HIGH   TIME    DIR
------------------------------------------------------------------------------------
 1   6.0  10.8   13:15   3.6    6:15  12.3   0.0   2.0  13.2  48.3   15:05    SW
 2   5.8   9.2   13:50   3.4   23:45  11.7   0.0  31.2  10.3  40.2    0:30   ENE
 3   6.2  10.9   15:55   2.2    5:40  11.1   0.0   0.0  11.3  35.4   14:15   ENE
 4   6.9   9.8   23:50   4.4    2:05  11.4   0.0   0.2  12.1  49.9   23:45     E
 5   5.9   9.7    0:05   4.2   13:20  11.5   0.0  18.0  25.9  61.2   10:05     W
 6   7.9  12.6   13:55   4.6    0:30  10.1   0.0   1.6   9.0  30.6    0:30   ENE
 7   7.2  11.9   15:45   3.6    6:55  11.1   0.0   0.0  15.3  35.4    3:00   ENE
 8   6.2   9.3   16:15   2.9    2:25  12.1   0.0   2.8  11.6  43.5   21:35   WSW
 9   7.6  12.3   15:50   4.4    7:05  10.4   0.0   0.6  27.0  56.3   21:35     W
10   8.8  11.8   14:30   6.7    3:10   9.5   0.0   0.0  19.5  54.7   16:15     W
11   9.6  14.9   14:05   6.6    5:20   8.7   0.0   0.0  16.9  48.3   22:45     W
12   9.7  14.2   16:05   7.1    2:00   8.3   0.0   0.0  32.7  78.9    5:25   WSW
13  10.7  14.8   15:05   8.0    6:35   7.7   0.0   0.0  16.9  40.2   17:15     W
14  13.6  18.9   15:05   9.0    6:30   4.7   0.0   0.0   6.0  24.1    0:20   NNE
15  15.6  20.0   13:35  12.1   23:50   2.9   0.1   0.0   9.0  30.6   15:50     W
16  15.2  19.9   16:55  11.2    4:15   3.3   0.1   0.0   5.5  19.3   17:30   NNE
17  16.8  21.1   15:15  12.9    2:30   2.0   0.5   0.0   7.2  27.4   16:00   ENE
18  16.8  21.2   14:00  12.6   23:55   2.0   0.5   0.0   7.9  25.7   14:30    NE
19  15.9  20.4   13:35  11.3   00:00   2.7   0.3   0.0   7.9  27.4   13:55   NNE
20   9.3  13.6   13:30   4.3   00:00   9.0   0.0   0.6  15.4  53.1   10:50    SW
21   6.6  11.2   13:35   4.0    3:05  11.7   0.0   0.2  10.5  41.8   14:20    NE
22   6.2  10.2   14:35   4.4    6:20  12.1   0.0   0.6   7.6  33.8   15:25   ENE
23   8.6  14.4   16:35   4.2    6:00   9.7   0.0   0.0   6.1  22.0   14:20   ENE
24  12.8  19.3   14:50   6.1    3:15   5.5   0.1   0.0   5.5  36.5   13:50   ENE
25  15.5  20.9   14:35  11.2    0:40   3.2   0.4   0.0   4.2  12.4   20:10   SSW
26  15.3  18.2   12:10  10.2   23:55   3.0   0.0   0.0  17.4  54.7   16:30   SSE
27  10.4  11.5   11:10   9.6    9:05   7.8   0.0   7.4  33.2  75.6   16:55   SSE
28  11.8  14.7   23:50   9.8    5:30   6.5   0.0   0.2  23.3  61.2    3:30   SSE
29  17.8  22.2   15:15  14.0    4:40   1.4   0.8   0.0  20.3  67.6    2:20    SE
30  17.4  21.4   13:55  13.4    5:05   1.3   0.4   0.2  24.5  61.2   14:40   SSE
-------------------------------------------------------------------------------------
    10.8  22.2    29     2.2     3   224.5   3.3  65.6  14.4  78.9    12       W

Max >=  32.0:  0
Max <=   0.0:  0
Min <=   0.0:  0
Min <= -18.0:  0
Max Rain: 31.20 ON 02/04/13
Days of Rain: 13 (> .2 mm) 4 (> 2 mm) 1 (> 20 mm)
Heat Base:  18.3  Cool Base:  18.3  Method: Integration