NOAA-style Climate Reports

Select a Year or Month report

Report for 2013 May
                   MONTHLY CLIMATOLOGICAL SUMMARY for MAY. 2013

NAME: Vado la Lepre   CITY: Castelnuovo V.C.   STATE: Italia 
ELEV:   800 m  LAT:  43.2068 N  LONG:  10.8773 E

                   TEMPERATURE (C), RAIN  (mm), WIND SPEED (km/hr)

                                      HEAT  COOL        AVG
    MEAN                              DEG   DEG         WIND                 DOM
DAY TEMP  HIGH   TIME   LOW    TIME   DAYS  DAYS  RAIN  SPEED HIGH   TIME    DIR
------------------------------------------------------------------------------------
 1  17.2  19.4    0.40  14.7   16.10   1.2   0.1   0.2  23.3  62.8   14.15   SSE
 2  14.0  17.8   17.40  12.1    7.10   4.3   0.0   5.0   8.5  35.4    3.20   SSE
 3  14.7  19.4   13.30  11.5   21.10   3.7   0.0   0.0   7.1  22.5   14.30   SSW
 4  16.0  20.4   16.40  12.1    5.25   2.6   0.4   0.0   4.3  19.3   14.30     N
 5  12.6  14.6   17.00   9.7   13.15   5.7   0.0   3.8   7.7  30.6    8.00   NNE
 6  11.7  15.1   14.30  10.1    6.25   6.6   0.0  16.4   6.8  24.1    7.45   NNE
 7  11.8  15.6   13.15   9.7    5.40   6.5   0.0   0.0  11.3  37.0   14.30   SSW
 8  13.4  17.8   15.15  10.0    5.35   4.9   0.0   0.0   5.5  27.4   17.15     N
 9  15.7  20.7   14.05  11.5    4.50   3.0   0.4   0.0   6.4  20.9    7.20   NNE
10  13.7  16.5   14.25  11.7   23.05   4.6   0.0   1.8  13.2  30.6   11.00     S
11  12.6  16.1   13.40   9.9   20.45   5.7   0.0   0.0   8.5  35.4   18.00    SW
12  11.8  15.4   12.20   9.6    3.45   6.5   0.0   0.0   6.9  32.2   16.15   NNW
13  12.6  17.6   15.45   7.3    6.05   5.7   0.0   0.0   8.0  29.0    9.40   NNE
14  14.1  18.8   14.05  10.6    3.15   4.3   0.0   0.0  12.1  35.4   22.25   SSW
15  11.9  13.8   10.15  10.3   23.35   6.4   0.0   0.8  19.8  56.3   23.20   SSE
16  11.9  13.6   15.45  10.0    2.30   6.4   0.0  19.4  32.7  83.7    6.25   SSE
17  10.3  12.2    0.10   8.5   21.00   8.0   0.0   8.6  16.3  61.2    5.00     S
18  12.4  16.3   15.05   8.8    6.10   5.9   0.0   0.8  20.4  53.1    0.20   SSE
19  10.2  14.2    0.20   7.3    7.35   8.1   0.0   7.0  13.8  46.7   16.15   SSW
20   9.6  13.6   16.45   7.1    1.40   8.7   0.0  14.8   8.4  29.0   12.15    SW
21   9.7  11.6   14.15   8.6    5.20   8.4   0.0   1.0   9.2  30.6   17.25     S
22  11.6  17.3   15.05   7.6    5.50   6.7   0.0   0.6  11.3  32.2   21.45   NNE
23  10.7  14.9   16.40   7.4    5.20   7.6   0.0   3.0  12.9  38.6    4.05   NNE
24   8.6  11.2   15.05   6.2   23.55   9.8   0.0   0.2  30.1  80.5    8.00   SSW
25   5.9   9.2   16.00   2.9   17.55  12.4   0.0  13.6  22.5  74.0   17.50   SSW
26   8.2  13.1   15.30   3.4    3.50  10.1   0.0   1.2  10.3  38.6   16.45    SW
27   9.8  14.7   16.05   6.2    5.00   8.5   0.0   0.2  11.7  43.5   23.00   SSW
28   9.6  13.4   17.55   6.9    4.00   8.7   0.0   6.0   9.8  41.8    1.10     S
29   9.6  12.7   15.20   4.8   00.00   8.7   0.0   0.8  15.4  51.5   23.30    SW
30   7.2  10.7   17.00   4.3   10.40  11.1   0.0  18.0  20.1  46.7   14.10    SW
31   9.6  14.4   14.55   7.6    3.25   8.7   0.0   1.8  15.4  45.1    2.30   SSW
-------------------------------------------------------------------------------------
    11.6  20.7     9     2.9    25   209.4   0.9 125.0  13.2  83.7    16     SSW

Max >=  32.0:  0
Max <=   0.0:  0
Min <=   0.0:  0
Min <= -18.0:  0
Max Rain: 19.40 ON 16/05/13
Days of Rain: 22 (> .2 mm) 11 (> 2 mm) 0 (> 20 mm)
Heat Base:  18.3  Cool Base:  18.3  Method: Integration