NOAA-style Climate Reports

Select a Year or Month report

Report for 2013 Jun
                   MONTHLY CLIMATOLOGICAL SUMMARY for JUN. 2013

NAME: Vado la Lepre   CITY: Castelnuovo V.C.   STATE: Italia 
ELEV:   800 m  LAT:  43.2068 N  LONG:  10.8773 E

                   TEMPERATURE (C), RAIN  (mm), WIND SPEED (km/hr)

                                      HEAT  COOL        AVG
    MEAN                              DEG   DEG         WIND                 DOM
DAY TEMP  HIGH   TIME   LOW    TIME   DAYS  DAYS  RAIN  SPEED HIGH   TIME    DIR
------------------------------------------------------------------------------------
 1  11.8  17.7   16.40   8.0    4.15   6.5   0.0   0.2   4.8  25.7    8.00   NNE
 2  13.2  17.3   13.55   9.1    5.00   5.1   0.0   0.0  11.6  30.6   18.00   SSW
 3  12.3  15.9    9.40  10.5    6.50   6.0   0.0  12.0   5.8  24.1   14.55     S
 4  14.1  18.9   15.10  10.5    5.40   4.2   0.0   0.0   4.8  24.1   15.15   NNE
 5  13.6  17.9   12.50  10.4    5.55   4.7   0.0  15.8   5.5  33.8   14.45     N
 6  15.9  19.9   14.10  12.1    4.35   2.6   0.1   0.0   5.1  22.5    3.10    SW
 7  17.5  21.9   14.55  13.3    3.45   1.7   0.9   0.0   5.5  20.9   15.25   NNE
 8  17.2  21.7   12.50  13.6   21.25   1.6   0.5   0.0   6.3  20.9   11.10   NNE
 9  14.1  16.7    0.35  10.2   22.55   4.3   0.0   6.8  16.4  46.7    9.15     S
10  11.8  14.4   18.35  10.3    0.15   6.5   0.0   4.2   7.4  24.1   13.15   SSW
11  13.6  19.0   15.55  10.0    3.35   4.7   0.0   0.2   5.6  20.9   17.30     W
12  17.9  23.6   14.45  12.1    2.15   1.7   1.3   0.0   5.6  16.1    0.05   NNE
13  19.1  23.3   16.00  15.4    4.15   0.8   1.6   0.0   6.6  20.9   15.15   NNE
14  19.0  23.2   15.55  15.6    4.30   0.7   1.4   0.0   8.0  22.5   13.25    SW
15  18.7  22.2   15.30  15.3    1.30   0.8   1.2   0.0  10.6  33.8   13.30    SW
16  21.2  24.8   17.05  17.7    4.45   0.0   2.9   0.0   6.3  20.9   12.55   SSW
17  23.1  26.6   16.05  19.9    1.15   0.0   4.8   0.0   7.7  22.5    9.20     S
18  24.3  27.9   13.45  21.9   00.00   0.0   6.0   0.0   6.9  27.4   18.05   SSE
19  23.9  27.0   16.10  20.7   20.50   0.0   5.6   0.0   8.2  24.1   13.35   SSE
20  21.9  25.3   13.45  16.1   23.25   0.2   3.8   0.0  11.7  32.2   13.20     S
21  17.8  22.7   13.05  14.1   23.50   1.5   1.0   0.0   4.3  19.3   17.20    NW
22  16.4  19.9   13.50  13.6    5.40   2.1   0.2   0.0   6.4  22.5   12.50     W
23  16.9  21.6   14.40  12.9    5.30   2.1   0.7   0.0   7.7  29.0   19.30     W
24  14.1  17.3   11.05  11.1   22.15   4.2   0.0   1.0  11.3  48.3   15.50    SW
25  15.9  20.6   14.20  11.7    0.05   2.6   0.2   0.0   8.0  29.0   17.30   SSW
26  15.6  19.4   14.45  12.6   23.25   2.7   0.0   0.0   7.6  24.1    8.20   NNE
27  15.1  20.4   15.30  10.2    5.55   3.6   0.3   0.0   7.9  24.1    2.50   NNE
28  14.3  19.3   14.40   9.9   23.55   4.1   0.0   0.0   7.9  25.7   14.55   NNE
29  13.6  18.9   14.50   9.1    1.30   4.7   0.0   0.0  10.1  37.0    7.50   NNE
30  17.6  22.8   15.05  12.8    0.05   1.7   1.1   0.0   6.4  24.1   15.15   NNE
-------------------------------------------------------------------------------------
    16.7  27.9    18     8.0     1    81.3  33.9  40.2   7.6  48.3    24     NNE

Max >=  32.0:  0
Max <=   0.0:  0
Min <=   0.0:  0
Min <= -18.0:  0
Max Rain: 15.80 ON 05/06/13
Days of Rain: 7 (> .2 mm) 4 (> 2 mm) 0 (> 20 mm)
Heat Base:  18.3  Cool Base:  18.3  Method: Integration