NOAA-style Climate Reports

Select a Year or Month report

Report for 2013 Aug
                   MONTHLY CLIMATOLOGICAL SUMMARY for AUG. 2013

NAME: Vado la Lepre   CITY: Castelnuovo V.C.   STATE: Italia 
ELEV:   800 m  LAT:  43.2068 N  LONG:  10.8773 E

                   TEMPERATURE (C), RAIN  (mm), WIND SPEED (km/hr)

                                      HEAT  COOL        AVG
    MEAN                              DEG   DEG         WIND                 DOM
DAY TEMP  HIGH   TIME   LOW    TIME   DAYS  DAYS  RAIN  SPEED HIGH   TIME    DIR
------------------------------------------------------------------------------------
 1  22.7  27.8   15:10  17.9    5:10   0.0   4.4   0.0  10.1  32.2   11:10   NNE
 2  23.8  29.8   16:25  19.3    1:40   0.0   5.5   0.0  10.5  33.8    9:50   NNE
 3  26.1  31.2   14:30  22.6   20:55   0.0   7.8   0.0   6.0  24.1   16:30     N
 4  25.9  31.1   13:55  23.1    8:00   0.0   7.6   0.0   5.3  20.9   14:45   NNW
 5  26.7  31.2   15:15  22.3    3:35   0.0   8.4   0.0   4.7  19.3   21:50   NNW
 6  27.7  33.1   15:40  24.6    3:25   0.0   9.4   0.0   6.3  22.5   16:20   NNE
 7  26.3  30.7   13:30  23.0    5:35   0.0   8.0   0.0  20.0  54.7   23:05     S
 8  24.8  30.3   14:20  20.3   23:50   0.0   6.6   0.0  23.8  64.4    9:20   SSE
 9  19.9  26.8   14:55  14.2    6:20   0.9   2.4   0.2  10.0  43.5    7:25   NNE
10  20.7  26.3   15:25  16.2    2:00   0.5   2.9   0.2   9.5  27.4    9:55   NNE
11  21.7  27.5   17:10  16.6    5:45   0.2   3.6   0.0   8.2  27.4    7:35   NNE
12  23.1  28.8   13:55  18.9    6:05   0.0   4.8   0.0   7.1  27.4   14:15   NNE
13  22.7  27.0   13:05  19.6   20:40   0.0   4.3   0.0  10.1  40.2   15:05   SSW
14  20.1  26.6   12:25  15.2   15:10   0.3   2.0  77.2  10.5  43.5   15:15     S
15  19.1  25.3   15:50  13.7    6:30   1.3   2.0   0.0  12.7  32.2    3:30   NNE
16  21.5  27.2   15:25  16.8    5:50   0.2   3.3   0.0   9.0  30.6    7:15   NNE
17  22.3  26.8   13:40  19.3   22:15   0.0   4.0   0.0   7.1  22.5   14:30   NNE
18  21.9  27.0   14:10  19.0   21:15   0.0   3.6   0.0   6.4  24.1   15:50    SW
19  20.7  25.2   13:35  17.8    2:45   0.0   2.4   0.2   6.3  29.0   16:35    SW
20  16.0  18.7   15:05  13.4   21:55   2.3   0.0  43.4  14.6  41.8   15:35   NNE
21  17.4  22.8   14:15  13.1    4:45   2.0   1.1   0.0  14.5  35.4    2:50   NNE
22  19.7  25.7   16:45  14.4    6:15   0.9   2.3   0.0   8.9  25.7    9:00   NNE
23  20.8  25.4   14:20  17.9   20:45   0.0   2.5   0.0   7.7  24.1   15:50   NNE
24  19.7  23.7   13:20  17.6    7:15   0.1   1.5   0.0  13.4  40.2   23:25   SSW
25  17.6  20.7   14:20  14.8   00:00   0.9   0.2   0.6  17.5  62.8    3:00    SW
26  17.6  22.9   16:05  14.3    3:10   1.6   0.9   0.0   6.6  29.0   16:30   SSW
27  17.6  21.9   16:40  14.3    4:30   1.5   0.8   0.2   7.6  32.2   20:30    SW
28  16.4  20.1   17:40  13.1    6:05   2.1   0.2   6.6   8.4  30.6    8:40    SW
29  18.6  23.8   15:10  14.6    4:55   0.9   1.1   0.0   5.6  29.0   18:25   NNE
30  19.0  24.3   16:00  15.6    6:30   0.7   1.4   0.0   9.0  35.4    9:45    NE
31  19.6  24.4   15:25  16.1    2:45   0.5   1.8   0.0   8.9  29.0    6:30   NNE
-------------------------------------------------------------------------------------
    21.2  33.1     6    13.1    21    16.8 107.1 128.6   9.9  64.4     8     NNE

Max >=  32.0:  1
Max <=   0.0:  0
Min <=   0.0:  0
Min <= -18.0:  0
Max Rain: 77.20 ON 14/08/13
Days of Rain: 8 (> .2 mm) 3 (> 2 mm) 2 (> 20 mm)
Heat Base:  18.3  Cool Base:  18.3  Method: Integration