NOAA-style Climate Reports

Select a Year or Month report

Report for 2013 Sep
                   MONTHLY CLIMATOLOGICAL SUMMARY for SEP. 2013

NAME: Vado la Lepre   CITY: Castelnuovo V.C.   STATE: Italia 
ELEV:   800 m  LAT:  43.2068 N  LONG:  10.8773 E

                   TEMPERATURE (C), RAIN  (mm), WIND SPEED (km/hr)

                                      HEAT  COOL        AVG
    MEAN                              DEG   DEG         WIND                 DOM
DAY TEMP  HIGH   TIME   LOW    TIME   DAYS  DAYS  RAIN  SPEED HIGH   TIME    DIR
------------------------------------------------------------------------------------
 1  20.0  24.8   16:15  16.8    5:45   0.2   2.0   0.0   6.8  24.1    9:40   NNE
 2  21.0  25.4   15:30  17.8   22:35   0.0   2.7   0.0   4.8  22.5   15:55   NNE
 3  21.1  25.7   16:20  16.4    4:10   0.2   3.0   0.0   7.2  22.5    6:45   NNE
 4  22.6  27.7   14:55  19.7    0:40   0.0   4.3   0.0   8.7  29.0   18:00   NNE
 5  22.1  26.3   13:50  19.1   21:00   0.0   3.8   0.0   8.0  30.6   16:10   SSW
 6  21.2  25.4   13:20  18.6    8:00   0.0   2.8   0.0   3.5  17.7   14:45   SSW
 7  21.2  25.4   13:30  17.8   00:00   0.0   2.9   0.0   7.6  29.0   14:50   SSW
 8  18.8  22.7   14:10  16.7    3:15   0.4   0.9   0.0  20.9  45.1   00:00     S
 9  17.2  21.3   13:45  14.1   23:25   1.5   0.4  19.4  15.6  51.5    1:10    SW
10  16.5  21.3   13:15  14.1    0:15   2.2   0.4   0.8  11.7  37.0   12:00   SSW
11  15.4  20.2   13:20  12.1   23:30   3.0   0.1   3.0  15.3  41.8    3:00   SSW
12  14.5  18.4   14:15  11.7    6:25   3.8   0.0   1.0   7.9  30.6    0:20    SW
13  15.0  20.7   14:55  12.6    1:15   3.4   0.1   0.6   6.3  24.1   15:25   NNW
14  15.4  19.9   14:30  12.7    4:05   3.0   0.1   0.2  14.3  38.6   20:10     S
15  14.4  17.9   14:00  11.8   23:00   3.9   0.0  14.0  23.5  57.9   15:05     S
16  14.0  17.0   15:20  12.1    6:00   4.3   0.0   0.2  10.3  33.8    1:20    SW
17  13.1  15.1   14:30  11.7   19:20   5.2   0.0   0.2  20.4  82.1    8:40    SW
18  14.6  18.9   14:20  11.3    3:45   3.7   0.0   0.2  11.7  33.8   14:55   SSW
19  16.1  20.7   14:35  13.3    3:55   2.5   0.4   0.0  13.2  49.9    5:00   NNE
20  17.2  22.2   13:00  13.8    6:10   1.6   0.5   0.0   5.5  22.5   16:00   SSW
21  18.1  22.8   13:25  14.8   23:50   1.2   1.0   0.0   4.5  22.5   23:55   NNE
22  15.9  20.1   14:15  12.4    5:50   2.7   0.3   0.0  11.7  37.0    3:25   NNE
23  17.1  22.4   13:15  13.1    1:30   2.1   0.9   0.0   5.6  22.5    0:05   NNE
24  16.7  21.6   13:40  14.1    6:00   2.2   0.6   0.0   9.2  24.1   12:15     S
25  15.2  19.6   13:10  12.6    6:25   3.2   0.0   0.0  17.9  35.4   13:50     S
26  15.2  19.3   12:50  12.8   23:10   3.1   0.0   0.6  10.0  24.1   13:50   SSW
27  16.7  21.6   14:50  14.0    0:05   2.1   0.5   0.0   6.4  22.5   12:40    SW
28  17.0  21.8   14:05  14.7    6:05   1.7   0.4   0.0  12.2  38.6   21:20     S
29  15.9  18.0   10:40  13.1   14:25   2.4   0.0  41.4  26.9  77.2   10:15     S
30  14.5  15.8    1:05  13.4   23:30   3.8   0.0   8.0  11.1  45.1   14:25    SW
-------------------------------------------------------------------------------------
    17.1  27.7     4    11.3    18    63.5  28.2  89.6  11.3  82.1    17       S

Max >=  32.0:  0
Max <=   0.0:  0
Min <=   0.0:  0
Min <= -18.0:  0
Max Rain: 41.40 ON 29/09/13
Days of Rain: 13 (> .2 mm) 5 (> 2 mm) 1 (> 20 mm)
Heat Base:  18.3  Cool Base:  18.3  Method: Integration