NOAA-style Climate Reports

Select a Year or Month report

Report for 2013 Oct
                   MONTHLY CLIMATOLOGICAL SUMMARY for OCT. 2013

NAME: Vado la Lepre   CITY: Castelnuovo V.C.   STATE: Italia 
ELEV:   800 m  LAT:  43.2068 N  LONG:  10.8773 E

                   TEMPERATURE (C), RAIN  (mm), WIND SPEED (km/hr)

                                      HEAT  COOL        AVG
    MEAN                              DEG   DEG         WIND                 DOM
DAY TEMP  HIGH   TIME   LOW    TIME   DAYS  DAYS  RAIN  SPEED HIGH   TIME    DIR
------------------------------------------------------------------------------------
 1  13.8  17.4   14:35  10.6    7:10   4.5   0.0   0.2   5.0  17.7    5:10   NNE
 2  14.9  18.4   14:50  11.9   23:50   3.4   0.0   0.0   9.2  40.2   23:30   NNE
 3  13.1  18.9   15:45   9.3    5:25   5.2   0.0   0.0  11.3  41.8    2:05    NE
 4  14.6  18.9   12:55  11.4    7:30   3.8   0.0   0.0   6.4  32.2   23:45    NE
 5  14.9  16.8   20:45  12.6    5:25   3.4   0.0 106.0  22.2  56.3    4:40   SSE
 6  14.4  16.3   14:35  12.2   19:45   3.8   0.0  30.2   6.4  25.7   23:05   NNE
 7  13.1  16.5   11:30  10.0   20:30   5.2   0.0  15.2   8.5  25.7    0:10   NNE
 8  12.4  16.0   12:45  10.7   17:35   5.9   0.0  32.4  10.8  33.8   11:15   NNE
 9  12.7  15.4   11:15  10.8    5:50   5.6   0.0   0.2   5.6  20.9    0:25    NE
10  12.9  15.1   16:10  11.6    5:15   5.4   0.0   0.2  25.6  54.7   12:10     S
11  11.3  15.9   15:35   8.8    4:55   7.0   0.0   1.2  12.7  74.0    3:20   SSW
12  10.8  13.7   15:50   9.7    0:05   7.4   0.0   7.2   9.2  41.8    4:20     S
13  12.9  16.2   12:45  10.3    5:45   5.4   0.0   0.6   9.2  24.1    3:00     S
14  14.2  17.2   11:15  12.7    2:40   4.1   0.0   0.2   6.3  20.9   20:40     S
15  13.8  15.9   11:25  12.6   23:45   4.5   0.0  13.0  14.0  30.6   23:00   SSW
16  14.2  18.0   15:10  11.7   20:40   4.1   0.0   7.8  16.9  57.9    6:50   SSW
17  15.3  19.3   15:40  12.9    5:00   3.0   0.0   0.0   6.0  17.7   14:35     N
18  14.8  17.7   12:20  12.9   22:20   3.5   0.0   0.0   6.3  22.5   14:50   SSW
19  13.7  17.2   15:55  12.2    3:10   4.6   0.0   0.2  14.5  37.0   23:15   SSE
20  15.0  16.9   23:55  12.9    4:15   3.3   0.0   1.0  28.0  61.2   21:40   SSE
21  16.9  18.2   12:30  14.0   13:50   1.3   0.0  36.4  31.2  67.6   21:55     S
22  16.6  17.6    3:35  14.9   19:35   1.7   0.0   0.2  32.5  57.9   14:15     S
23  16.7  18.0   15:15  14.9   18:45   1.6   0.0   0.0  36.5  75.6   17:45     S
24  16.8  18.4   12:10  15.6   20:10   1.3   0.0   4.0  26.9  69.2    6:25   SSE
25  15.7  18.6   16:35  14.3    4:30   2.6   0.0   0.0  11.4  29.0   22:45   SSE
26  15.3  18.4   15:15  14.0    6:50   2.9   0.0   0.6  17.7  38.6    1:00     S
27  14.8  16.5   13:20  13.8    1:35   3.4   0.0   0.0  24.1  53.1   19:20     S
28  15.5  17.4   14:30  14.4   18:55   2.8   0.0   0.2  24.5  51.5   23:45     S
29  15.3  16.6   12:20  13.8   23:10   3.0   0.0   0.2  27.0  53.1    9:55     S
30  14.2  16.8   10:55  12.6   22:35   4.1   0.0   0.2   8.5  30.6   23:10   NNE
31  12.7  16.2   13:35  10.7   23:40   5.6   0.0   0.2  12.6  37.0    9:00   NNE
-------------------------------------------------------------------------------------
    14.3  19.3    17     8.8    11   123.6   0.1 257.6  15.7  75.6    23       S

Max >=  32.0:  0
Max <=   0.0:  0
Min <=   0.0:  0
Min <= -18.0:  0
Max Rain: 106.00 ON 05/10/13
Days of Rain: 23 (> .2 mm) 9 (> 2 mm) 4 (> 20 mm)
Heat Base:  18.3  Cool Base:  18.3  Method: Integration