NOAA-style Climate Reports

Select a Year or Month report

Report for 2013 Dec
                   MONTHLY CLIMATOLOGICAL SUMMARY for DEC. 2013

NAME: Vado la Lepre   CITY: Castelnuovo V.C.   STATE: Italia 
ELEV:   800 m  LAT:  43.2068 N  LONG:  10.8773 E

                   TEMPERATURE (C), RAIN  (mm), WIND SPEED (km/hr)

                                      HEAT  COOL        AVG
    MEAN                              DEG   DEG         WIND                 DOM
DAY TEMP  HIGH   TIME   LOW    TIME   DAYS  DAYS  RAIN  SPEED HIGH   TIME    DIR
------------------------------------------------------------------------------------
 1   1.8   4.2   11:55   0.1    1:40  16.4   0.0   0.6  30.4  69.2   14:45    NE
 2   3.2   5.2   14:25   1.8   23:05  14.7   0.0   0.6  27.4  54.7    6:25    NE
 3   4.2   7.7   23:00   1.3    1:45  14.1   0.0   3.0  23.7  62.8    4:30   ENE
 4   8.6  11.6   13:35   5.5   23:40   9.7   0.0   0.0   5.8  32.2    0:15    NE
 5   5.2   8.7   15:00   3.1    7:30  13.1   0.0   0.0   7.4  22.5   10:35     W
 6   5.6   8.1   12:55   4.7    8:20  12.7   0.0   0.0  14.0  33.8   10:40    SW
 7   6.7  10.9   13:35   4.4    5:30  11.6   0.0   0.6   4.7  19.3   14:35   WSW
 8   6.5   9.7   14:35   4.7    5:30  11.8   0.0   0.0   9.8  43.5    2:15   SSW
 9   7.1   9.2   13:55   5.6   21:05  11.2   0.0   0.2   7.1  17.7   13:50   WSW
10   6.9   9.1   20:00   5.1    6:55  11.4   0.0   0.2  10.1  30.6   22:05    NE
11   9.5  13.4   12:20   5.3   21:55   8.8   0.0   0.0   5.6  19.3    0:10   ENE
12   6.0   8.4   13:55   4.7    4:50  12.3   0.0   0.6   4.8  16.1   14:40   WSW
13   5.3   7.7   15:05   4.0    4:30  13.0   0.0   0.6   6.1  19.3   13:25   WSW
14   6.1   7.9   13:05   5.0    0:05  12.2   0.0   0.2   8.5  20.9   12:50   WSW
15   6.0   7.6   12:30   4.4    8:40  12.3   0.0   0.0   9.2  25.7    0:25    NE
16   8.8  12.4   12:55   4.6    0:25   9.5   0.0   0.0   7.2  22.5    4:45    NE
17   9.7  12.3   15:35   7.8   00:00   8.6   0.0   0.0   6.1  20.9    4:45    NE
18   7.0   9.6   10:50   4.4   23:10  11.3   0.0   0.0   5.6  14.5   12:40    SW
19   5.2   6.6   12:15   3.8    1:05  12.7   0.0   0.0  24.3  53.1   16:20    SW
20   7.4   9.1   14:10   5.8    1:45  10.9   0.0   0.6  25.1  49.9    6:10   SSW
21   8.4  10.7   12:25   7.4    0:50   9.9   0.0   0.8  14.3  37.0    1:40    SW
22   7.2   8.4   11:50   6.2   00:00  11.1   0.0   0.2  18.5  33.8   22:45    SW
23   6.6   8.5   14:30   5.8    4:35  11.7   0.0   0.6   8.5  30.6    1:30    SW
24   6.4   7.8   11:55   5.3    5:35  11.8   0.0   1.0  23.2  70.8   23:50    SW
25   7.8   8.4   14:35   7.1   22:20  10.5   0.0  22.4  57.3 125.5   00:00   SSW
26   5.7   8.6    6:00   3.4   18:50  12.6   0.0  30.8  38.5 140.0    1:35   SSW
27   4.8   7.7   12:45   3.3    2:35  13.1   0.0   0.2   9.0  27.4   21:55    NE
28   6.0   8.3   12:55   4.1    0:05  12.3   0.0   0.2  19.0  59.5   23:50   SSW
29   6.1   8.3    7:50   4.2   21:00  12.2   0.0  15.2  20.6  69.2    0:40     W
30   3.4   5.0   14:15   2.1    8:25  14.9   0.0   0.2  13.0  37.0   20:15    NE
31   2.4   4.9   13:05   0.8    6:40  15.9   0.0   0.0  12.6  32.2    3:20    NE
-------------------------------------------------------------------------------------
     6.2  13.4    11     0.1     1   374.5   0.0  79.6  15.4 140.0    26      NE

Max >=  32.0:  0
Max <=   0.0:  0
Min <=   0.0:  0
Min <= -18.0:  0
Max Rain: 30.80 ON 26/12/13
Days of Rain: 20 (> .2 mm) 4 (> 2 mm) 1 (> 20 mm)
Heat Base:  18.3  Cool Base:  18.3  Method: Integration