NOAA-style Climate Reports

Select a Year or Month report

Report for 2014 Jan
                   MONTHLY CLIMATOLOGICAL SUMMARY for JAN. 2014

NAME: Vado la Lepre   CITY: Castelnuovo V.C.   STATE: Italia 
ELEV:   800 m  LAT:  43.2068 N  LONG:  10.8773 E

                   TEMPERATURE (C), RAIN  (mm), WIND SPEED (km/hr)

                                      HEAT  COOL        AVG
    MEAN                              DEG   DEG         WIND                 DOM
DAY TEMP  HIGH   TIME   LOW    TIME   DAYS  DAYS  RAIN  SPEED HIGH   TIME    DIR
------------------------------------------------------------------------------------
 1   3.9   7.6   14:35   1.4    0:40  14.4   0.0   0.0   5.8  22.5   22:40   NNE
 2   6.1   8.2   23:20   3.6    1:05  12.2   0.0   1.4  32.7  67.6   15:00    SW
 3   8.5   9.1   12:30   8.2    0:05   9.8   0.0   1.2  27.0  56.3   23:25    SW
 4   8.9   9.4   12:00   8.1    2:05   9.4   0.0   3.2  48.3  98.2   19:50    SW
 5   6.0   9.3    2:55   3.0   00:00  12.3   0.0  13.2  31.9  91.7    6:00   SSW
 6   6.2   8.8   13:30   2.4    2:05  12.1   0.0   0.2   7.1  32.2    1:15    NE
 7   6.9   8.9   12:25   5.6   22:30  11.4   0.0   0.2   9.2  20.9    2:25    SW
 8   6.8   8.9   14:10   5.5    2:10  11.5   0.0   0.0   7.1  20.9    5:55    SW
 9   6.2   9.3   14:00   5.3    7:00  12.1   0.0   0.2  15.0  43.5   23:35    SW
10   6.6   7.2   11:40   5.9   19:55  11.7   0.0   0.8  19.3  41.8    3:00    SW
11   7.4   9.4   12:20   5.9    0:15  10.9   0.0   0.0   7.1  22.5   12:25   SSW
12   7.3  10.6   12:15   5.9   00:00  11.0   0.0   0.0   5.1  16.1    9:40    NE
13   6.7   7.8   14:25   5.6    1:55  11.6   0.0   0.6  10.3  51.5   23:30   SSW
14   5.7   7.1    5:20   4.0   19:30  12.6   0.0   7.4  33.2  99.8    8:45   SSW
15   5.7   9.0   15:40   4.1    6:20  12.6   0.0   0.0   7.4  37.0    0:35   WSW
16   5.3   6.3   23:45   4.5    5:00  13.0   0.0   0.2  24.3  74.0   23:35   SSW
17   7.4   8.7   21:25   6.1    0:40  10.9   0.0  13.0  50.5  96.6    8:25   SSW
18   7.9   8.8    1:10   7.1   12:55  10.4   0.0   2.4  42.2  96.6   20:50     S
19   8.3   9.6   13:35   6.1   20:55  10.0   0.0   7.8  33.5  80.5   14:25   SSW
20   5.9   7.1   11:45   4.3   20:55   8.7   0.0   4.2  16.7  48.3    2:55   SSW
21   5.3   7.6   13:20   3.6    4:55  13.0   0.0   2.2   7.1  27.4    5:35    NE
22   4.6   6.0    0:05   3.0   19:15  13.6   0.0  43.4   5.8  22.5    9:05   WNW
23   4.8   6.1   10:35   3.3    3:10  13.5   0.0   7.8  15.0  41.8   21:35   SSE
24   2.6   5.6    0:05   0.0   21:45  15.7   0.0   4.4  13.4  48.3   21:50    NE
25   2.1   4.9   14:20  -0.3    7:50  16.2   0.0   0.0  16.4  53.1    5:20    NE
26   3.9   6.1   13:15   1.9    5:45  14.4   0.0   0.0  13.7  41.8   13:25    NE
27   3.1   5.2   11:20  -0.4   23:05  15.2   0.0   5.8  23.7  57.9    8:00   SSW
28  -0.4   3.4   13:55  -2.0   20:00  18.7   0.0   0.2   8.0  25.7    2:45    NE
29   2.2   5.0   13:35  -2.2    1:45  16.1   0.0   9.0  18.7  54.7   17:40   SSE
30   6.0   7.1   16:35   4.2    6:20  12.3   0.0  62.8  41.7 117.5   16:50   SSW
31   5.3   6.4    0:05   4.3    8:10  13.0   0.0  19.8  18.7  61.2    5:20   SSW
-------------------------------------------------------------------------------------
     5.6  10.6    12    -2.2    29   390.3   0.0 211.4  19.9 117.5    30     SSW

Max >=  32.0:  0
Max <=   0.0:  0
Min <=   0.0:  5
Min <= -18.0:  0
Max Rain: 62.80 ON 30/01/14
Days of Rain: 24 (> .2 mm) 14 (> 2 mm) 2 (> 20 mm)
Heat Base:  18.3  Cool Base:  18.3  Method: Integration