NOAA-style Climate Reports

Select a Year or Month report

Report for 2014 Mar
                   MONTHLY CLIMATOLOGICAL SUMMARY for MAR. 2014

NAME: Vado la Lepre   CITY: Castelnuovo V.C.   STATE: Italia 
ELEV:   800 m  LAT:  43.2068 N  LONG:  10.8773 E

                   TEMPERATURE (C), RAIN  (mm), WIND SPEED (km/hr)

                                      HEAT  COOL        AVG
    MEAN                              DEG   DEG         WIND                 DOM
DAY TEMP  HIGH   TIME   LOW    TIME   DAYS  DAYS  RAIN  SPEED HIGH   TIME    DIR
------------------------------------------------------------------------------------
 1   1.9   4.9    1:10  -0.1    8:45  16.4   0.0  32.8  24.1  83.7    1:50    SW
 2   3.3   7.8   15:20   0.7    8:20  15.0   0.0   0.0   8.4  25.7    4:25    NE
 3   4.0   7.4   13:55   1.9   23:45  14.3   0.0   3.4  18.0  61.2   20:35   SSW
 4   2.4   3.9   16:40   0.7    5:45  15.9   0.0   9.4  16.9  49.9    2:20   ENE
 5   3.8   6.3   16:50   1.7    5:35  14.5   0.0   1.0  18.0  43.5   13:10   ENE
 6   5.2   8.0   12:10   3.1    6:05  13.1   0.0   0.0  19.8  46.7   13:45   ENE
 7   7.2  12.4   14:20   2.9    6:45  11.1   0.0   0.0  13.4  40.2    1:30    NE
 8   6.7   9.9   14:05   4.1   22:25  11.6   0.0   0.6  21.2  54.7   20:05   ENE
 9   6.6  11.4   14:30   2.8    3:20  11.7   0.0   0.0  18.5  43.5    4:00    NE
10   5.0   7.6   13:20   3.1    4:20  13.3   0.0   0.0  16.7  45.1   18:05    NE
11   4.8   9.1   12:30   2.5    1:25  13.5   0.0   0.0  15.4  41.8   16:00    NE
12   6.9  11.3   15:15   2.2    4:20  11.4   0.0   0.0  11.3  40.2    0:10   ENE
13  10.3  15.1   14:40   6.9    4:10   8.0   0.0   0.0   7.9  30.6   16:55    NE
14  11.3  14.2   15:35   9.7   18:35   7.0   0.0   0.0   4.3  20.9   11:20   NNE
15   9.9  13.7   13:50   7.4   20:10   8.4   0.0   0.0  11.6  30.6   13:00   WSW
16  11.0  16.6   15:05   6.8    6:05   7.3   0.0   0.0   6.3  25.7   21:55   WNW
17  12.0  16.3   14:35   7.4    6:05   6.3   0.0   0.0   8.5  30.6    6:35   WSW
18  10.1  14.5   16:00   6.8    6:25   8.2   0.0   0.0  10.0  27.4   13:15   SSW
19   9.3  15.2   15:30   5.8    4:50   9.0   0.0   0.2   9.2  25.7   20:30    SW
20  12.6  16.4   14:55  10.0    5:05   5.7   0.0   0.2  13.0  33.8   12:40    SW
21  10.1  14.1   13:20   7.2   20:40   8.2   0.0   0.0  18.2  45.1   13:25    SW
22   8.2  10.3   14:15   7.2    1:55  10.1   0.0   1.0  26.1  80.5   23:20    SW
23   5.9   8.5    0:25   2.1   22:40  12.4   0.0  22.2  42.3 122.3    6:45    SW
24   2.6   6.4   11:45  -0.2    1:40  15.7   0.0   5.0  11.6  72.4    0:05    NE
25   3.8   7.8   12:45   0.8   18:25  14.5   0.0  10.0   9.5  38.6   19:00   ENE
26   3.4   7.9   14:20   1.0    0:05  14.8   0.0   1.2  15.6  48.3   23:00   ENE
27   4.3   5.6   12:10   2.8    3:55  14.0   0.0   6.4  20.8  49.9   16:25    NE
28   7.8  12.3   14:35   4.3    3:25  10.5   0.0   0.0  14.2  37.0    1:00    NE
29  10.3  15.7   14:35   7.2    2:45   7.9   0.0   0.0  14.2  40.2   10:10   ENE
30  11.6  15.2   16:00   9.3    0:25   6.4   0.0   0.0  12.2  27.4   15:50    SW
31  10.2  13.9   12:50   6.8   00:00   8.1   0.0   0.0  10.3  29.0   14:00    SW
-------------------------------------------------------------------------------------
     7.2  16.6    16    -0.2    24   344.4   0.0  92.4  15.1 122.3    23      NE

Max >=  32.0:  0
Max <=   0.0:  0
Min <=   0.0:  2
Min <= -18.0:  0
Max Rain: 32.80 ON 01/03/14
Days of Rain: 13 (> .2 mm) 7 (> 2 mm) 1 (> 20 mm)
Heat Base:  18.3  Cool Base:  18.3  Method: Integration