NOAA-style Climate Reports

Select a Year or Month report

Report for 2014 Apr
                   MONTHLY CLIMATOLOGICAL SUMMARY for APR. 2014

NAME: Vado la Lepre   CITY: Castelnuovo V.C.   STATE: Italia 
ELEV:   800 m  LAT: 43.2068 N  LONG: 10.8773 E

                   TEMPERATURE (C), RAIN  (mm), WIND SPEED (km/hr)

                                      HEAT  COOL        AVG
    MEAN                              DEG   DEG         WIND                 DOM
DAY TEMP  HIGH   TIME   LOW    TIME   DAYS  DAYS  RAIN  SPEED HIGH   TIME    DIR
------------------------------------------------------------------------------------
 1   8.4  12.6   14:10   6.3    3:40   9.9   0.0   0.0   8.4  27.4   15:45     W
 2   8.9  13.0   15:40   6.3    4:45   9.4   0.0   0.0  20.9  51.5   22:50   SSW
 3  10.7  14.2   13:20   8.4    7:40   7.6   0.0   0.0  20.4  53.1    3:25   SSW
 4   8.6  11.6    1:10   6.8    9:30   9.7   0.0  38.4  14.2  43.5    9:15    NE
 5   7.8  11.6   18:05   6.2    7:20  10.4   0.0   7.0  11.1  32.2   15:15    NE
 6  10.7  15.1   14:45   7.0    1:20   7.6   0.0   0.2  13.5  37.0   12:20    NE
 7  13.9  19.4   15:05   9.8    1:50   4.5   0.1   0.0   8.5  27.4    0:15    NE
 8  12.6  16.9   14:20   8.7   00:00   5.7   0.0   0.0   9.8  33.8   14:50   WNW
 9  10.8  15.3   15:35   8.5    0:20   7.5   0.0   0.0   9.2  30.6    4:25    NE
10  11.2  15.3   14:05   8.4   22:00   7.1   0.0   0.0  13.5  35.4   15:55    SW
11  11.2  17.1   14:10   8.0    6:40   7.1   0.0   0.0   6.3  22.5    1:30   WSW
12  10.3  15.4   16:25   7.4    6:45   6.9   0.0   0.0   6.0  29.0   17:00   SSW
13   9.8  12.6   14:45   8.3   22:50   8.5   0.0   4.6   4.3  25.7   17:10   NNE
14  11.5  14.9   13:35   8.7   23:55   6.8   0.0   0.0  17.1  41.8   15:15   SSW
15   8.8  13.8   12:50   4.9   23:55   9.5   0.0   2.8  10.3  46.7   13:30     N
16   6.4  10.4   15:30   1.9    7:10  11.9   0.0   0.0  15.0  43.5   13:35   NNE
17   7.5  12.2   16:30   3.2    4:15  10.8   0.0   0.0  10.0  33.8   12:00     N
18   8.4  12.3   15:10   5.6    6:15   9.9   0.0   0.0   8.2  29.0   15:00     N
19   7.9  10.7   15:00   6.7   22:55  10.4   0.0  26.8  18.7  59.5    7:15    SE
20   8.9  12.6   12:50   5.3    6:05   9.4   0.0   0.0   8.5  35.4   22:05   NNE
21  10.1  13.6   14:15   7.6    0:20   8.2   0.0   0.0  14.8  40.2   13:45   SSE
22  11.2  14.9   16:55   8.8    3:50   7.1   0.0   0.2   7.9  32.2   12:30     S
23  12.5  17.1   13:35   9.5    6:25   5.8   0.0   0.0   9.3  29.0   11:30     N
24  13.4  17.6   13:40   9.4    5:30   4.9   0.0   0.0   7.7  25.7   14:35     N
25  13.7  16.8   11:35  10.4    2:20   4.6   0.0   0.2   6.6  30.6   16:20   SSW
26  13.2  17.6   13:00   9.7    6:45   5.1   0.0   0.0   6.8  24.1   17:25     N
27   8.3  10.0    8:35   5.8   20:55  10.0   0.0  18.0   7.1  30.6    2:10     N
28   7.7   9.2   18:40   5.8   22:25  10.6   0.0   3.8  12.6  38.6   10:15    SW
29   8.1  10.7   18:10   5.2    1:00  10.2   0.0   7.8   6.1  25.7    0:05     N
30   9.9  13.4   16:10   7.6    0:50   8.4   0.0   0.4  12.7  46.7   18:30    SW
-------------------------------------------------------------------------------------
    10.1  19.4     7     1.9    16   245.6   0.1 110.2  10.8  59.5    19       N

Max >=  32.0:  0
Max <=   0.0:  0
Min <=   0.0:  0
Min <= -18.0:  0
Max Rain: 38.40 ON 04/04/14
Days of Rain: 12 (> .2 mm) 8 (> 2 mm) 2 (> 20 mm)
Heat Base:  18.3  Cool Base:  18.3  Method: Integration