NOAA-style Climate Reports

Select a Year or Month report

Report for 2014 May
                   MONTHLY CLIMATOLOGICAL SUMMARY for MAY. 2014

NAME: Vado la Lepre   CITY: Castelnuovo V.C.   STATE: Italia 
ELEV:   800 m  LAT: 43.2068 N  LONG: 10.8773 E

                   TEMPERATURE (C), RAIN  (mm), WIND SPEED (km/hr)

                                      HEAT  COOL        AVG
    MEAN                              DEG   DEG         WIND                 DOM
DAY TEMP  HIGH   TIME   LOW    TIME   DAYS  DAYS  RAIN  SPEED HIGH   TIME    DIR
------------------------------------------------------------------------------------
 1  10.1  13.6   13:50   7.4    6:05   8.2   0.0   0.0   4.7  19.3   18:55     N
 2   8.7  11.5   11:20   5.8   19:10   9.7   0.0  19.4  10.3  32.2   12:25   SSE
 3   8.1  10.5   17:30   6.5    0:05  10.2   0.0  11.2  12.7  37.0   11:20   NNE
 4   9.9  14.3   14:35   6.7    6:50   8.4   0.0   0.0  15.3  43.5   12:15   NNE
 5  11.4  16.8   17:00   6.7    5:30   6.9   0.0   0.0   8.2  29.0    7:35   NNE
 6  12.8  16.8   15:10  10.1    6:05   5.5   0.0   0.0   9.5  30.6   15:45    SW
 7  11.6  15.1   16:05   9.7   23:55   6.7   0.0   0.0  20.4  45.1   13:05     S
 8  13.4  18.2   15:40   8.9    3:05   4.9   0.0   0.0   5.3  24.1    0:05     N
 9  15.2  19.3   15:20  12.1   22:00   3.2   0.0   0.0   6.8  24.1   15:20    SW
10  15.1  19.3   15:05  11.2   23:55   3.3   0.1   0.0  10.8  30.6   14:20   SSW
11  12.9  16.4   15:20  10.2    4:15   5.4   0.0   0.0  21.7  70.8   20:40   SSW
12  11.3  14.4   15:15   8.8   21:35   7.0   0.0   0.0  16.3  53.1    2:40   SSW
13  10.9  14.3   12:55   5.6   00:00   7.4   0.0   1.6  15.8  45.1    8:50    SW
14  10.7  16.1   14:15   5.2    2:25   7.6   0.0   0.0  10.6  32.2    3:05     N
15  11.4  15.4   15:20   7.2    6:05   6.9   0.0   0.0   9.2  32.2   17:20     N
16  12.4  15.6   14:05   9.8    5:40   5.8   0.0   0.0   6.9  25.7   17:50     N
17  12.4  16.0   16:35   9.9    5:40   5.8   0.0   0.0   9.5  33.8   18:30   SSW
18  11.9  15.9   14:25   8.8    6:50   6.4   0.0   0.0  20.6  51.5   16:20     S
19  11.3  14.0   10:10   9.9    5:05   6.9   0.0   0.2  15.0  38.6   18:35   SSE
20  14.3  18.6   14:45  10.6    3:10   4.0   0.0   0.0   6.8  25.7   16:50   SSW
21  16.5  20.6   14:30  13.6    5:25   2.1   0.3   0.0  11.9  38.6   21:10   SSE
22  15.6  18.9   12:30  13.4    1:35   2.7   0.0   0.2  19.6  53.1   23:15   SSE
23  13.3  16.0   16:50  11.5   22:50   5.0   0.0   6.0  22.2  75.6    3:45     S
24  14.1  18.6   15:35   9.8    5:50   4.2   0.0   0.0   5.6  37.0   15:25     W
25  16.4  21.9   14:55  11.9    0:25   2.3   0.4   0.0   6.9  29.0   15:30   NNE
26  13.7  17.7   15:15   9.7   23:45   4.6   0.0   0.0   8.7  30.6   18:50   WSW
27  10.5  13.7   12:05   9.2    1:45   7.8   0.0   1.0  11.4  35.4   15:20    SW
28  12.2  16.5   14:55   9.3    0:35   6.2   0.0   0.0  10.1  32.2   13:35    SW
29  11.8  16.2   13:20   8.7    4:30   6.5   0.0   0.2   7.6  29.0   18:20     W
30  13.2  18.3   15:45   9.3    4:55   5.1   0.0   0.2   7.9  27.4    1:25    SW
31  11.3  12.9   18:15  10.2    5:35   7.0   0.0   0.8   8.4  25.7    9:45   NNE
-------------------------------------------------------------------------------------
    12.4  21.9    25     5.2    14   183.8   0.8  40.8  11.5  75.6    23       N

Max >=  32.0:  0
Max <=   0.0:  0
Min <=   0.0:  0
Min <= -18.0:  0
Max Rain: 19.41 ON 02/05/14
Days of Rain: 10 (> .2 mm) 3 (> 2 mm) 0 (> 20 mm)
Heat Base:  18.3  Cool Base:  18.3  Method: Integration