NOAA-style Climate Reports

Select a Year or Month report

Report for 2014 Jun
                   MONTHLY CLIMATOLOGICAL SUMMARY for JUN. 2014

NAME: Vado la Lepre   CITY: Castelnuovo V.C.   STATE: Italia 
ELEV:   800 m  LAT: 43.2068 N  LONG: 10.8773 E

                   TEMPERATURE (C), RAIN  (mm), WIND SPEED (km/hr)

                                      HEAT  COOL        AVG
    MEAN                              DEG   DEG         WIND                 DOM
DAY TEMP  HIGH   TIME   LOW    TIME   DAYS  DAYS  RAIN  SPEED HIGH   TIME    DIR
------------------------------------------------------------------------------------
 1  13.9  18.4   14:50   9.0    3:20   4.4   0.0   0.2   6.6  20.9    5:25     N
 2  15.7  20.1   15:35  11.7    4:15   2.8   0.2   0.0   6.4  24.1    8:20     N
 3  16.2  20.3   12:35  12.9    4:30   2.3   0.2   0.0   5.5  27.4   14:20     N
 4  15.4  19.6   13:10  12.7   23:50   3.0   0.1   0.0   8.7  30.6   18:00    SW
 5  16.2  21.1   15:20  12.1    2:10   2.6   0.5   0.0   9.0  32.2    3:00   SSW
 6  18.5  23.5   14:55  14.1    4:10   1.1   1.3   0.0   6.9  25.7   23:15   SSE
 7  21.2  25.3   15:00  17.8    2:55   0.0   2.9   0.0   7.6  24.1    1:00   SSW
 8  23.1  27.6   16:55  18.4    6:20   0.0   4.7   0.0   6.1  24.1    6:05     N
 9  24.1  28.3   15:25  21.3   00:00   0.0   5.8   0.0   5.8  19.3   17:00   ENE
10  23.4  27.3   14:45  20.6    1:40   0.0   5.1   0.0   6.0  22.5   15:10    SW
11  23.9  28.5   15:30  21.5    0:05   0.0   5.6   0.0   5.5  19.3   15:30     N
12  23.7  28.2   16:15  20.4    4:45   0.0   5.4   0.0   6.1  24.1   23:15     N
13  22.4  25.9   15:25  18.9    4:25   0.0   4.1   0.0   6.0  24.1   15:35    SW
14  19.4  24.1   16:25  13.6   18:15   0.5   1.6  16.0   7.4  38.6   17:50   NNE
15  13.8  16.2    0:05  12.6   21:30   4.5   0.0  10.6  15.6  40.2   16:25   NNE
16  12.8  17.0   13:00  10.3    5:30   5.5   0.0   2.4  12.9  33.8    9:15   NNE
17  14.1  17.8   13:20  10.3    4:50   4.2   0.0   0.2  12.7  29.0    6:15     N
18  15.0  19.8   12:40  11.1    4:25   3.4   0.1   0.0   8.9  33.8    8:30     N
19  15.7  20.0   13:25  12.4    5:20   2.7   0.1   0.0   7.7  29.0   16:45   NNE
20  16.4  21.2   15:30  12.8    5:50   2.4   0.5   0.0  11.4  32.2   18:00   SSW
21  18.3  22.9   14:50  14.9    0:35   1.1   1.1   0.0   9.8  32.2   19:25   SSW
22  18.4  22.7   14:30  15.4    3:15   0.9   1.1   0.0  16.1  37.0   15:05     S
23  19.1  24.4   17:30  16.6    4:15   0.3   1.1   0.2  22.4  48.3   12:50     S
24  18.6  22.4   13:35  16.2    5:00   0.7   1.0   0.0  27.5  64.4    6:20   SSE
25  17.2  20.3   13:35  14.8   23:55   1.2   0.1   0.2  17.4  49.9    0:05    SW
26  16.1  19.1   16:55  14.1    7:20   2.3   0.0   1.4   5.1  20.9    1:10     N
27  17.4  22.2   16:35  14.4    4:40   1.6   0.8   0.2   8.2  27.4   18:55    SW
28  18.4  22.9   13:40  14.1    2:20   1.2   1.3   0.2  10.8  38.6   23:35   SSW
29  17.7  21.6   13:00  13.7   23:40   1.2   0.6  14.4  29.3  62.8   12:30     S
30  15.9  19.9   15:10  12.8    6:20   2.6   0.2   0.2  16.7  46.7    5:15    SW
-------------------------------------------------------------------------------------
    18.1  28.5    11     9.0     1    52.5  45.7  46.2  10.9  64.4    24       N

Max >=  32.0:  0
Max <=   0.0:  0
Min <=   0.0:  0
Min <= -18.0:  0
Max Rain: 16.00 ON 14/06/14
Days of Rain: 12 (> .2 mm) 4 (> 2 mm) 0 (> 20 mm)
Heat Base:  18.3  Cool Base:  18.3  Method: Integration