NOAA-style Climate Reports

Select a Year or Month report

Report for 2014 Jul
                   MONTHLY CLIMATOLOGICAL SUMMARY for JUL. 2014

NAME: Vado la Lepre   CITY: Castelnuovo V.C.   STATE: Italia 
ELEV:   800 m  LAT: 43.2068 N  LONG: 10.8773 E

                   TEMPERATURE (C), RAIN  (mm), WIND SPEED (km/hr)

                                      HEAT  COOL        AVG
    MEAN                              DEG   DEG         WIND                 DOM
DAY TEMP  HIGH   TIME   LOW    TIME   DAYS  DAYS  RAIN  SPEED HIGH   TIME    DIR
------------------------------------------------------------------------------------
 1  16.8  22.2   14:15  13.1    3:40   2.1   0.6   0.2   6.6  19.3    1:25     N
 2  17.7  21.3   17:25  14.9   22:50   1.2   0.6   0.0  12.6  32.2   20:50     S
 3  19.8  25.6   15:35  15.1    3:45   0.7   2.2   0.0   6.9  22.5    0:15   SSW
 4  20.8  25.3   13:10  16.9   23:15   0.1   2.6   0.0  12.7  51.5   14:30    NE
 5  17.1  20.4   15:05  15.1   22:40   1.4   0.2   0.2  14.5  33.8   12:30    SW
 6  18.8  24.1   15:30  14.4    4:55   1.1   1.7   0.2   7.4  24.1   18:20   SSW
 7  19.2  22.9   13:25  14.4   00:00   0.3   1.3   2.8  16.6  66.0   21:35     S
 8  16.1  20.0   15:55  13.6    5:30   2.3   0.1   2.2  20.0  64.4   21:00   SSW
 9  15.3  19.0   14:00  13.7    5:00   3.0   0.0   0.0  22.4  53.1    1:05   SSW
10  13.3  16.9   15:55   8.1    3:10   5.0   0.0  15.6   9.5  43.5    3:00    SW
11  16.1  20.7   15:50  12.3    1:15   2.6   0.4   0.2   8.9  25.7   15:10    SW
12  16.6  20.3    9:40  14.3    0:35   2.0   0.2   0.0  10.6  61.2   17:20   SSE
13  15.7  19.3   14:30  13.4    5:10   2.6   0.0   0.6   7.4  27.4   16:15    SW
14  15.2  18.3   11:40  13.6   16:20   3.2   0.0   6.4   6.9  30.6   13:00   SSW
15  18.1  23.0   17:25  13.6    0:30   1.5   1.3   0.2   8.5  24.1    8:25     N
16  20.6  25.6   17:15  16.6    2:55   0.3   2.6   0.0   8.4  27.4    5:15     N
17  22.2  26.7   15:00  18.0    5:40   0.0   3.9   0.0   6.1  20.9    2:30     N
18  22.7  27.0   16:30  19.3    3:55   0.0   4.4   0.0   5.6  16.1   13:30     N
19  24.2  28.8   15:25  20.2    3:30   0.0   5.8   0.0   7.1  22.5   16:00   SSW
20  22.9  26.3   14:15  19.7   22:30   0.0   4.7   0.0  22.7  64.4   23:55     S
21  17.3  20.4    0:20  14.3   10:30   1.2   0.2  27.8  17.9  69.2    0:25   SSE
22  17.2  21.3   15:30  13.8    6:20   1.7   0.6  10.2   7.6  24.1   10:15     N
23  18.8  22.7   14:00  15.7    1:10   0.6   1.2   0.0   7.6  27.4   11:30     N
24  18.8  22.2   15:05  16.0   21:55   0.3   0.9   0.6   7.4  27.4   15:05   SSW
25  18.6  22.4   14:20  16.2    1:05   0.7   1.0   0.0  10.8  35.4   16:45   SSW
26  18.3  21.6   13:50  15.4   18:40   0.6   0.6  41.4  22.0  45.1   11:25     S
27  17.4  20.6   16:30  15.4    4:00   1.2   0.3  11.6   4.3  20.9   14:50     N
28  19.2  23.2   16:50  16.2    4:55   0.5   1.4   0.0   8.4  33.8   18:30   SSW
29  16.4  18.6    0:30  14.2   21:35   1.8   0.0  10.6   9.3  37.0   12:40     S
30  13.3  15.2   13:25  10.5    6:00   5.0   0.0  28.6  12.4  46.7    9:25   SSW
31  17.9  23.0   16:55  13.6    0:35   1.6   1.2   0.2   3.4  19.3   23:20     W
-------------------------------------------------------------------------------------
    18.1  28.8    19     8.1    10    44.7  39.9 159.6  10.7  69.2    21     SSW

Max >=  32.0:  0
Max <=   0.0:  0
Min <=   0.0:  0
Min <= -18.0:  0
Max Rain: 41.40 ON 26/07/14
Days of Rain: 18 (> .2 mm) 10 (> 2 mm) 3 (> 20 mm)
Heat Base:  18.3  Cool Base:  18.3  Method: Integration