NOAA-style Climate Reports

Select a Year or Month report

Report for 2014 Dec
                   MONTHLY CLIMATOLOGICAL SUMMARY for DEC. 2014

NAME: Vado la Lepre   CITY: Castelnuovo V.C.   STATE: Italia 
ELEV:   800 m  LAT: 43.2068 N  LONG: 10.8773 E

                   TEMPERATURE (C), RAIN  (mm), WIND SPEED (km/hr)

                                      HEAT  COOL        AVG
    MEAN                              DEG   DEG         WIND                 DOM
DAY TEMP  HIGH   TIME   LOW    TIME   DAYS  DAYS  RAIN  SPEED HIGH   TIME    DIR
------------------------------------------------------------------------------------
 1  11.2  14.1    0:05   9.6   23:25   7.1   0.0  10.2  24.6  78.9    4:50   SSE
 2   9.4  11.2   14:10   7.7   22:55   8.8   0.0   0.0  10.8  29.0    0:15    NE
 3   7.3   8.4   12:45   5.9   21:10  11.0   0.0   1.0  14.2  37.0   13:25     N
 4   8.8  11.1   10:00   7.5   22:50   9.5   0.0   6.4  13.0  30.6   10:05   SSE
 5   8.6  11.7   14:25   7.2    8:45   9.7   0.0   5.2  13.2  33.8    7:40    SE
 6   7.5  10.4   14:20   5.4   00:00  10.8   0.0   3.6  16.9  43.5    4:35   ESE
 7   5.1   6.1    4:55   2.6   22:35  13.2   0.0   0.6   9.7  27.4   19:10     N
 8   4.4   7.1   12:40   2.7    7:30  13.9   0.0   0.2  10.6  30.6    3:15     N
 9   3.3   6.1   13:10   1.3   23:15  15.0   0.0   0.0  22.2  61.2   11:05     N
10   3.1   5.3   13:20   0.9    7:30  15.2   0.0   0.0  16.7  43.5    1:10     N
11   6.3  10.3   13:05   4.7    0:05  11.9   0.0   0.0   4.0  19.3   12:55   NNW
12   6.7   9.6   13:50   5.2    1:40  11.6   0.0   0.0   9.3  37.0   11:45   SSW
13   7.8   9.4   11:35   6.7    3:55  10.5   0.0   0.0  27.0  57.9   20:50   SSE
14   8.6   9.8   13:50   7.4    2:35   9.7   0.0   0.2  27.5  51.5    2:40   SSE
15   8.8  10.7   14:15   7.5   23:15   9.5   0.0  11.0  22.2  48.3    9:50    SE
16   6.7   8.4   12:10   5.4   22:30  11.6   0.0  23.2  13.2  49.9    4:45    SE
17   7.2   9.2   14:05   5.2    5:35  11.1   0.0   0.0   5.8  24.1   10:45     N
18   8.3  11.4   12:30   6.1    5:15  10.0   0.0   0.0   4.2  19.3   22:40     N
19   8.2   9.9   14:10   7.2   22:30  10.1   0.0   0.0  10.8  25.7    8:35   SSW
20   9.2  11.6   13:25   7.8   23:35   9.1   0.0   0.0   3.7  19.3    2:15     S
21   8.8  10.7   20:55   7.2    5:30   9.5   0.0   0.0   5.8  27.4   14:00    NE
22   7.7   9.3    0:10   6.6    5:30  10.6   0.0   0.0  15.4  32.2   13:00   SSW
23   7.4   8.0   12:35   7.0    6:35  10.8   0.0   0.0  10.9  24.1   16:25   SSW
24   7.2   8.7   14:45   6.5    6:35  11.2   0.0   0.0  11.9  25.7   22:35    SW
25   7.2  10.2   13:50   6.3   23:30  11.1   0.0   0.0   9.0  29.0    6:05     S
26   4.1   6.6    0:05   0.8   22:20  14.2   0.0   0.0  11.1  37.0    9:30     N
27   2.7   4.8   18:25   1.2    2:05  15.6   0.0  24.4  28.5 101.4   17:40     S
28  -0.8   2.6    0:05  -2.9   23:50  19.1   0.0   0.0  16.9  53.1   14:40     N
29  -1.1   1.5   13:00  -2.9    6:55  19.4   0.0   0.0  17.5  56.3    1:05     N
30  -3.2  -0.6    0:15  -5.4   00:00  21.5   0.0   0.0  12.2  40.2    0:40     N
31  -5.0  -3.3   13:25  -5.9    5:15  23.2   0.0   0.0  16.9  62.8   12:20     N
-------------------------------------------------------------------------------------
     5.8  14.1     1    -5.9    31   385.7   0.0  86.0  14.1 101.4    27       N

Max >=  32.0:  0
Max <=   0.0:  2
Min <=   0.0:  4
Min <= -18.0:  0
Max Rain: 24.41 ON 27/12/14
Days of Rain: 11 (> .2 mm) 7 (> 2 mm) 2 (> 20 mm)
Heat Base:  18.3  Cool Base:  18.3  Method: Integration