NOAA-style Climate Reports

Select a Year or Month report

Report for 2015 Feb
                   MONTHLY CLIMATOLOGICAL SUMMARY for FEB. 2015

NAME: Vado la Lepre   CITY: Castelnuovo V.C.   STATE: Italia 
ELEV:   800 m  LAT: 43.2068 N  LONG: 10.8773 E

                   TEMPERATURE (C), RAIN  (mm), WIND SPEED (km/hr)

                                      HEAT  COOL        AVG
    MEAN                              DEG   DEG         WIND                 DOM
DAY TEMP  HIGH   TIME   LOW    TIME   DAYS  DAYS  RAIN  SPEED HIGH   TIME    DIR
------------------------------------------------------------------------------------
 1   1.1   2.8   14:35  -0.7   10:50  17.2   0.0   6.6  12.7  38.6    5:00   SSW
 2   1.8   4.8   12:40  -0.1   23:45  16.5   0.0   0.0   8.5  38.6   23:45    SE
 3   1.1   2.4   13:45  -0.4    1:30  17.2   0.0   2.2  16.9  48.3   23:20    SE
 4   1.8   3.8   15:50   0.1    2:40  16.5   0.0   8.0  17.7  48.3   22:10   NNE
 5   1.9   3.9   12:00  -0.2   23:45  16.3   0.0  17.0  15.8  43.5    2:35    NE
 6  -0.8   0.7   19:50  -2.2    5:15  19.1   0.0   3.2  13.7  32.2   19:25     N
 7  -0.7   0.6   14:50  -2.9   00:00  19.0   0.0   0.8  19.0  45.1    6:25     N
 8   0.6   3.6   16:05  -3.0    0:10  17.7   0.0   1.0  10.6  41.8   20:30     N
 9  -0.5   3.4   13:45  -4.3    6:55  18.8   0.0   0.0  10.6  43.5    2:00     N
10   6.1   9.6   14:50   2.5    0:05  12.2   0.0   0.0   5.0  27.4    2:05     N
11   8.5  11.7   11:50   4.8    0:35   9.8   0.0   0.0   7.6  29.0   13:15   NNE
12   8.2  11.7   12:40   6.3    2:10  10.2   0.0   0.0   6.0  30.6    0:25   SSW
13   5.6   8.6   14:00   4.3    6:30  12.8   0.0   7.6   9.3  27.4   13:50     S
14   4.6   6.1   12:50   3.6    4:20  13.8   0.0   1.8  28.0  57.9   21:15   SSE
15   4.4   5.8   15:15   3.6    4:35  13.9   0.0   6.0  23.7  54.7   10:55    SE
16   4.8   6.6   15:30   3.1    3:55  13.5   0.0   5.0  16.3  38.6   19:50     N
17   5.9   9.9   13:55   1.6   23:55  12.4   0.0   0.0  19.0  46.7   18:50     N
18   2.3   6.3   14:20  -0.6    5:20  16.0   0.0   0.0  21.6  51.5    9:45     N
19   3.8   8.7   15:35  -0.3    5:45  14.5   0.0   0.0  13.5  46.7    1:20   SSE
20   3.9   7.4   11:40   1.6    7:00  14.4   0.0   0.4  10.3  32.2   23:35     S
21   3.2   4.3   00:00   2.0   20:30  15.1   0.0   7.2  28.5  78.9   16:35   SSE
22   4.7   6.8   13:55   3.3   19:15  13.6   0.0   5.4  15.6  64.4    0:10     N
23   5.3  10.3   14:05   2.4    6:20  13.0   0.0   0.0  11.1  40.2    0:45     N
24   5.1   7.9   10:35   2.3   23:55  13.2   0.0  10.0  10.9  51.5   23:25     N
25   2.8   4.7   16:40   1.2    7:25  15.5   0.0   0.2  24.5  64.4    2:20     N
26   3.7   8.5   13:30   1.1    5:25  14.6   0.0   0.0  19.3  41.8    2:55     N
27   4.9   9.5   15:00   2.2    5:25  13.4   0.0   0.0  10.3  29.0    4:20     N
28   5.7   9.3   15:00   2.9    5:25  12.6   0.0   0.0   5.5  16.1    5:00     N
-------------------------------------------------------------------------------------
     3.6  11.7    11    -4.3     9   413.0   0.0  82.4  14.7  78.9    21       N

Max >=  32.0:  0
Max <=   0.0:  0
Min <=   0.0: 10
Min <= -18.0:  0
Max Rain: 16.99 ON 05/02/15
Days of Rain: 16 (> .2 mm) 11 (> 2 mm) 0 (> 20 mm)
Heat Base:  18.3  Cool Base:  18.3  Method: Integration