NOAA-style Climate Reports

Select a Year or Month report

Report for 2015 Mar
                   MONTHLY CLIMATOLOGICAL SUMMARY for MAR. 2015

NAME: Vado la Lepre   CITY: Castelnuovo V.C.   STATE: Italia 
ELEV:   800 m  LAT: 43.2068 N  LONG: 10.8773 E

                   TEMPERATURE (C), RAIN  (mm), WIND SPEED (km/hr)

                                      HEAT  COOL        AVG
    MEAN                              DEG   DEG         WIND                 DOM
DAY TEMP  HIGH   TIME   LOW    TIME   DAYS  DAYS  RAIN  SPEED HIGH   TIME    DIR
------------------------------------------------------------------------------------
 1   5.5   8.1   15:35   4.2    6:05  12.8   0.0   0.0  13.2  43.5   00:00    SW
 2   8.7  12.2   14:30   5.6    0:35   9.6   0.0   1.8  32.5  67.6   20:50     S
 3   8.2  12.4   13:10   5.3   23:20  10.1   0.0   0.0  12.4  43.5    0:05    SW
 4   6.8   9.2   10:05   3.3   00:00  11.5   0.0  13.4  15.4  41.8   23:45     S
 5   1.6   3.3    0:05  -0.4    5:35  16.7   0.0   9.4  31.4  75.6    6:20     N
 6   2.5   5.6   14:30   0.1    6:00  15.8   0.0   0.0  23.2  72.4    7:25     N
 7   2.7   7.6   14:50  -1.3    4:40  15.7   0.0   0.0  16.1  45.1    3:55     N
 8   2.7   7.4   12:50  -0.8    6:35  15.6   0.0   0.0  18.3  43.5    7:10     N
 9   3.4   8.2   14:30  -0.4    6:25  14.9   0.0   0.0  13.0  41.8    1:10     N
10   5.2  10.5   14:30   0.2    5:30  13.1   0.0   0.0   9.7  32.2    7:10     N
11   6.4  10.1   14:55   4.4    3:45  11.9   0.0   0.0   7.6  27.4   14:55   NNW
12   4.8   8.1   14:45   1.6    7:10  13.5   0.0   0.2  14.8  46.7   11:35     N
13   5.9  10.3   13:45   2.3    4:35  12.4   0.0   0.0   6.0  24.1    0:10     N
14   6.8  10.5   15:45   4.5    2:00  11.4   0.0   0.0   7.6  32.2   23:40     N
15   4.7   5.9    1:25   3.5   15:00  13.6   0.0   4.6  18.5  51.5   15:05    NE
16   5.1   5.8   10:40   4.2    0:05  13.2   0.0  15.6  15.3  43.5    1:40    NE
17   6.7   8.2   14:40   5.7    0:05  11.6   0.0  11.6  15.1  38.6   20:05     N
18   7.9  13.2   15:40   3.2    5:40  10.3   0.0   0.0  10.3  32.2    8:30   NNE
19   9.8  13.7   16:05   7.2    0:05   8.5   0.0   0.0   2.9  17.7   23:05   NNE
20   9.7  13.9   13:45   6.7   21:45   8.6   0.0   0.0   9.3  32.2   14:55     N
21   6.8   9.2   10:55   5.0   00:00  11.5   0.0   0.0  16.3  41.8   10:15   SSE
22   6.4  10.6   14:15   4.2    7:15  11.8   0.0   0.0  16.6  41.8   19:50     N
23   8.2  13.2   13:00   4.3    0:05  10.1   0.0   0.0  12.6  40.2    3:30     N
24   8.7  10.9   13:15   7.1    5:10   9.7   0.0   0.0  12.4  40.2    5:05    SE
25   7.8   8.8   22:40   6.5    6:10  10.5   0.0  39.4  18.5  99.8   23:30     N
26   7.9   8.9   15:00   6.9   22:40  10.4   0.0   7.2  21.1  98.2    0:30   SSE
27   6.3   8.5   12:30   4.8   21:45  12.0   0.0   4.0  12.6  53.1   16:35     N
28   8.5  12.7   15:55   4.7    2:30   9.8   0.0   0.0  15.8  49.9    4:25     N
29  10.6  15.1   13:10   7.9    6:20   7.4   0.0   0.0  10.8  32.2   15:40     S
30   9.8  13.1   13:45   7.3    4:55   8.5   0.0   0.0  16.1  57.9   15:50    SW
31  11.2  15.8   14:15   8.7    5:30   7.1   0.0   0.0  23.8  72.4   22:00   SSW
-------------------------------------------------------------------------------------
     6.7  15.8    31    -1.3     7   359.4   0.0 107.2  15.1  99.8    25       N

Max >=  32.0:  0
Max <=   0.0:  0
Min <=   0.0:  4
Min <= -18.0:  0
Max Rain: 39.40 ON 25/03/15
Days of Rain: 10 (> .2 mm) 8 (> 2 mm) 1 (> 20 mm)
Heat Base:  18.3  Cool Base:  18.3  Method: Integration