NOAA-style Climate Reports

Select a Year or Month report

Report for 2015 Apr
                   MONTHLY CLIMATOLOGICAL SUMMARY for APR. 2015

NAME: Vado la Lepre   CITY: Castelnuovo V.C.   STATE: Italia 
ELEV:   800 m  LAT: 43.2068 N  LONG: 10.8773 E

                   TEMPERATURE (C), RAIN  (mm), WIND SPEED (km/hr)

                                      HEAT  COOL        AVG
    MEAN                              DEG   DEG         WIND                 DOM
DAY TEMP  HIGH   TIME   LOW    TIME   DAYS  DAYS  RAIN  SPEED HIGH   TIME    DIR
------------------------------------------------------------------------------------
 1  10.1  14.5   15:20   7.6    6:45   8.2   0.0   0.0  16.1  59.5    0:05    SW
 2   9.7  14.3   14:45   6.9   22:10   8.7   0.0   0.0  17.1  49.9   15:40     N
 3   9.4  13.1   16:35   6.1    6:00   8.8   0.0   0.0   7.6  32.2   11:50     N
 4   6.0   9.3    0:05   2.9   23:55  12.3   0.0  17.4  21.4  62.8   15:25   SSE
 5   3.0   5.1   16:10   1.7   23:10  15.3   0.0   0.6  19.0  53.1   13:50     N
 6   3.1   6.8   15:05  -0.3    5:50  15.2   0.0   0.0  16.3  49.9   11:05     N
 7   3.6   7.6   15:15  -0.3    7:20  14.7   0.0   0.0  13.7  56.3   12:55     N
 8   7.1  11.8   15:00   2.7    1:20  11.3   0.0   0.0   7.1  25.7   16:05     N
 9  10.4  15.8   16:45   4.4    6:25   7.8   0.0   0.0   6.1  22.5   14:35     N
10  11.0  14.2   12:40   7.6   20:50   7.3   0.0   0.0  13.4  35.4   17:25     N
11   7.3  11.6   16:20   5.1    4:40  11.0   0.0   0.0  17.2  38.6    3:35   SSE
12  11.3  17.8   15:30   5.8    2:40   7.0   0.0   0.2   6.4  25.7   12:40     N
13  14.1  18.3   13:30  10.9   23:25   4.3   0.0   0.0   4.5  20.9   14:15     W
14  12.8  16.6   16:15  10.7    6:10   5.5   0.0   0.0   9.8  35.4    9:40   WSW
15  14.8  18.6   15:25  11.7    0:05   3.5   0.0   0.0  11.6  32.2   12:05     N
16  13.4  17.6   13:30  11.0   20:20   4.9   0.0   0.0  16.9  54.7   18:40     N
17  10.8  13.1   17:25   8.7   14:50   7.5   0.0   1.2  27.0  61.2    7:30     N
18  11.0  15.3   15:20   9.1    1:15   7.3   0.0   0.2  11.1  32.2   13:00   SSW
19   7.3  11.4   15:45   4.8    5:40  11.0   0.0   0.0  17.7  45.1    2:00     N
20   9.9  16.2   16:30   4.8    6:10   8.4   0.0   0.0  10.9  38.6    8:30     N
21  13.4  18.8   14:55   8.7    1:00   4.8   0.0   0.0   7.2  24.1   16:35     N
22  14.4  19.1   15:00  11.2   23:25   3.9   0.0   0.0  11.9  32.2   16:40     N
23  11.8  14.6   13:05   8.6   23:50   6.5   0.0   0.0  18.5  54.7   15:10     N
24  11.2  14.9   17:10   8.4    0:10   7.1   0.0   0.2  13.7  41.8    0:25   SSW
25  12.7  15.9   16:00  10.0   21:25   5.6   0.0   0.0  10.9  35.4   16:15   SSW
26  11.5  14.0   14:25   9.7    8:40   6.8   0.0   0.8  17.1  51.5   23:45     N
27   9.6  10.6   14:35   7.2   21:30   8.7   0.0  24.2  31.5  77.2    9:40   SSE
28   9.6  12.5   15:10   7.3    0:55   8.7   0.0   7.8   6.9  33.8    0:55   WSW
29  10.8  15.6   13:15   7.6   23:30   7.5   0.0   2.4   7.7  27.4   17:10     N
30   9.8  14.5   16:30   7.6    2:30   8.5   0.0   0.0  13.4  41.8   18:05   SSW
-------------------------------------------------------------------------------------
    10.0  19.1    22    -0.3     6   248.1   0.0  55.0  13.7  77.2    27       N

Max >=  32.0:  0
Max <=   0.0:  0
Min <=   0.0:  2
Min <= -18.0:  0
Max Rain: 24.21 ON 27/04/15
Days of Rain: 10 (> .2 mm) 4 (> 2 mm) 1 (> 20 mm)
Heat Base:  18.3  Cool Base:  18.3  Method: Integration