NOAA-style Climate Reports

Select a Year or Month report

Report for 2015 Jun
                   MONTHLY CLIMATOLOGICAL SUMMARY for JUN. 2015

NAME: Vado la Lepre   CITY: Castelnuovo V.C.   STATE: Italia 
ELEV:   800 m  LAT: 43.2068 N  LONG: 10.8773 E

                   TEMPERATURE (C), RAIN  (mm), WIND SPEED (km/hr)

                                      HEAT  COOL        AVG
    MEAN                              DEG   DEG         WIND                 DOM
DAY TEMP  HIGH   TIME   LOW    TIME   DAYS  DAYS  RAIN  SPEED HIGH   TIME    DIR
------------------------------------------------------------------------------------
 1  18.1  22.2   14:15  15.2    1:10   1.1   0.9   0.0   4.2  22.5   13:40   SSW
 2  17.8  22.2   14:20  14.7    4:00   1.3   0.8   0.0   6.0  22.5   15:20   WSW
 3  19.0  23.1   14:40  15.2    2:10   0.8   1.5   0.0   3.7  19.3   14:40   NNW
 4  21.8  25.8   14:40  18.3    4:05   0.0   3.6   0.0   6.0  19.3   13:30     N
 5  22.5  26.9   18:35  17.7    4:55   0.0   4.2   0.2   7.4  25.7    8:40     N
 6  22.2  26.2   12:20  19.3    1:50   0.0   3.9   0.0   7.6  25.7    1:30     N
 7  22.9  27.8   16:25  19.2   22:10   0.0   4.6   0.0   4.7  35.4   21:30     N
 8  20.6  25.1   13:45  14.6   23:10   0.3   2.6  15.2   6.9  38.6   22:20     N
 9  17.8  20.7   17:30  15.4   14:30   0.8   0.3   9.4   5.5  27.4   14:15     S
10  19.2  23.2   12:50  16.7    5:20   0.3   1.2   0.0   6.6  29.0   16:40     N
11  20.1  23.3   15:00  17.4    0:05   0.0   1.8  18.0   6.4  24.1   22:20     S
12  18.9  21.1   12:50  17.2   21:15   0.1   0.7   0.0  19.0  48.3    9:40   SSE
13  19.7  22.7   13:10  17.3    0:05   0.1   1.5   0.0  19.5  53.1   13:20   SSE
14  16.8  19.4    0:05  13.5   12:35   1.5   0.0  12.4  13.8  43.5   10:05   SSW
15  16.3  19.7   12:30  14.7    4:35   2.1   0.1   2.8   8.2  24.1   13:45    SW
16  16.1  20.3   12:40  14.1    6:05   2.3   0.1   5.6   4.5  19.3   15:05     N
17  15.3  19.4   13:20  12.3   00:00   3.0   0.0   0.2   7.4  27.4   12:20     N
18  16.1  20.6   14:35  12.2    1:50   2.5   0.4   0.0   7.6  24.1    4:20     N
19  17.7  21.8   16:05  14.7   00:00   1.2   0.6   0.0   8.9  29.0   17:45   NNW
20  16.9  21.6   16:00  13.6    1:35   1.9   0.5   0.0   5.5  24.1   16:05     N
21  16.8  21.3   14:45  11.9    5:40   2.1   0.6   0.0   6.9  32.2    2:55    NE
22  17.8  21.4   14:30  14.8   22:30   1.0   0.6   0.0  14.5  53.1   17:30     S
23  17.4  21.4   14:50  14.8    1:10   1.5   0.6   0.0  23.3  48.3   14:00   SSE
24  16.7  21.4   14:50  12.1    7:05   2.1   0.5   0.2  12.1  38.6    0:10     N
25  16.9  22.4   18:15  12.2    3:25   2.3   1.0   0.0  10.6  37.0    8:35     N
26  18.9  23.3   15:35  15.4    5:35   0.7   1.3   0.0   7.4  27.4   16:25     N
27  20.0  23.8   14:05  17.1    4:20   0.2   1.9   0.0   6.6  25.7   14:45   SSW
28  21.1  25.5   15:20  16.7    5:00   0.2   3.0   0.0   6.0  19.3    2:35     N
29  22.2  25.6   17:10  19.5    0:35   0.0   3.9   0.0   5.1  25.7   15:05   SSW
30  22.8  26.8   14:45  19.4    5:55   0.0   4.5   0.0   4.2  22.5   15:00     N
-------------------------------------------------------------------------------------
    18.9  27.8     7    11.9    21    29.6  47.5  64.0   8.5  53.1    13       N

Max >=  32.0:  0
Max <=   0.0:  0
Min <=   0.0:  0
Min <= -18.0:  0
Max Rain: 18.01 ON 11/06/15
Days of Rain: 9 (> .2 mm) 6 (> 2 mm) 0 (> 20 mm)
Heat Base:  18.3  Cool Base:  18.3  Method: Integration