NOAA-style Climate Reports

Select a Year or Month report

Report for 2015 Jul
                   MONTHLY CLIMATOLOGICAL SUMMARY for JUL. 2015

NAME: Vado la Lepre   CITY: Castelnuovo V.C.   STATE: Italia 
ELEV:   800 m  LAT: 43.2068 N  LONG: 10.8773 E

                   TEMPERATURE (C), RAIN  (mm), WIND SPEED (km/hr)

                                      HEAT  COOL        AVG
    MEAN                              DEG   DEG         WIND                 DOM
DAY TEMP  HIGH   TIME   LOW    TIME   DAYS  DAYS  RAIN  SPEED HIGH   TIME    DIR
------------------------------------------------------------------------------------
 1  23.4  26.8   14:15  19.8    1:40   0.0   5.1   0.0   5.3  25.7   16:45   SSW
 2  24.4  27.9   14:55  21.6   23:10   0.0   6.1   0.0   5.3  29.0   18:00   SSW
 3  24.8  29.6   15:30  20.1    6:50   0.0   6.5   0.0   6.3  24.1   21:50     N
 4  25.8  30.4   15:35  22.2    4:15   0.0   7.5   0.0   5.8  22.5   17:20     N
 5  26.1  30.8   15:10  21.4   23:50   0.0   7.7   0.0   7.4  24.1   17:20   SSW
 6  24.8  29.5   14:55  20.8    3:30   0.0   6.5   0.0   5.5  24.1    0:35    NW
 7  25.4  30.2   14:00  21.2   23:30   0.0   7.2   0.0   8.4  25.7   14:50   SSW
 8  23.4  27.8   14:50  19.9   21:45   0.0   5.1   0.0  11.4  33.8   15:45   SSW
 9  22.8  27.6   15:00  18.4    5:55   0.0   4.5   0.0   8.5  25.7    0:30     N
10  21.3  26.2   16:00  15.8    5:50   0.3   3.3   0.0  12.9  38.6    9:45     N
11  23.4  27.4   13:40  19.4   22:50   0.0   5.1   0.0   7.2  30.6   12:40   SSW
12  23.2  28.8   14:40  19.8    5:40   0.0   4.9   0.0   7.6  29.0   16:40   SSW
13  22.7  26.7   16:30  19.3    5:25   0.0   4.4   0.0   4.8  24.1   16:50   SSW
14  24.6  29.4   15:40  20.3    5:40   0.0   6.3   0.0   4.7  20.9   15:00   SSW
15  26.4  30.4   14:50  23.2   23:45   0.0   8.2   0.0   6.8  32.2   16:25   SSW
16  25.9  30.3   15:05  23.1    3:00   0.0   7.6   0.0  12.2  37.0   13:35     S
17  25.7  30.1   16:05  21.9   21:35   0.0   7.4   0.0  10.0  38.6   13:50   SSW
18  25.7  30.9   16:15  21.3    5:50   0.0   7.4   0.0   7.4  24.1   15:40   SSW
19  25.9  30.9   14:35  23.1    4:45   0.0   7.6   0.0   8.0  30.6   12:30    SW
20  25.5  30.5   13:45  21.6    5:25   0.0   7.2   0.0   5.1  24.1   14:55     N
21  25.8  30.8   15:45  22.1    5:50   0.0   7.5   0.0   6.4  25.7   15:15     N
22  26.4  31.6   12:50  21.5   00:00   0.0   8.1   0.0   6.3  32.2   13:10     N
23  24.2  29.9   14:10  20.0    6:00   0.0   5.9   0.2   4.5  20.9   16:10     N
24  24.6  29.2   12:50  20.8   23:40   0.0   6.3   0.4   5.3  32.2   23:40     N
25  21.9  26.1   17:20  19.7    4:35   0.0   3.6   0.0   9.5  33.8   18:05   SSW
26  21.3  27.7   16:15  16.4   23:30   0.2   3.2   0.0   7.6  27.4   16:20     N
27  20.1  25.3   16:05  15.8    5:15   0.6   2.4   0.0  13.4  48.3   15:55   SSW
28  21.2  27.2   14:15  15.8   00:00   0.2   3.1   0.0   7.7  37.0    1:30    SW
29  20.9  25.9   15:15  15.6    1:00   0.3   2.9   0.0  14.8  54.7   19:20    SW
30  22.5  27.6   14:40  18.9    0:05   0.0   4.2   0.0  13.2  41.8   13:05   SSW
31  22.0  25.8   16:05  18.1    6:20   0.0   3.7   0.0   6.4  22.5   23:25     N
-------------------------------------------------------------------------------------
    23.9  31.6    22    15.6    29     1.7 176.3   0.6   7.9  54.7    29     SSW

Max >=  32.0:  0
Max <=   0.0:  0
Min <=   0.0:  0
Min <= -18.0:  0
Max Rain: 0.41 ON 24/07/15
Days of Rain: 2 (> .2 mm) 0 (> 2 mm) 0 (> 20 mm)
Heat Base:  18.3  Cool Base:  18.3  Method: Integration