NOAA-style Climate Reports

Select a Year or Month report

Report for 2015 Aug
                   MONTHLY CLIMATOLOGICAL SUMMARY for AUG. 2015

NAME: Vado la Lepre   CITY: Castelnuovo V.C.   STATE: Italia 
ELEV:   800 m  LAT: 43.2068 N  LONG: 10.8773 E

                   TEMPERATURE (C), RAIN  (mm), WIND SPEED (km/hr)

                                      HEAT  COOL        AVG
    MEAN                              DEG   DEG         WIND                 DOM
DAY TEMP  HIGH   TIME   LOW    TIME   DAYS  DAYS  RAIN  SPEED HIGH   TIME    DIR
------------------------------------------------------------------------------------
 1  21.6  27.8   12:55  16.8   23:25   0.2   3.4   1.0  10.9  49.9   19:15     S
 2  21.4  26.2   15:40  16.4    6:30   0.1   3.2   0.0   6.3  29.0   13:50   SSW
 3  22.5  27.8   14:55  17.6    6:15   0.0   4.2   0.0   7.4  20.9   12:30     N
 4  23.6  29.1   14:30  19.3    4:55   0.0   5.2   0.0   8.4  27.4   13:30     N
 5  24.8  30.3   13:05  19.9    6:20   0.0   6.5   0.0   7.1  19.3    4:10     N
 6  25.7  31.6   15:00  20.1    6:15   0.0   7.4   0.0   9.2  29.0    9:50     N
 7  26.0  31.9   16:25  20.1    6:10   0.0   7.7   0.0   9.8  29.0   22:45     N
 8  27.0  31.9   16:00  23.8    5:35   0.0   8.7   0.0   7.9  27.4   16:40     N
 9  24.2  29.7   12:50  18.3   23:30   0.0   5.9   2.8   6.8  45.1   13:25     S
10  17.8  20.8    0:05  14.7   12:20   0.8   0.3  13.6   8.9  46.7   11:55     N
11  19.9  25.9   16:50  15.1    3:35   0.7   2.3   2.4   9.7  32.2    2:35     N
12  23.2  28.9   16:15  18.6    5:05   0.0   4.9   0.0   9.2  27.4   13:40     N
13  25.6  30.9   16:00  21.4    3:45   0.0   7.2   0.0   6.6  22.5    2:20     N
14  23.6  27.5   13:15  18.9   00:00   0.0   5.3   0.0   6.0  30.6   14:40   SSW
15  18.8  23.8   15:20  16.1   22:40   0.5   1.1   0.0   5.0  27.4   16:25   NNW
16  16.4  20.9   16:35  14.3    4:30   2.1   0.2  11.4   6.1  24.1   19:35     N
17  17.0  22.0   14:20  13.7    2:35   1.9   0.6   0.2  14.8  37.0    7:30   SSW
18  18.5  24.0   15:45  14.6    3:25   1.2   1.4   0.6   7.7  29.0   12:50     N
19  17.6  22.2   15:50  14.8    5:20   1.4   0.7   1.0   8.7  33.8   17:15   SSW
20  17.8  22.4   17:40  13.8    6:10   1.4   0.9   0.0   6.1  30.6   10:05     N
21  19.0  23.5   13:50  15.4   00:00   0.7   1.4   0.0   6.3  27.4   21:10     N
22  18.2  23.8   16:20  13.2    6:15   1.6   1.4   0.0   7.1  25.7    1:05     N
23  19.4  23.9   15:25  17.1   22:05   0.3   1.4   0.0  16.3  46.7   23:35   SSE
24  19.0  22.4   14:50  16.2   22:00   0.3   1.0 149.0  25.9  69.2    2:50     S
25  18.7  22.3   15:00  14.8   00:00   0.6   0.9   0.0  14.0  33.8    2:20    SW
26  19.7  24.6   17:25  14.4    2:10   0.7   2.1   0.0   6.6  20.9   11:15     N
27  21.7  25.5   16:25  18.2    0:05   0.0   3.4   0.0   5.1  22.5   15:00     S
28  22.3  27.1   15:20  19.7    6:50   0.0   4.0   0.0   4.2  17.7   15:55     N
29  23.9  29.0   15:15  20.0    0:05   0.0   5.7   0.0   6.4  22.5   15:40     N
30  24.1  27.6   15:40  21.7    4:05   0.0   5.8   0.0   7.2  27.4   14:05     N
31  24.5  27.7   15:30  21.0    6:25   0.0   6.2   0.0   4.3  24.1   13:25    SW
-------------------------------------------------------------------------------------
    21.4  31.9     7    13.2    22    14.5 110.5 182.0   8.6  69.2    24       N

Max >=  32.0:  0
Max <=   0.0:  0
Min <=   0.0:  0
Min <= -18.0:  0
Max Rain: 149.00 ON 24/08/15
Days of Rain: 9 (> .2 mm) 5 (> 2 mm) 1 (> 20 mm)
Heat Base:  18.3  Cool Base:  18.3  Method: Integration