NOAA-style Climate Reports

Select a Year or Month report

Report for 2015 Sep
                   MONTHLY CLIMATOLOGICAL SUMMARY for SEP. 2015

NAME: Vado la Lepre   CITY: Castelnuovo V.C.   STATE: Italia 
ELEV:   800 m  LAT: 43.2068 N  LONG: 10.8773 E

                   TEMPERATURE (C), RAIN  (mm), WIND SPEED (km/hr)

                                      HEAT  COOL        AVG
    MEAN                              DEG   DEG         WIND                 DOM
DAY TEMP  HIGH   TIME   LOW    TIME   DAYS  DAYS  RAIN  SPEED HIGH   TIME    DIR
------------------------------------------------------------------------------------
 1  22.9  26.2   14:10  20.9   23:55   0.0   4.6   0.0   8.4  32.2   14:50    SW
 2  20.4  24.7   14:45  15.9   23:55   0.3   2.4   0.0   6.3  29.0   15:20     W
 3  18.7  23.7   15:25  15.7    7:25   0.9   1.3   0.0   7.7  29.0   17:25   SSW
 4  18.6  23.4   15:45  16.7    2:05   0.5   0.8   0.4   8.0  35.4    8:30   SSE
 5  16.4  20.0   14:55  13.0   23:15   2.1   0.2   2.2  13.4  41.8   14:55    SW
 6  16.0  20.7   14:25  12.9    0:35   2.6   0.3   0.0   5.3  22.5    1:40     N
 7  16.6  20.8   17:15  12.8    6:50   2.2   0.5   0.0   6.3  29.0   23:05     N
 8  15.2  19.3   16:00  11.7    5:40   3.2   0.1   0.0  12.9  38.6   11:55     N
 9  14.2  18.9   15:30  10.6   23:50   4.1   0.0   0.0  13.4  46.7   10:20     N
10  14.1  19.4   16:25   9.7    3:15   4.3   0.1   0.0   9.3  33.8    7:00     N
11  16.7  20.7   14:00  13.4    7:20   1.8   0.3   0.0   4.7  17.7    7:40   SSW
12  16.8  20.7   13:20  14.2    5:30   1.8   0.4   0.0  13.4  35.4   17:25   SSE
13  16.3  18.2   13:55  14.7    7:05   2.0   0.0   2.6  27.5  74.0   23:50   SSE
14  18.8  21.3   15:30  17.3   23:35   0.2   0.7   0.2  34.1  93.3    3:20   SSE
15  17.8  21.7   14:55  15.1    6:50   1.0   0.5   0.2  15.3  54.7   15:15     S
16  19.7  22.1   15:40  18.4    0:10   0.0   1.4   0.2  31.4  64.4    8:45   SSE
17  20.2  23.4   12:45  18.0    7:40   0.0   1.9   0.0  33.0  82.1   11:45   SSE
18  18.4  21.8   15:45  15.5   23:55   0.6   0.8   0.0   7.9  38.6    3:15   SSE
19  16.1  19.3   18:05  12.9   23:00   2.3   0.1   0.0   5.6  20.9    4:25   NNW
20  15.1  19.0   16:05  12.9    0:45   3.2   0.0   0.2   8.9  32.2   16:20     N
21  15.5  19.8   14:35  11.8    7:05   3.0   0.2   0.0   7.4  29.0    0:15     N
22  15.0  19.5   14:20  12.6    6:55   3.4   0.1   0.2   9.3  33.8   21:25   NNW
23  13.3  16.2   10:25  10.9   00:00   4.9   0.0   1.0  19.5  64.4   11:25     S
24  10.9  14.2   15:05   8.8    9:00   7.4   0.0   0.0  12.9  35.4   13:55     N
25  13.2  17.6   15:20  10.7    0:05   5.1   0.0   0.0  11.3  35.4    4:05     N
26  13.4  17.9   14:55  10.6    7:10   4.9   0.0   0.0  12.6  37.0    9:00     N
27  13.4  17.7   14:50  10.1   00:00   4.9   0.0   0.0  15.9  40.2    8:55     N
28  11.1  13.7   13:55   9.2    6:00   7.2   0.0   0.0  19.0  41.8   20:55     N
29  10.8  14.7   13:00   8.4   23:50   7.5   0.0   0.0  17.2  43.5    2:50     N
30  10.1  15.0   15:05   6.6    6:00   8.3   0.0   0.0  15.4  35.4   11:45     N
-------------------------------------------------------------------------------------
    15.9  26.2     1     6.6    30    89.9  16.5   7.2  13.8  93.3    14       N

Max >=  32.0:  0
Max <=   0.0:  0
Min <=   0.0:  0
Min <= -18.0:  0
Max Rain: 2.59 ON 13/09/15
Days of Rain: 9 (> .2 mm) 2 (> 2 mm) 0 (> 20 mm)
Heat Base:  18.3  Cool Base:  18.3  Method: Integration