NOAA-style Climate Reports

Select a Year or Month report

Report for 2015 Oct
                   MONTHLY CLIMATOLOGICAL SUMMARY for OCT. 2015

NAME: Vado la Lepre   CITY: Castelnuovo V.C.   STATE: Italia 
ELEV:   800 m  LAT: 43.2068 N  LONG: 10.8773 E

                   TEMPERATURE (C), RAIN  (mm), WIND SPEED (km/hr)

                                      HEAT  COOL        AVG
    MEAN                              DEG   DEG         WIND                 DOM
DAY TEMP  HIGH   TIME   LOW    TIME   DAYS  DAYS  RAIN  SPEED HIGH   TIME    DIR
------------------------------------------------------------------------------------
 1   8.8  10.1   00:00   7.3    8:30   9.5   0.0   8.4  19.8  51.5   19:15     N
 2  12.2  15.3   14:20  10.1    0:05   6.2   0.0  14.4  22.9  53.1   18:20   NNE
 3  13.2  17.6   14:25  10.7    7:00   5.1   0.0   0.8   8.5  43.5   23:30   SSE
 4  14.5  16.6   14:55  12.0    0:05   3.8   0.0  14.6  29.6  72.4   10:25     S
 5  16.1  19.3   14:50  14.2    3:05   2.3   0.0   1.4  13.5  48.3    0:20   SSE
 6  16.3  20.2   14:20  14.0    5:35   2.1   0.1   0.0  14.8  38.6    3:45   SSE
 7  14.3  16.4    1:00  12.3   20:35   4.0   0.0   1.2  10.5  33.8   16:05   SSW
 8  14.3  18.2   15:20  11.4    7:25   4.0   0.0   0.0   5.3  20.9    5:35     N
 9  13.9  16.3   13:15  11.9   23:50   4.3   0.0   0.0   5.5  37.0   22:45   NNE
10  10.3  11.9    0:05   9.1   23:05   7.9   0.0  22.2  20.9  53.1   18:50     N
11  11.6  16.5   16:45   7.8    6:00   6.7   0.0   0.2  11.6  43.5    2:00     N
12  12.9  16.0   12:15  12.0    6:25   5.3   0.0   1.2  14.3  45.1   23:05   SSE
13  14.1  15.1   22:05  12.0   23:20   4.2   0.0  13.0  29.1  70.8    8:25   SSE
14  12.8  13.7    9:40  11.9   18:00   5.5   0.0  34.0  22.4  70.8   11:25     S
15   9.2  13.1    0:20   7.8   19:05   9.1   0.0  28.8   9.2  40.2   00:00     N
16   8.6  11.9   14:55   6.5    8:05   9.7   0.0   1.2  17.4  57.9    1:30   SSW
17   9.4  13.2   15:35   6.6    3:35   8.9   0.0   1.6   7.9  27.4    5:25   SSW
18  11.2  13.6   12:35   9.0    4:45   7.1   0.0   0.0  11.1  27.4   10:25   SSE
19  12.6  15.7   16:00   9.2   22:40   5.7   0.0   0.2   6.0  19.3    2:00     N
20   9.4  12.4   15:20   6.7   00:00   8.9   0.0   0.0  15.1  41.8   21:05    NE
21   7.4  11.7   14:30   4.4   23:10  10.9   0.0   0.0  20.6  46.7    7:05     N
22   6.7   9.7   13:15   4.8    0:35  11.6   0.0   0.0  19.0  43.5   12:35     N
23   9.0  13.7   15:15   5.6    1:00   9.3   0.0   0.0  18.2  51.5    3:55     N
24  11.6  17.8   15:15   6.6    5:35   6.8   0.0   0.0  11.7  40.2    5:55     N
25  12.7  16.6   11:45  10.4   22:20   5.6   0.0   0.0   6.0  22.5   12:10     S
26  12.8  15.8   13:40  11.2    3:40   5.5   0.0   0.0   4.8  19.3    4:00   SSE
27  12.8  14.1   11:55  11.3    0:25   4.2   0.0   1.2  12.6  45.1   22:25    SE
28  13.1  13.4   17:40  11.3   23:15   5.2   0.0  54.4  29.5  82.1   23:05   SSE
29   9.3  11.9    0:05   7.6   23:50   9.0   0.0  21.0  10.1  41.8    9:15   SSW
30   9.6  13.8   13:55   7.1    1:40   8.7   0.0   0.4  15.9  43.5   23:35     N
31   9.2  13.1   13:20   6.0    5:55   9.1   0.0   0.0  22.0  53.1   21:15     N
-------------------------------------------------------------------------------------
    11.6  20.2     6     4.4    21   206.2   0.2 220.2  15.0  82.1    28       N

Max >=  32.0:  0
Max <=   0.0:  0
Min <=   0.0:  0
Min <= -18.0:  0
Max Rain: 54.41 ON 28/10/15
Days of Rain: 19 (> .2 mm) 9 (> 2 mm) 5 (> 20 mm)
Heat Base:  18.3  Cool Base:  18.3  Method: Integration