NOAA-style Climate Reports

Select a Year or Month report

Report for 2015 Dec
                   MONTHLY CLIMATOLOGICAL SUMMARY for DEC. 2015

NAME: Vado la Lepre   CITY: Castelnuovo V.C.   STATE: Italia 
ELEV:   800 m  LAT: 43.2068 N  LONG: 10.8773 E

                   TEMPERATURE (C), RAIN  (mm), WIND SPEED (km/hr)

                                      HEAT  COOL        AVG
    MEAN                              DEG   DEG         WIND                 DOM
DAY TEMP  HIGH   TIME   LOW    TIME   DAYS  DAYS  RAIN  SPEED HIGH   TIME    DIR
------------------------------------------------------------------------------------
 1   8.3  11.2   14:20   7.1    6:30   9.9   0.0   0.0   4.3  17.7    2:55     N
 2   7.8  10.1   13:50   6.8    6:10  10.5   0.0   0.0   2.3  16.1   21:55     N
 3   7.4   8.8   13:05   6.5    5:00  10.9   0.0   0.0   1.6  14.5   12:00    NW
 4   7.2   7.8   13:20   6.3   22:15  11.1   0.0   0.2   6.0  17.7   16:45     S
 5   7.4   9.6   12:25   6.5   20:40  10.9   0.0   0.0   1.6  12.9   12:20    NE
 6   7.8  10.6   14:45   6.6    7:45  10.5   0.0   0.0   9.2  25.7   23:35   SSE
 7   9.2  11.8   11:00   8.0    5:35   9.2   0.0   0.0  11.3  27.4   19:35    SE
 8   8.8  10.4   11:15   7.6   23:00   9.5   0.0   0.2   7.9  25.7    0:55   SSE
 9   7.8   9.3   11:15   6.1   23:55  10.5   0.0   1.0   3.4  19.3    6:45    SW
10   5.7   8.6   13:45   3.0    4:15  12.6   0.0   0.2  12.4  33.8    4:50     N
11   6.6  10.0   13:30   4.1    4:20  11.7   0.0   0.0  11.4  33.8   22:30    SW
12   6.6   7.9   12:15   5.7   23:55  11.7   0.0   0.0  15.8  33.8    8:40   SSW
13   6.2   7.9   11:10   5.4    2:15  12.1   0.0   0.2  20.1  38.6    7:25     S
14   7.3   8.7   12:05   6.6   21:55  11.0   0.0   0.0   3.9  19.3    2:50     S
15   7.4   8.0    9:25   6.4    7:55  10.9   0.0   0.4   8.2  22.5   19:00   SSW
16   7.9   9.3   12:25   6.6   21:15  10.4   0.0   1.2   5.6  27.4   22:55     N
17   9.7  12.6   12:15   7.2    3:30   8.6   0.0   0.0   4.0  19.3    0:10   NNE
18   7.9   8.5   14:40   7.1    7:00  10.4   0.0   1.2   7.1  19.3   17:15   SSW
19   8.2   9.2   13:05   7.2   22:50   9.8   0.0   0.8   3.4  19.3    1:45   WSW
20   9.4  13.2   12:00   6.3    2:20   8.9   0.0   0.2   7.6  29.0   22:50   SSE
21   7.3   8.5   14:10   6.1    5:40  11.0   0.0   0.2  15.6  32.2   22:10     S
22   8.4   9.1   14:10   7.3    7:30   9.9   0.0   0.4  15.6  35.4   12:50     S
23   7.4   8.3   14:40   6.7    6:00  10.9   0.0   0.2  12.9  33.8   12:50     S
24   7.7   8.4   11:20   6.7    4:50  10.6   0.0   0.4  19.0  37.0   10:00     S
25   8.2   9.3   12:10   6.6   00:00  10.1   0.0   0.4   8.7  29.0    3:00     W
26   7.8  10.8   12:30   6.3    4:00  10.5   0.0   0.2   6.3  14.5    0:20     W
27   7.2  10.0   13:20   5.8   20:30  11.1   0.0   0.2   5.8  16.1   20:20     W
28   6.6   9.1   14:00   5.4   21:50  11.7   0.0   0.4   5.6  19.3    2:10     W
29   6.3   8.5   15:40   4.9    6:40  12.0   0.0   0.0   6.0  27.4   13:40     W
30   5.3   7.2   13:50   1.3   00:00  13.0   0.0   2.2  11.1  45.1   21:30     N
31   2.4   4.4   15:40   0.6    1:10  15.9   0.0   0.0   7.4  30.6    1:00   NNE
-------------------------------------------------------------------------------------
     7.4  13.2    20     0.6    31   337.8   0.0  10.2   8.4  45.1    30       S

Max >=  32.0:  0
Max <=   0.0:  0
Min <=   0.0:  0
Min <= -18.0:  0
Max Rain: 2.21 ON 30/12/15
Days of Rain: 19 (> .2 mm) 1 (> 2 mm) 0 (> 20 mm)
Heat Base:  18.3  Cool Base:  18.3  Method: Integration