NOAA-style Climate Reports

Select a Year or Month report

Report for 2016 Feb
                   MONTHLY CLIMATOLOGICAL SUMMARY for FEB. 2016

NAME: Vado la Lepre   CITY: Castelnuovo V.C.   STATE: Italia 
ELEV:   800 m  LAT: 43.2068 N  LONG: 10.8773 E

                   TEMPERATURE (C), RAIN  (mm), WIND SPEED (km/hr)

                                      HEAT  COOL        AVG
    MEAN                              DEG   DEG         WIND                 DOM
DAY TEMP  HIGH   TIME   LOW    TIME   DAYS  DAYS  RAIN  SPEED HIGH   TIME    DIR
------------------------------------------------------------------------------------
 1  10.6  14.6   15:20   8.1    6:10   7.8   0.0   0.0   7.1  32.2   00:00     S
 2   8.0   9.4    0:10   7.1   18:20  10.3   0.0   0.4  24.9  59.5    2:50   SSE
 3   6.4   7.6    0:10   1.7   23:30  11.8   0.0   2.6  23.0  91.7   20:30   SSE
 4   3.7   8.0   14:20   0.4    7:00  14.6   0.0   0.2  10.5  40.2    0:20     N
 5   6.4   9.7   14:50   3.3    0:50  11.9   0.0   0.0   7.7  35.4    2:50     N
 6   6.1   7.7    0:30   4.6    5:20  12.2   0.0   0.0  26.6  59.5   23:00   SSE
 7   6.6   7.8   23:30   5.4    0:10  11.7   0.0   7.6  49.7 101.4   10:50   SSE
 8   6.7   8.3   12:20   5.5   18:30  11.6   0.0   0.8  23.3  82.1    0:10     S
 9   7.2   8.2   23:10   6.4    0:10  11.1   0.0  10.6  39.4 117.5   21:40     S
10   4.7   8.2    0:10   2.9   23:50  10.4   0.0   2.0  39.4 107.8    5:50    SW
11   4.1   7.8   13:40   1.3    4:40  14.2   0.0   3.4  12.9  51.5    0:10   SSW
12   5.5   7.7   12:40   3.3    0:10  12.8   0.0  13.0  31.5  96.6   19:30     S
13   5.4   8.1   23:50   3.4    2:40  12.8   0.0   1.6  29.6  66.0   20:10   SSW
14   7.3   9.4    9:40   4.9   22:30  11.0   0.0  25.8  25.7  96.6    9:40   SSW
15   5.4   6.9    8:50   3.1   16:40  12.9   0.0  25.2  13.2  54.7   16:30   SSE
16   6.1   8.0   15:00   3.4   00:00  12.2   0.0  27.2  17.7  57.9    2:10     N
17   4.9   6.6   12:30   2.4    2:40  13.4   0.0   7.4  10.5  38.6    5:40     S
18   3.7   6.3   15:50   2.5    5:10  14.6   0.0   0.4   7.9  29.0   13:30   NNW
19   4.6   8.8   14:30   2.8    6:00  13.7   0.0   2.6  16.1  40.2    1:40   SSW
20   4.3   8.4   13:20   0.6    3:00  14.0   0.0   2.0   8.5  33.8    0:50    NE
21   7.2  11.2   15:30   3.9    4:00  11.1   0.0   0.0  11.7  30.6   19:30   SSW
22   8.2  11.9   15:30   6.1   22:00  10.1   0.0   0.6  20.4  75.6   21:50     S
23   7.2   8.2    4:00   6.3   23:50  11.1   0.0   1.0  23.3  54.7    3:10   SSW
24   7.5  11.1   15:00   5.9    4:50  10.8   0.0   0.4  10.3  32.2    1:20   SSW
25   6.4   9.3    9:50   4.0   18:30  11.9   0.0  11.2  16.3  64.4   13:40     S
26   5.3   8.8   15:10   4.4    2:10  13.0   0.0   1.6   6.1  37.0   13:00   SSW
27   6.3   7.7   22:40   4.7    4:10  12.0   0.0  20.4  29.0  90.1   16:10   SSE
28   5.7   7.3   22:20   4.3    4:00  12.6   0.0  46.8  21.4  70.8    0:10     N
29   4.9   7.1   12:50   2.7   00:00  13.4   0.0  18.6  23.7  72.4   10:10   SSE
-------------------------------------------------------------------------------------
     6.1  14.6     1     0.4     4   351.0   0.0 233.4  20.3 117.5     9     SSE

Max >=  32.0:  0
Max <=   0.0:  0
Min <=   0.0:  0
Min <= -18.0:  0
Max Rain: 46.81 ON 28/02/16
Days of Rain: 25 (> .2 mm) 16 (> 2 mm) 5 (> 20 mm)
Heat Base:  18.3  Cool Base:  18.3  Method: Integration