NOAA-style Climate Reports

Select a Year or Month report

Report for 2016 Apr
                   MONTHLY CLIMATOLOGICAL SUMMARY for APR. 2016

NAME: Vado la Lepre   CITY: Castelnuovo V.C.   STATE: Italia 
ELEV:   800 m  LAT: 43.2068 N  LONG: 10.8773 E

                   TEMPERATURE (C), RAIN  (mm), WIND SPEED (km/hr)

                                      HEAT  COOL        AVG
    MEAN                              DEG   DEG         WIND                 DOM
DAY TEMP  HIGH   TIME   LOW    TIME   DAYS  DAYS  RAIN  SPEED HIGH   TIME    DIR
------------------------------------------------------------------------------------
 1  13.1  16.9   15:50  10.4    7:50   5.2   0.0   0.0  16.9  70.8    0:40   SSE
 2  14.7  19.2   15:30  11.3    8:10   3.7   0.1   0.0   6.8  29.0    0:10     N
 3  14.7  19.2   15:40  12.5   23:40   3.6   0.0   0.0  11.7  46.7   23:40     N
 4  13.2  17.6   15:30  10.1    7:20   5.1   0.0   0.0  25.1  70.8   13:40     N
 5  13.6  18.2   16:40   8.8    6:00   4.7   0.0   0.0  23.0  62.8    2:40   SSE
 6  17.4  21.2   14:20  14.8    4:10   1.5   0.6   0.0   7.4  30.6   15:10   SSW
 7  17.3  20.6   15:40  15.1   20:20   1.4   0.4   0.0   3.5  22.5   16:20   WSW
 8  10.7  16.1    0:10   5.9   23:30   7.6   0.0   0.8   6.1  40.2    2:30     N
 9   5.7   6.5   16:20   4.7   23:30  12.6   0.0   2.8   2.9  22.5    6:30   NNW
10   8.3  14.7   15:10   4.4    4:10  10.0   0.0   0.4   4.3  24.1   16:30    NW
11  10.6  15.2   15:00   6.3    2:20   7.8   0.0   0.0  15.6  53.1   19:00     N
12  11.0  15.6   15:00   7.8    5:10   7.3   0.0   0.0  24.3  54.7    3:00   SSE
13  12.1  16.6   14:50   8.9   23:30   6.2   0.0   0.0  18.0  48.3    0:20   SSE
14  10.2  13.7   15:10   7.7    8:10   8.1   0.0   0.0  19.2  49.9   16:00    SW
15  11.6  16.4   14:40   8.8    3:00   6.7   0.0   0.0  17.2  45.1   23:40   SSW
16  10.7  13.7   15:20   8.4    0:40   7.6   0.0   0.0  31.7  67.6   15:40     N
17  11.4  15.1   13:10   9.7    0:10   6.9   0.0   0.0  26.7  57.9   13:30   SSE
18  11.6  15.1   16:30   9.8   21:30   6.7   0.0   0.0  13.0  46.7   23:20   SSW
19   9.9  14.8   16:00   5.5    6:20   8.3   0.0   0.0   9.0  38.6   15:50     N
20  12.3  17.7   16:30   7.8    5:10   6.0   0.0   0.0  11.9  41.8   22:40     N
21  12.6  17.0   12:20   9.5    7:30   5.7   0.0   0.0  10.8  38.6    1:40     N
22  11.2  14.4   16:10   8.4   00:00   7.1   0.0   0.0   7.9  29.0   16:20     N
23   8.9  10.4   15:10   8.2    2:50   9.4   0.0  10.6  18.8  46.7   13:30   SSW
24   8.2  10.6   12:40   5.0   00:00  10.1   0.0  22.2  10.8  43.5    0:30     N
25   5.2   9.5   14:20   0.7    6:20  13.1   0.0  10.0  10.8  51.5    5:50     N
26   7.9  12.1   14:30   4.6    6:30  10.4   0.0   0.0  15.0  43.5   12:50     N
27   9.2  13.9   15:20   6.3    1:20   9.2   0.0   0.0  16.9  64.4   12:40     N
28   8.1   9.7   13:20   6.7    8:50  10.3   0.0   1.2   2.6  20.9    5:00   NNE
29  10.7  15.5   15:00   6.1    6:00   7.6   0.0   0.0   4.0  17.7    9:10     N
30  11.3  16.1   13:50   6.7   00:00   7.0   0.0   4.4   8.9  41.8   16:00     N
-------------------------------------------------------------------------------------
    11.1  21.2     6     0.7    25   216.9   1.0  52.4  13.4  70.8     1       N

Max >=  32.0:  0
Max <=   0.0:  0
Min <=   0.0:  0
Min <= -18.0:  0
Max Rain: 22.20 ON 24/04/16
Days of Rain: 8 (> .2 mm) 5 (> 2 mm) 1 (> 20 mm)
Heat Base:  18.3  Cool Base:  18.3  Method: Integration