NOAA-style Climate Reports

Select a Year or Month report

Report for 2016 May
                   MONTHLY CLIMATOLOGICAL SUMMARY for MAY. 2016

NAME: Vado la Lepre   CITY: Castelnuovo V.C.   STATE: Italia 
ELEV:   800 m  LAT: 43.2068 N  LONG: 10.8773 E

                   TEMPERATURE (C), RAIN  (mm), WIND SPEED (km/hr)

                                      HEAT  COOL        AVG
    MEAN                              DEG   DEG         WIND                 DOM
DAY TEMP  HIGH   TIME   LOW    TIME   DAYS  DAYS  RAIN  SPEED HIGH   TIME    DIR
------------------------------------------------------------------------------------
 1   7.7  11.7   13:50   5.3    6:50  10.6   0.0   3.6   4.8  33.8   23:00    NW
 2   7.3  10.4   16:40   5.3    1:00  10.9   0.0  11.4  12.9  49.9   23:20     N
 3  12.1  17.9   16:00   7.8    3:40   6.2   0.0   0.0   9.0  40.2    1:00     N
 4  11.9  17.1   16:40   6.1    4:10   6.4   0.0   0.4   6.4  33.8    1:00     N
 5  11.7  15.7   12:40   8.3   00:00   6.7   0.0   0.2   7.4  37.0    8:20     N
 6  12.0  15.9   17:00   7.7    4:00   6.3   0.0   0.0   9.3  32.2    1:10     N
 7  13.1  16.6   11:20  10.9   22:30   5.2   0.0   0.0   5.5  32.2   12:30     N
 8  13.1  15.2   14:20  11.6    0:10   5.2   0.0   0.0   4.8  22.5   15:40     N
 9  13.9  17.1   15:20  11.4    8:40   4.4   0.0   0.0  12.6  41.8   00:00     N
10  13.9  16.6   16:20  11.7    5:50   4.4   0.0   0.0  23.3  64.4   11:20     N
11  13.2  14.9    3:40  10.9   23:40   5.1   0.0   5.4  18.5  46.7   22:10   SSE
12  10.8  13.0   15:50   8.9    7:20   7.5   0.0   2.4  14.8  40.2   17:00    SW
13  11.3  15.2   15:00   8.8   23:20   7.0   0.0   1.0  20.6  53.1    7:40     S
14  11.5  16.7   17:20   9.1    0:10   6.8   0.0   0.4   4.0  33.8    1:50    SW
15  11.5  15.2   11:10   9.8    2:30   6.8   0.0   1.0   3.1  29.0   17:10     N
16  11.4  15.0   16:40   7.8    7:20   6.9   0.0   0.2   4.2  27.4   16:50     N
17  10.8  15.0   14:20   7.3    6:20   7.5   0.0   6.8   2.9  24.1   14:40     N
18  11.8  15.7   12:40   8.8   21:50   6.5   0.0   0.0  10.3  37.0   23:50     N
19   9.4  12.8   15:00   6.4   00:00   8.8   0.0   5.6  20.6  69.2   13:50     S
20  10.8  15.8   17:40   6.2    0:30   7.5   0.0   0.2  12.6  45.1   11:30     N
21  15.6  19.9   16:40  11.6    3:10   2.9   0.3   0.0   5.5  22.5    9:10     N
22  17.2  21.7   14:30  13.7    3:10   1.8   0.7   0.0   7.4  29.0   23:40     N
23  11.1  15.3    0:10   5.9   21:40   7.2   0.0  10.2  27.0  72.4   19:10     N
24  10.3  14.3   13:20   8.1    2:40   8.0   0.0   0.4  14.0  43.5    0:20    SW
25  12.5  17.6   16:00   8.1    3:40   5.8   0.0   0.2   6.8  25.7   13:10     N
26  15.4  18.7   14:20  12.9    0:40   2.8   0.0   0.0   9.7  29.0    8:10     N
27  18.6  21.9   11:00  15.9    4:40   0.7   0.9   0.0  12.4  32.2   15:20     N
28  19.0  23.1   14:40  16.0   23:50   0.4   1.1   0.0  10.6  35.4   22:30     N
29  15.4  20.3    2:30  11.1   23:10   3.1   0.1   4.6  15.9  49.9   14:00     N
30  14.2  17.8   14:00  11.0    2:20   4.1   0.0   0.0  15.1  49.9   12:50     N
31  13.5  17.8   15:50  10.5    5:10   4.8   0.0   0.0   7.4  40.2   16:00     N
-------------------------------------------------------------------------------------
    12.6  23.1    28     5.3     1   178.3   3.1  54.0  10.9  72.4    23       N

Max >=  32.0:  0
Max <=   0.0:  0
Min <=   0.0:  0
Min <= -18.0:  0
Max Rain: 11.40 ON 02/05/16
Days of Rain: 17 (> .2 mm) 8 (> 2 mm) 0 (> 20 mm)
Heat Base:  18.3  Cool Base:  18.3  Method: Integration