NOAA-style Climate Reports

Select a Year or Month report

Report for 2016 Jun
                   MONTHLY CLIMATOLOGICAL SUMMARY for JUN. 2016

NAME: Vado la Lepre   CITY: Castelnuovo V.C.   STATE: Italia 
ELEV:   800 m  LAT: 43.2068 N  LONG: 10.8773 E

                   TEMPERATURE (C), RAIN  (mm), WIND SPEED (km/hr)

                                      HEAT  COOL        AVG
    MEAN                              DEG   DEG         WIND                 DOM
DAY TEMP  HIGH   TIME   LOW    TIME   DAYS  DAYS  RAIN  SPEED HIGH   TIME    DIR
------------------------------------------------------------------------------------
 1  11.4  16.1   12:10   9.9    4:40   6.9   0.0  12.6   3.9  24.1   19:30     N
 2  11.0  13.3   13:50   9.4    1:40   7.3   0.0   1.0   8.2  40.2   17:40    SW
 3  12.7  17.1   13:20  10.3    2:40   5.6   0.0   3.0   3.2  19.3    9:50   SSW
 4  13.9  17.7   17:50  11.9    6:20   4.4   0.0   0.0   1.8  16.1   18:50   SSW
 5  14.9  19.3   14:30  10.8    6:00   3.5   0.1   0.2   5.8  25.7   16:00   SSW
 6  15.4  19.3   12:50  12.5    5:50   2.9   0.0   0.0   4.3  24.1   14:30    SW
 7  16.8  21.8   14:40  12.6    5:20   2.1   0.5   0.2   2.9  20.9    9:10     N
 8  18.0  21.8   15:40  15.4   21:30   1.0   0.7   0.0   1.4  14.5   12:50     N
 9  14.9  17.1   10:00  13.0   00:00   3.4   0.0  11.4   1.8  19.3   11:30     S
10  15.5  19.6   18:10  11.9    5:30   2.9   0.1   0.2   3.5  22.5    4:20     N
11  15.5  18.2   14:30  13.5    6:20   2.8   0.0   0.0  14.5  38.6   18:10     S
12  15.2  19.7   14:00  13.1   23:10   3.1   0.1   0.6  16.1  37.0   13:00   SSE
13  15.4  19.8   16:30  11.8    5:30   3.0   0.1   0.0   4.3  24.1   15:40    SW
14  15.2  18.8   14:00  12.2   23:40   3.1   0.0   0.0  12.1  46.7   19:20     S
15  15.6  20.1   15:50  12.0    4:50   2.9   0.2   0.0  14.2  53.1   23:40   SSW
16  17.9  23.2   14:20  14.1    0:10   1.6   1.1   0.0  24.3  66.0    1:20     N
17  15.0  18.9   17:10  10.8    5:10   3.3   0.0   4.4  13.7  38.6   14:50     N
18  15.2  19.7   13:30  12.0   22:30   3.2   0.1   0.0   3.7  20.9   12:40    NW
19  12.6  17.4   14:30  10.0    7:00   5.8   0.0   8.4   5.1  38.6   18:30     N
20  14.5  17.8   15:30  11.3    0:40   3.8   0.0   0.0   6.3  35.4   11:10     N
21  17.9  21.9   15:30  14.6    6:00   1.3   0.9   0.0   1.9  16.1   15:20     N
22  20.1  25.0   16:50  15.7    5:50   0.6   2.4   0.0   6.0  24.1   12:30     N
23  22.0  27.7   16:10  17.2    5:10   0.1   3.8   0.0   9.8  29.0    7:40     N
24  23.4  28.2   15:00  19.5    6:00   0.0   5.1   0.0   6.9  27.4    2:40     N
25  22.4  27.3   13:40  18.6   00:00   0.0   4.1   0.0   6.6  32.2   20:50     N
26  21.6  26.4   15:30  17.3   22:50   0.1   3.4   0.0   6.6  27.4   12:40     N
27  19.1  22.8   13:50  15.7   22:20   0.5   1.2   0.0   2.1  16.1   15:10     N
28  19.8  25.1   15:20  15.4    4:40   0.7   2.2   0.0   3.1  19.3    8:10     N
29  20.7  25.8   14:20  17.5    4:40   0.0   2.4   0.0   3.4  19.3   15:30     N
30  20.7  24.7   16:30  18.0    7:20   0.0   2.4   0.0   9.3  30.6   18:50     N
-------------------------------------------------------------------------------------
    16.8  28.2    24     9.4     2    75.8  30.9  42.0   6.9  66.0    16       N

Max >=  32.0:  0
Max <=   0.0:  0
Min <=   0.0:  0
Min <= -18.0:  0
Max Rain: 12.60 ON 01/06/16
Days of Rain: 10 (> .2 mm) 5 (> 2 mm) 0 (> 20 mm)
Heat Base:  18.3  Cool Base:  18.3  Method: Integration