NOAA-style Climate Reports

Select a Year or Month report

Report for 2016 Jul
                   MONTHLY CLIMATOLOGICAL SUMMARY for JUL. 2016

NAME: Vado la Lepre   CITY: Castelnuovo V.C.   STATE: Italia 
ELEV:   800 m  LAT: 43.2068 N  LONG: 10.8773 E

                   TEMPERATURE (C), RAIN  (mm), WIND SPEED (km/hr)

                                      HEAT  COOL        AVG
    MEAN                              DEG   DEG         WIND                 DOM
DAY TEMP  HIGH   TIME   LOW    TIME   DAYS  DAYS  RAIN  SPEED HIGH   TIME    DIR
------------------------------------------------------------------------------------
 1  21.7  26.1   15:00  17.6    5:40   0.0   3.5   0.0   5.0  25.7   15:20     N
 2  21.4  25.7   13:50  17.3   23:50   0.0   3.1   0.0   5.6  32.2   23:30     N
 3  20.7  26.2   15:40  17.0    5:30   0.2   2.6   0.0   5.3  27.4    0:20     N
 4  22.5  27.1   15:10  18.1    0:40   0.0   4.2   0.0   3.4  16.1   23:30     N
 5  22.8  27.2   14:30  19.8   21:10   0.0   4.5   0.0   4.7  27.4   18:10     N
 6  22.4  27.4   13:40  18.8    5:50   0.0   4.1   0.0   1.8  17.7   15:10     N
 7  23.0  27.8   14:10  19.2    5:30   0.0   4.7   0.0   4.0  22.5   15:40     N
 8  22.4  26.9   13:50  17.8   22:00   0.0   4.2   0.0   7.1  33.8   16:10     N
 9  22.7  28.1   15:20  17.9    5:10   0.0   4.4   0.0   1.9  19.3   13:50     N
10  24.8  28.7   13:50  21.6    4:10   0.0   6.5   0.0   1.4  20.9   15:20     N
11  24.7  29.4   15:00  21.5   21:40   0.0   6.4   0.0   4.7  22.5   16:40     N
12  23.3  27.8   14:10  19.5   22:00   0.0   5.0   0.0  11.1  29.0   16:40     N
13  20.4  25.2   13:50  14.9   00:00   0.5   2.6   0.4   9.7  41.8   22:50     N
14  16.1  20.8   14:50  13.0   00:00   2.6   0.4   0.0   9.0  49.9    1:10     N
15  13.9  17.4   14:50  10.7    9:30   4.4   0.0   0.0  15.9  53.1    8:00     N
16  16.6  21.2   16:50  11.7    6:20   2.3   0.5   0.0   6.9  29.0    5:00     N
17  18.4  23.2   14:40  14.8    5:40   1.1   1.2   0.0   4.2  24.1   16:50     N
18  20.8  26.2   14:40  17.3    0:10   0.2   2.7   0.0   5.6  24.1   13:40     N
19  22.3  27.9   14:50  18.1    0:10   0.0   4.0   0.0   4.2  20.9    0:40     N
20  23.6  28.5   15:30  18.4   23:20   0.0   5.3   0.0   5.5  29.0   22:30     N
21  22.6  28.1   16:10  18.6    0:20   0.0   4.3   0.0   3.4  20.9   15:40     N
22  23.1  28.2   14:40  19.8    5:10   0.0   4.8   0.0  10.0  38.6   23:40     N
23  22.0  26.6   17:00  18.2   11:00   0.0   3.7   0.6  13.5  45.1    1:30     N
24  21.7  26.6   14:20  16.4   22:00   0.1   3.5  13.0  10.3  40.2   12:00     N
25  20.7  25.8   17:10  15.9    1:00   0.3   2.7   3.6   3.9  17.7    0:30     N
26  22.2  27.2   14:40  18.3    5:00   0.0   3.9   0.0   4.8  30.6   17:00     N
27  23.0  27.2   14:30  19.4    6:40   0.0   4.7   0.0   3.1  24.1   14:40     N
28  21.9  26.7   13:10  18.7    4:50   0.0   3.6   1.4   4.3  22.5   13:50     N
29  21.8  26.9   16:10  17.2    3:30   0.0   3.6   0.0   3.5  22.5   16:30     N
30  22.1  26.7   13:50  18.6    4:50   0.0   3.8   0.0   5.5  29.0   23:00     N
31  21.7  27.4   14:40  18.1   23:20   0.0   3.4   0.0  11.7  35.4   23:30     N
-------------------------------------------------------------------------------------
    21.5  29.4    11    10.7    15    11.8 111.8  19.0   6.2  53.1    15       N

Max >=  32.0:  0
Max <=   0.0:  0
Min <=   0.0:  0
Min <= -18.0:  0
Max Rain: 13.00 ON 24/07/16
Days of Rain: 5 (> .2 mm) 2 (> 2 mm) 0 (> 20 mm)
Heat Base:  18.3  Cool Base:  18.3  Method: Integration