NOAA-style Climate Reports

Select a Year or Month report

Report for 2016 Aug
                   MONTHLY CLIMATOLOGICAL SUMMARY for AUG. 2016

NAME: Vado la Lepre   CITY: Castelnuovo V.C.   STATE: Italia 
ELEV:   800 m  LAT: 43.2068 N  LONG: 10.8773 E

                   TEMPERATURE (C), RAIN  (mm), WIND SPEED (km/hr)

                                      HEAT  COOL        AVG
    MEAN                              DEG   DEG         WIND                 DOM
DAY TEMP  HIGH   TIME   LOW    TIME   DAYS  DAYS  RAIN  SPEED HIGH   TIME    DIR
------------------------------------------------------------------------------------
 1  20.1  24.7   16:00  17.3   00:00   0.1   1.8   0.0   2.7  22.5   17:10     N
 2  20.6  26.1   16:30  15.3    6:20   0.6   2.9   0.2   6.3  24.1    1:10     N
 3  22.6  27.9   16:20  17.8    5:20   0.0   4.3   0.0   2.7  16.1    9:40     N
 4  23.2  28.8   14:20  19.8    1:10   0.0   4.9   0.0   7.1  29.0   17:40     N
 5  19.3  24.3   14:30  15.3   23:30   0.3   1.4   0.2  11.6  43.5   11:30     N
 6  17.6  22.6   17:00  13.4    6:10   1.7   1.0   0.0  10.9  37.0   19:20     N
 7  18.8  23.6   15:10  14.6    4:20   1.2   1.6   0.0  13.0  43.5   15:30     N
 8  20.2  25.8   15:10  14.8    5:40   0.7   2.6   0.0   8.9  37.0    3:20     N
 9  21.9  27.8   15:00  17.7    5:50   0.0   3.7   0.0   4.8  22.5   14:30     N
10  19.7  24.6   15:20  16.1   21:40   0.4   1.8   0.0   7.7  27.4   15:30     N
11  16.5  21.7   15:40  12.3    8:00   2.3   0.5   0.2   8.5  35.4    8:40     N
12  16.6  22.1   15:20  11.8    5:10   2.6   0.9   0.0   7.2  25.7    3:30     N
13  19.4  25.4   16:20  13.4    5:30   1.3   2.4   0.0   4.5  25.7   10:00     N
14  21.6  27.5   15:30  16.7    5:20   0.2   3.5   0.0   4.5  22.5   16:10     N
15  22.6  28.2   14:30  19.1   22:20   0.0   4.3   0.0   5.3  22.5   17:00     N
16  21.1  25.9   14:20  17.7   00:00   0.0   2.8   0.0   6.6  29.0   15:40     N
17  19.3  24.3   15:10  16.4    6:10   0.6   1.6   0.0   6.9  25.7   12:40     N
18  19.2  23.7   14:20  16.4    1:40   0.6   1.4   0.0   6.0  27.4   17:10     N
19  20.2  24.7   17:20  16.8    1:50   0.2   2.0   0.0   8.7  27.4   16:20     N
20  21.5  26.6   15:20  17.8    6:40   0.0   3.2   0.0   7.7  33.8   15:40     N
21  21.1  26.9   15:00  16.6   23:10   0.1   2.9   0.0   5.3  20.9    0:10     N
22  18.8  24.2   14:10  14.4    6:50   1.0   1.5   0.0  11.1  35.4   17:50     N
23  18.6  24.2   15:20  13.7    5:30   1.5   1.7   0.0  11.6  35.4    8:30     N
24  20.0  26.2   15:10  14.4    6:50   0.9   2.6   0.0  12.4  43.5   12:10     N
25  20.7  26.8   17:30  15.4    6:40   0.5   2.9   0.0  11.6  35.4    0:30     N
26  20.9  27.1   17:40  15.7    6:20   0.5   3.2   0.0   8.5  30.6    9:30     N
27  23.1  27.8   15:10  19.9   00:00   0.0   4.8   0.0   7.6  33.8   17:00     N
28  21.6  27.1   15:20  17.4   23:30   0.0   3.4   0.0   6.6  25.7   16:10     N
29  20.2  25.4   14:50  16.0    3:20   0.4   2.3   0.0   5.5  27.4   14:30     N
30  20.1  27.0   15:40  15.7   20:40   0.4   2.2   8.2   6.1  38.6   23:00     N
31  17.9  23.1   12:40  15.8   17:10   1.0   0.6  18.2   7.1  30.6    8:00     N
-------------------------------------------------------------------------------------
    20.1  28.8     4    11.8    12    19.4  76.7  27.0   7.6  43.5     5       N

Max >=  32.0:  0
Max <=   0.0:  0
Min <=   0.0:  0
Min <= -18.0:  0
Max Rain: 18.21 ON 31/08/16
Days of Rain: 5 (> .2 mm) 2 (> 2 mm) 0 (> 20 mm)
Heat Base:  18.3  Cool Base:  18.3  Method: Integration