NOAA-style Climate Reports

Select a Year or Month report

Report for 2016 Sep
                   MONTHLY CLIMATOLOGICAL SUMMARY for SEP. 2016

NAME: Vado la Lepre   CITY: Castelnuovo V.C.   STATE: Italia 
ELEV:   800 m  LAT: 43.2068 N  LONG: 10.8773 E

                   TEMPERATURE (C), RAIN  (mm), WIND SPEED (km/hr)

                                      HEAT  COOL        AVG
    MEAN                              DEG   DEG         WIND                 DOM
DAY TEMP  HIGH   TIME   LOW    TIME   DAYS  DAYS  RAIN  SPEED HIGH   TIME    DIR
------------------------------------------------------------------------------------
 1  20.1  25.1   15:10  15.4    2:30   0.6   2.4   0.0   4.2  16.1    9:50     N
 2  22.1  26.8   15:00  18.3    5:00   0.0   3.8   0.0   4.2  19.3   15:40     N
 3  22.3  26.9   15:00  19.2    4:40   0.0   4.0   0.0   4.5  20.9   15:00     N
 4  20.3  25.0   14:40  17.8    8:00   0.0   2.1   0.0   7.9  27.4    2:10     N
 5  19.8  24.2   17:10  16.6   00:00   0.2   1.7   0.0   3.2  25.7   22:40     N
 6  16.7  22.8   16:10  11.4   22:40   2.4   0.8   3.0  11.3  41.8   20:30     N
 7  15.2  19.5   15:30  11.3    3:50   3.1   0.0   0.2  15.6  43.5    1:00     N
 8  18.3  23.2   13:50  14.4    3:10   1.3   1.3   0.0   9.8  37.0    4:00     N
 9  19.0  24.1   16:20  15.3    3:50   0.8   1.5   0.6   9.7  33.8    9:30     N
10  19.7  23.7   17:10  16.6    4:40   0.4   1.9   0.0   8.7  29.0    5:10     N
11  19.2  24.1   13:00  17.1   23:40   0.2   1.2   1.4   6.4  33.8   13:40     N
12  19.8  25.1   16:00  15.9    6:20   0.5   2.0   0.0   5.3  24.1    9:20     N
13  20.4  24.8   15:20  16.6   17:50   0.0   2.2   5.0   4.7  27.4   15:50     N
14  19.5  23.7   14:20  16.7    6:40   0.3   1.5   0.6   7.1  29.0   15:30     N
15  17.1  19.7   11:50  15.7   19:30   1.3   0.0   9.0  15.3  51.5   11:10     N
16  16.1  17.6    0:10  13.3   20:40   2.2   0.0  42.4  21.2  83.7   12:40     S
17  14.9  19.2   15:20  13.0    4:10   3.4   0.0   7.0  14.0  48.3    3:30   SSW
18  12.7  16.1   14:40  11.1   22:00   5.7   0.0  16.6   3.2  27.4    0:50     N
19  14.1  18.0   13:20  10.6    3:50   4.2   0.0   0.2   2.6  19.3   16:40     N
20  16.9  21.6   13:20  13.7    2:10   1.9   0.5   0.2   7.2  29.0   15:40     N
21  15.9  19.2   16:10  12.4   21:00   2.5   0.0   1.8   4.5  25.7   22:00     N
22  14.5  19.2   16:40  11.1    7:20   3.8   0.0   0.2   7.2  32.2    3:10     N
23  15.9  20.1   14:00  13.5    4:30   2.5   0.1   0.0   1.9  17.7   14:20   NNE
24  15.9  19.0   14:20  13.7    4:30   2.4   0.0   0.0   4.2  29.0   22:30     N
25  15.1  19.7   17:30  11.4    3:50   3.4   0.1   0.0   6.4  30.6    7:20     N
26  15.6  19.4   15:20  12.7    7:20   2.8   0.1   0.0   5.6  25.7   12:10     N
27  14.9  19.3   15:40  10.9    6:30   3.4   0.1   0.0   8.0  33.8   22:20     N
28  15.1  19.4   15:40  11.2    5:10   3.3   0.1   0.0   5.3  27.4   13:20     N
29  16.4  20.3   13:50  13.6   23:50   2.1   0.2   0.0   4.8  19.3   13:40     N
30  14.9  19.2   14:50  12.6    7:20   3.4   0.0   0.4   7.1  30.6   16:00     N
-------------------------------------------------------------------------------------
    17.3  26.9     3    10.6    19    58.1  27.7  88.6   7.4  83.7    16       N

Max >=  32.0:  0
Max <=   0.0:  0
Min <=   0.0:  0
Min <= -18.0:  0
Max Rain: 42.39 ON 16/09/16
Days of Rain: 15 (> .2 mm) 6 (> 2 mm) 1 (> 20 mm)
Heat Base:  18.3  Cool Base:  18.3  Method: Integration