NOAA-style Climate Reports

Select a Year or Month report

Report for 2016 Oct
                   MONTHLY CLIMATOLOGICAL SUMMARY for OCT. 2016

NAME: Vado la Lepre   CITY: Castelnuovo V.C.   STATE: Italia 
ELEV:   800 m  LAT: 43.2068 N  LONG: 10.8773 E

                   TEMPERATURE (C), RAIN  (mm), WIND SPEED (km/hr)

                                      HEAT  COOL        AVG
    MEAN                              DEG   DEG         WIND                 DOM
DAY TEMP  HIGH   TIME   LOW    TIME   DAYS  DAYS  RAIN  SPEED HIGH   TIME    DIR
------------------------------------------------------------------------------------
 1  14.8  18.3   12:50  13.1    2:20   3.5   0.0  13.8  19.8  45.1    8:00     S
 2  15.2  18.0   16:30  13.3    5:50   3.2   0.0   6.0  13.5  35.4   21:20   SSW
 3  15.0  18.0   15:00  12.4   23:40   3.3   0.0   0.4  14.0  46.7   11:40   SSW
 4  13.6  17.5   15:10  10.5    7:20   4.7   0.0   0.0   6.8  27.4   21:40     N
 5  13.2  18.0   16:00   9.8    7:20   5.1   0.0   0.0   5.3  33.8    2:30     N
 6  10.8  13.9   13:40   7.5    5:50   7.5   0.0   0.0   6.9  25.7    7:00   NNE
 7   9.8  13.8   17:00   7.7    4:30   8.5   0.0  24.0   7.6  37.0    8:00     N
 8  11.8  15.9   14:00  10.3    7:30   6.5   0.0  20.4  13.2  57.9   14:40     S
 9  10.8  14.4   13:50   8.9   23:30   7.5   0.0   3.4   2.3  16.1    8:20   NNE
10   8.3  11.7   14:30   4.8   23:40  10.0   0.0   0.6   8.0  27.4   20:10     N
11   4.9   6.1    8:10   3.9    5:30  13.4   0.0   7.6  10.9  37.0   22:00     N
12   7.3  11.1   16:40   3.7    5:40  11.0   0.0   0.2   5.3  35.4    1:50     N
13   8.7  14.7   23:50   5.8   18:30   9.6   0.0   1.8  14.6  57.9   23:50    NE
14  14.8  19.7   13:30  10.9   18:50   3.6   0.1  54.6  31.5  99.8   16:40    SE
15  13.3  16.7   14:30  11.6    7:00   5.0   0.0   4.2   4.0  33.8    1:20     S
16  12.9  16.3   14:50  10.5    7:50   5.4   0.0   0.4   2.4  16.1   10:10     N
17  13.4  16.6   12:40  11.8    2:40   4.9   0.0   0.0   3.7  19.3   15:30   SSW
18  12.1  14.1   14:20  10.2    4:00   6.3   0.0   0.4   6.1  25.7   14:10   SSW
19  12.1  16.1   12:50  10.4   23:00   6.2   0.0   0.4  10.3  40.2   17:30     S
20  11.0  13.9   12:50   9.5   19:30   7.3   0.0   0.0   2.6  16.1   12:50     N
21  10.6  14.6   15:00   8.4    6:50   7.7   0.0   0.4   2.9  27.4   15:10     N
22  10.7  15.2   14:30   8.0    5:30   7.6   0.0   0.2   4.3  20.9   14:10   SSE
23  12.1  15.0   14:40   9.7    7:00   6.2   0.0   0.0  19.2  48.3   21:40   SSE
24  15.1  17.2   15:40  14.0   22:30   3.2   0.0   0.2  26.1  56.3   10:10   SSE
25  15.8  17.2   13:50  14.3    0:20   2.5   0.0   0.2  25.6  49.9   20:00   SSE
26  15.7  17.7   13:30  11.9   23:10   2.6   0.0   0.8  13.7  46.7    0:50     S
27  10.8  13.7   14:10   7.2   00:00   7.5   0.0   1.4  18.2  48.3   15:00     N
28   8.7  12.5   14:40   6.2    4:50   9.6   0.0   0.0  15.3  43.5    7:00     N
29  13.3  17.4   14:30   8.1    0:50   4.9   0.0   0.0  11.7  37.0    0:30    NE
30  15.2  18.0   11:10  12.8    3:10   3.1   0.0   0.0   5.3  29.0    0:50    NE
31  14.3  17.5   13:10  11.3   19:20   4.0   0.0   0.0   0.8  12.9   17:40    NE
-------------------------------------------------------------------------------------
    12.1  19.7    14     3.7    12   191.3   0.1 141.4  10.7  99.8    14       N

Max >=  32.0:  0
Max <=   0.0:  0
Min <=   0.0:  0
Min <= -18.0:  0
Max Rain: 54.61 ON 14/10/16
Days of Rain: 21 (> .2 mm) 8 (> 2 mm) 3 (> 20 mm)
Heat Base:  18.3  Cool Base:  18.3  Method: Integration