NOAA-style Climate Reports

Select a Year or Month report

Report for 2016 Nov
                   MONTHLY CLIMATOLOGICAL SUMMARY for NOV. 2016

NAME: Vado la Lepre   CITY: Castelnuovo V.C.   STATE: Italia 
ELEV:   800 m  LAT: 43.2068 N  LONG: 10.8773 E

                   TEMPERATURE (C), RAIN  (mm), WIND SPEED (km/hr)

                                      HEAT  COOL        AVG
    MEAN                              DEG   DEG         WIND                 DOM
DAY TEMP  HIGH   TIME   LOW    TIME   DAYS  DAYS  RAIN  SPEED HIGH   TIME    DIR
------------------------------------------------------------------------------------
 1  12.6  15.4   13:40   9.9   23:30   5.7   0.0   0.0   7.1  29.0   23:50   SSW
 2  11.7  14.9   13:50   9.3    2:40   6.6   0.0   0.2  21.9  46.7   13:10     S
 3  11.6  15.5   13:00   8.5   23:40   6.7   0.0   0.2   7.7  35.4    0:10     N
 4  10.9  14.1   13:20   8.1    3:20   7.4   0.0   0.2   9.2  32.2   23:40     S
 5  12.7  14.4   23:50  10.4    0:30   5.6   0.0  12.6  26.9  86.9    9:50     S
 6  10.8  14.3    0:10   5.9   20:50   7.5   0.0  36.6   0.0   0.0     ---   ---
 7   7.7  11.2   11:00   5.8   23:20  10.6   0.0   1.8   1.3  12.9   22:50     N
 8   5.6   7.8   11:40   2.7   00:00  12.7   0.0   5.8   5.5  20.9   14:20     N
 9   4.6   8.9   13:10   1.9    5:50  13.8   0.0  12.0  15.1  46.7   20:50     N
10   6.6   9.2   15:40   3.8    5:20  11.7   0.0   5.2  19.3  61.2   17:30   SSW
11   6.4   8.6    8:50   2.7   23:00  11.8   0.0  16.6  28.3  85.3   11:50   SSW
12   4.8   6.9   13:30   1.7    2:40  13.5   0.0   0.2   8.4  30.6    3:20     N
13   6.8   9.0   14:50   5.2    5:00  11.5   0.0   0.0   9.5  25.7   22:10     S
14   5.0   7.2   15:10   3.0   00:00  13.3   0.0   0.0  15.0  41.8   21:40     N
15   4.1   6.8   13:00   1.0    7:20  14.2   0.0   0.0  12.7  37.0    8:10   NNE
16   7.1  10.4   14:00   5.1    0:10  11.2   0.0   0.0   8.2  22.5   00:00     S
17   9.0  10.8   23:30   7.1    2:30   9.3   0.0   0.2  17.4  40.2   18:50   SSE
18  11.6  12.2   10:40  10.6    0:10   6.7   0.0  11.6  31.5  74.0   22:50     S
19  10.6  11.6    9:40   8.4   11:00   7.7   0.0   8.4  30.3  77.2    7:00     S
20  10.7  13.0   13:50   9.8    1:20   7.6   0.0   2.4  19.2  41.8   00:00   SSE
21  10.6  12.2   13:00   9.7    7:00   7.7   0.0   0.4  28.3  57.9    9:50   SSE
22  11.2  12.8   14:00  10.4    8:20   7.1   0.0   0.2  24.3  51.5    8:00    SE
23  11.7  13.1   12:50  10.8    6:10   6.6   0.0   0.0  24.1  49.9    9:30   ESE
24  11.8  13.2   10:30  11.1    0:50   6.5   0.0   3.4  30.3  57.9   12:40   ESE
25   9.6  13.3   13:30   7.7   23:20   8.7   0.0   7.0  13.7  72.4    1:20   SSE
26   8.5  11.3   11:20   6.8    7:20   9.8   0.0   0.2   4.5  14.5    1:00     N
27   7.9  11.5   13:00   6.1   21:10  10.3   0.0   0.0   4.5  11.3   12:00     N
28   5.6   8.2   14:20   1.4   00:00  12.7   0.0   0.4  13.0  53.1   22:00     N
29  -1.2   1.6   12:30  -3.3   22:00  19.4   0.0   0.0  23.0  67.6    5:10     N
30   3.2   8.8   15:40  -2.9    0:20  15.1   0.0   0.0  10.1  38.6    1:20     N
-------------------------------------------------------------------------------------
     8.3  15.5     3    -3.3    29   299.2   0.0 125.7  15.7  86.9     5       N

Max >=  32.0:  0
Max <=   0.0:  0
Min <=   0.0:  2
Min <= -18.0:  0
Max Rain: 36.60 ON 06/11/16
Days of Rain: 21 (> .2 mm) 11 (> 2 mm) 1 (> 20 mm)
Heat Base:  18.3  Cool Base:  18.3  Method: Integration