NOAA-style Climate Reports

Select a Year or Month report

Report for 2017 Jan
                   MONTHLY CLIMATOLOGICAL SUMMARY for JAN. 2017

NAME: Vado la Lepre   CITY: Castelnuovo V.C.   STATE: Italia 
ELEV:   800 m  LAT: 43.2068 N  LONG: 10.8773 E

                   TEMPERATURE (C), RAIN  (mm), WIND SPEED (km/hr)

                                      HEAT  COOL        AVG
    MEAN                              DEG   DEG         WIND                 DOM
DAY TEMP  HIGH   TIME   LOW    TIME   DAYS  DAYS  RAIN  SPEED HIGH   TIME    DIR
------------------------------------------------------------------------------------
 1   5.3   6.8   13:10   3.7    8:00  13.0   0.0   0.4  11.6  33.8   23:30     S
 2   5.6   6.3   13:50   4.8   21:20  12.8   0.0   6.0  23.7  48.3   22:10     S
 3   3.2   6.3    4:20  -1.6   22:30  15.1   0.0   6.4  15.4  37.0    7:10     N
 4   2.3   5.1   11:30  -2.4    3:10  16.0   0.0   0.0  15.3  38.6   16:20     N
 5   0.8   4.7    0:20  -3.7   23:40  17.5   0.0   0.0  15.4  54.7   13:10     N
 6  -4.8  -2.6   12:00  -7.3   23:40  23.1   0.0   0.0  13.4  37.0   13:20     N
 7  -5.0  -2.3   20:50  -8.3    4:30  23.3   0.0   0.0   9.7  35.4    9:40     N
 8  -1.7  -0.1   11:50  -3.2   21:50  20.0   0.0   0.0   8.9  37.0   21:10     N
 9   0.1   3.6   12:40  -3.6    5:40  18.2   0.0   0.0   7.4  33.8    0:40     N
10  -1.6   1.4    4:20  -6.2   00:00  19.9   0.0   0.0  15.0  48.3   19:00     N
11  -3.3   0.2   16:20  -6.4    5:30  21.6   0.0   0.0  15.4  49.9    3:40   NNE
12   3.9   8.8   14:30  -0.5    0:10  14.3   0.0   0.0  22.2  53.1   22:50   SSE
13   4.2   8.3    5:50  -0.8   17:00  14.1   0.0   0.4  32.7 106.2   14:30     S
14   2.2   6.2   15:10  -0.5    2:10  16.1   0.0   0.0   7.4  29.0   11:50    NW
15  -0.8   2.3    0:10  -2.4   20:30  19.1   0.0   0.0  16.1  43.5   22:10     N
16  -2.8  -0.5   12:20  -4.2   00:00  21.1   0.0   0.0  21.2  56.3   22:40     N
17  -3.3  -2.2   15:30  -4.5    4:50  21.6   0.0   0.0  29.9  66.0   23:40     N
18  -2.4  -1.3   15:40  -3.3    6:10  20.7   0.0   0.0  29.0  69.2    0:50     N
19  -1.4   1.8   13:30  -3.2    8:30  19.7   0.0   0.0  22.0  51.5    0:40     N
20  -0.1   3.3   14:20  -2.0    5:30  18.4   0.0   0.0  15.6  46.7    9:40   NNE
21   0.3   3.7   14:30  -1.7    7:00  18.0   0.0   0.0  18.2  43.5    8:50     N
22   1.9   5.1   13:50  -0.3    0:10  16.4   0.0   0.0  17.7  40.2    6:20     N
23   3.5   6.5   14:40   2.1    3:40  14.8   0.0   0.0  17.7  41.8    8:30     N
24   4.8   8.2   14:50   2.9    3:00  13.5   0.0   0.0  14.3  41.8    4:20     N
25   3.3   6.9   13:50   0.1    6:10  15.0   0.0   0.0  12.6  37.0    7:30     N
26   5.8   9.1   13:00   3.7    0:10  12.4   0.0   0.0   7.4  25.7   22:20     S
27   5.3   8.8   12:30   3.5   22:20  13.0   0.0   0.0  11.9  43.5   23:30    SE
28   5.7   7.8   14:20   3.8    0:10  12.6   0.0   0.0  14.2  40.2    2:20     E
29   6.9  10.3   15:00   4.8   23:30  11.4   0.0   0.0   2.4  12.9    0:50    NE
30   5.3   8.1   11:20   4.4   17:00  13.0   0.0   3.0   8.7  30.6   16:30    SE
31   5.6   6.5   15:20   4.9    0:10  12.7   0.0   0.4  28.0  59.5   13:40    SE
-------------------------------------------------------------------------------------
     1.6  10.3    29    -8.3     7   518.4   0.0  16.6  16.1 106.2    13       N

Max >=  32.0:  0
Max <=   0.0:  6
Min <=   0.0: 20
Min <= -18.0:  0
Max Rain: 6.40 ON 03/01/17
Days of Rain: 6 (> .2 mm) 3 (> 2 mm) 0 (> 20 mm)
Heat Base:  18.3  Cool Base:  18.3  Method: Integration