NOAA-style Climate Reports

Select a Year or Month report

Report for 2017 Feb
                   MONTHLY CLIMATOLOGICAL SUMMARY for FEB. 2017

NAME: Vado la Lepre   CITY: Castelnuovo V.C.   STATE: Italia 
ELEV:   800 m  LAT: 43.2068 N  LONG: 10.8773 E

                   TEMPERATURE (C), RAIN  (mm), WIND SPEED (km/hr)

                                      HEAT  COOL        AVG
    MEAN                              DEG   DEG         WIND                 DOM
DAY TEMP  HIGH   TIME   LOW    TIME   DAYS  DAYS  RAIN  SPEED HIGH   TIME    DIR
------------------------------------------------------------------------------------
 1   7.2   9.5   13:30   6.0    0:30  11.1   0.0   0.6  31.2  61.2   12:00   ESE
 2   7.8   8.2   14:40   7.1    6:10  10.5   0.0   2.0  38.8  67.6   10:40   ESE
 3   7.8   8.7   13:30   5.9   00:00  10.5   0.0   3.2  37.0  90.1   23:50   ESE
 4   6.7   8.8   15:50   4.9    2:40  11.6   0.0   3.2  32.7  80.5   14:50   ESE
 5   7.4   8.9   16:50   4.6   00:00  10.9   0.0  10.4  33.2  99.8   19:10   ESE
 6   3.6   4.8   16:00   2.0    7:40  14.7   0.0   4.0  11.7  43.5   22:00   ESE
 7   4.2   8.1   14:20   1.8    5:10  14.1   0.0   0.0  11.1  41.8    3:00   ESE
 8   3.6   6.1   12:20   1.3   22:40  14.7   0.0   0.0  14.3  48.3   23:10   ESE
 9   1.9   4.3   15:20   0.4    4:30  16.4   0.0   0.4  20.8  45.1   17:20   ESE
10   4.1   7.0   12:00   1.1    1:50  14.2   0.0   0.0  12.9  41.8    9:10   ESE
11   7.2  10.3   12:30   5.6    5:40  11.1   0.0   0.0  12.7  32.2   12:00   ESE
12   7.8  12.1   14:10   5.7    0:30  10.5   0.0   0.0  17.9  43.5    8:20   ESE
13   8.1  12.2   14:00   4.2   23:50  10.2   0.0   0.0  14.0  33.8    1:10   ESE
14   6.2   9.9   14:30   2.6    6:30  12.1   0.0   0.0   5.6  24.1   11:00   ESE
15   7.5  12.4   13:30   4.3    4:50  10.8   0.0   0.0   4.2  19.3   13:50   ESE
16   7.5  11.9   12:50   5.3    4:00  10.8   0.0   0.0   7.2  22.5   14:30   ESE
17   6.4   9.7   14:10   5.3    5:00  11.9   0.0   0.4  17.7  37.0   10:30   ESE
18   5.1   8.5   14:10   2.2   23:20  13.2   0.0  14.6   9.8  30.6   13:00   ESE
19   5.0   9.3   14:10   1.1    4:40  13.3   0.0   0.0   5.1  24.1    0:20   ESE
20   5.4   9.6   15:20   3.8    2:30  12.8   0.0   0.2   5.5  19.3    2:40   ESE
21   5.7   8.8   16:40   4.1    4:30  12.6   0.0   0.0  13.5  29.0   15:40   ESE
22   6.2   7.0   14:00   4.5    1:00  12.1   0.0   0.2  20.8  45.1    5:50   ESE
23   7.3   9.6   15:40   6.2   22:50  11.0   0.0   0.6  18.2  59.5   21:40   ESE
24   8.1   8.8   15:40   6.4   00:00  10.3   0.0  19.4  32.2  64.4    6:00   ESE
25   4.0   7.1   13:20   1.3   00:00  14.3   0.0   7.8  23.2  53.1    8:40   ESE
26   6.1  11.7   13:20   1.1    0:10  12.2   0.0   0.0   8.9  35.4    3:10   ESE
27   6.5  11.1   13:40   3.7    4:40  11.8   0.0   0.0   8.9  37.0   00:00   ESE
28   6.6   8.2   20:10   4.9    1:40  11.7   0.0   2.4  40.6  93.3   17:50   ESE
-------------------------------------------------------------------------------------
     6.1  12.4    15     0.4     9   341.5   0.0  69.4  18.2  99.8     5     ESE

Max >=  32.0:  0
Max <=   0.0:  0
Min <=   0.0:  0
Min <= -18.0:  0
Max Rain: 19.41 ON 24/02/17
Days of Rain: 15 (> .2 mm) 9 (> 2 mm) 0 (> 20 mm)
Heat Base:  18.3  Cool Base:  18.3  Method: Integration