NOAA-style Climate Reports

Select a Year or Month report

Report for 2017 Mar
                   MONTHLY CLIMATOLOGICAL SUMMARY for MAR. 2017

NAME: Vado la Lepre   CITY: Castelnuovo V.C.   STATE: Italia 
ELEV:   800 m  LAT: 43.2068 N  LONG: 10.8773 E

                   TEMPERATURE (C), RAIN  (mm), WIND SPEED (km/hr)

                                      HEAT  COOL        AVG
    MEAN                              DEG   DEG         WIND                 DOM
DAY TEMP  HIGH   TIME   LOW    TIME   DAYS  DAYS  RAIN  SPEED HIGH   TIME    DIR
------------------------------------------------------------------------------------
 1   5.7   9.6   14:40   3.8    5:10  12.6   0.0   0.0  26.1  75.6    3:00   ESE
 2   7.8  11.1   13:30   5.4    0:10  10.5   0.0   0.0  15.8  41.8    0:40   ESE
 3   8.3  11.3    9:50   5.7   00:00  10.0   0.0   0.0   8.4  45.1   23:50   ESE
 4   6.4   9.1   12:30   4.4   23:00  11.8   0.0   1.2  43.6 101.4   10:10   ESE
 5   4.7   6.7   16:00   2.5    9:40  13.7   0.0  13.0  25.7  80.5    3:30   ESE
 6   6.4   7.9   10:30   4.4   00:00  11.9   0.0  11.2  34.9  99.8   20:00   ESE
 7   6.7  10.7   14:20   3.4    6:20  11.6   0.0   0.2  11.6  41.8   12:20   ESE
 8   6.5  10.5   14:40   3.2    5:10  11.8   0.0   0.0  15.8  49.9   12:20   ESE
 9   9.7  15.6   13:50   5.3    1:40   8.6   0.0   0.0   7.2  24.1    3:40     E
10  11.8  15.9   13:40   7.2   00:00   6.5   0.0   0.0  12.6  48.3   13:40   ESE
11   7.8  12.6   15:10   4.4    5:20  10.5   0.0   0.0  11.7  41.8    5:20   ESE
12   8.7  13.1   13:50   5.9   20:30   9.6   0.0   0.0   5.1  27.4   14:30   ESE
13   7.6  12.2   15:00   4.1    6:40  10.7   0.0   0.0   8.0  37.0   10:20   ESE
14   9.4  13.8   13:50   4.2    4:10   8.9   0.0   0.0   7.7  25.7    2:00   ESE
15  11.5  16.2   14:00   7.7   00:00   6.8   0.0   0.0   7.2  29.0   23:50     E
16  11.2  16.4   14:00   7.1    1:50   7.1   0.0   0.0   8.9  30.6    6:50   ESE
17   9.9  14.7   12:50   6.9   20:30   8.4   0.0   0.0  15.4  40.2   17:30   ESE
18   9.9  14.8   12:10   7.2   23:10   8.3   0.0   0.0  11.4  45.1   15:10   WSW
19  10.6  16.9   15:00   6.8    3:50   7.7   0.0   0.0   6.3  24.1   17:10    SW
20   9.2  11.6   11:30   7.7    5:40   9.1   0.0   0.0   8.7  30.6    2:30   SSW
21  10.4  12.8   10:50   8.6   00:00   7.9   0.0   0.0   3.2  12.9   12:10   WSW
22   9.0  11.6   13:00   7.4    6:00   9.0   0.0   0.2  11.1  46.7   20:30    SW
23   8.8  10.4   11:40   7.9    6:10   9.5   0.0   0.2  24.9  53.1   10:20   SSW
24  12.7  17.6   14:20   8.2    0:10   5.6   0.0   0.0   8.0  35.4    0:30   ENE
25  12.2  18.1   12:40   5.2   22:10   6.1   0.0   7.6  10.5  40.2   12:50    SW
26   6.6  10.5   14:00   3.8    3:20  11.2   0.0   0.8   9.7  40.2   13:10     W
27   5.6  10.5   14:50   1.2    7:20  12.7   0.0   0.2  14.2  48.3   22:50    NE
28   8.1  14.7   16:30   2.8    3:30  10.2   0.0   0.0   9.5  40.2    0:10    NE
29  11.8  17.5   17:00   6.8    2:30   6.5   0.0   0.0   6.9  22.5    5:30    NE
30  14.6  20.3   17:00   9.6    3:40   3.9   0.2   0.0   6.3  24.1   12:40    NE
31  14.9  19.3   14:30  10.7   23:20   3.1   0.0   0.0   8.4  29.0   14:50    NE
-------------------------------------------------------------------------------------
     9.2  20.3    30     1.2    27   281.7   0.2  34.6  13.1 101.4     4     ESE

Max >=  32.0:  0
Max <=   0.0:  0
Min <=   0.0:  0
Min <= -18.0:  0
Max Rain: 13.00 ON 05/03/17
Days of Rain: 9 (> .2 mm) 3 (> 2 mm) 0 (> 20 mm)
Heat Base:  18.3  Cool Base:  18.3  Method: Integration