NOAA-style Climate Reports

Select a Year or Month report

Report for 2017 Apr
                   MONTHLY CLIMATOLOGICAL SUMMARY for APR. 2017

NAME: Vado la Lepre   CITY: Castelnuovo V.C.   STATE: Italia 
ELEV:   800 m  LAT: 43.2068 N  LONG: 10.8773 E

                   TEMPERATURE (C), RAIN  (mm), WIND SPEED (km/hr)

                                      HEAT  COOL        AVG
    MEAN                              DEG   DEG         WIND                 DOM
DAY TEMP  HIGH   TIME   LOW    TIME   DAYS  DAYS  RAIN  SPEED HIGH   TIME    DIR
------------------------------------------------------------------------------------
 1  11.8  15.8   13:30   9.2   23:10   6.5   0.0   0.0  17.7  46.7   16:00   SSW
 2   9.7  12.2   10:10   7.4   23:10   8.6   0.0   3.4  11.6  41.8    2:50    NE
 3  11.4  17.0   15:20   6.8    4:10   6.9   0.0   0.2  12.6  41.8    9:40    NE
 4  14.4  19.6   15:30  11.1    5:20   4.0   0.1   0.0   6.4  24.1   16:00    NE
 5  11.7  16.2   12:20   7.4   16:00   6.6   0.0  27.2   8.0  32.2   16:10   ENE
 6   9.3  13.1   11:40   6.8   17:40   8.9   0.0  15.4   5.5  37.0   15:10    NE
 7  10.9  16.2   14:10   6.3    5:50   7.4   0.0   0.0   6.1  30.6    5:40    NE
 8  13.7  18.6   14:40  10.1    2:30   4.6   0.0   0.0   5.1  20.9   15:50   NNE
 9  14.7  19.3   14:00  10.7    4:40   3.7   0.1   0.0   6.3  19.3   12:20    NE
10  14.4  18.7   13:40  10.3   23:20   3.9   0.0   0.0   9.0  30.6   21:10     W
11  13.1  17.9   14:30   8.7    5:50   5.3   0.0   0.0   8.4  30.6    3:00     W
12  14.4  20.3   14:00  10.1   00:00   3.9   0.1   0.0   7.6  25.7   22:10   WSW
13  12.4  18.1   15:00   8.8   00:00   5.9   0.0   0.0   7.6  24.1    5:40     W
14  11.7  17.2   14:30   8.3    4:30   6.7   0.0   0.0  10.9  30.6   16:00   SSW
15  11.2  15.9   14:40   8.8    0:40   7.1   0.0   0.6  10.0  32.2   14:40   SSW
16  12.1  17.9   15:10   8.2    5:20   6.2   0.0   0.0   8.5  30.6   17:10    NE
17  11.0  17.3   16:00   6.3    6:50   7.3   0.0   0.0  11.1  40.2    9:30    NE
18   8.9  15.2   13:20   2.2   00:00   9.4   0.0   0.0  12.4  53.1   20:40    NE
19   4.4  10.6   15:30   0.8    5:00  13.9   0.0   0.0  10.0  37.0    3:40    NE
20   5.4  10.2   14:40   0.8    6:40  12.8   0.0   0.0   7.1  29.0   13:10    NE
21   6.5  11.4   14:40   1.8    6:20  11.8   0.0   0.0   6.1  22.5   14:40    NE
22   7.6  11.6   14:40   5.3    0:30  10.7   0.0   0.0  12.9  40.2   15:00     W
23  10.1  16.1   16:20   5.8    5:40   8.3   0.0   0.0   7.1  27.4    0:50     W
24   9.7  14.1   13:50   6.8    4:20   8.6   0.0   0.0  14.6  45.1   22:50    SW
25   9.4  12.9   16:20   7.4    6:10   8.9   0.0   0.2  33.3  62.8   23:20    SW
26  10.2  12.4   14:10   8.0    5:50   8.2   0.0   0.6  44.1  82.1   13:10   SSW
27  11.2  12.4   13:20   7.8   23:50   7.1   0.0  12.0  30.3  75.6    0:40    SW
28   7.0   9.9   12:50   4.1    6:50  11.3   0.0   2.2  16.4  54.7   11:00   WSW
29   8.6  13.6   15:30   4.6    6:10   9.8   0.0   0.0   7.9  27.4   10:50    NE
30   9.6  15.8   16:50   4.8    3:20   8.7   0.0   0.0  10.0  35.4    9:20    NE
-------------------------------------------------------------------------------------
    10.5  20.3    12     0.8    19   233.0   0.2  61.8  12.2  82.1    26      NE

Max >=  32.0:  0
Max <=   0.0:  0
Min <=   0.0:  0
Min <= -18.0:  0
Max Rain: 27.20 ON 05/04/17
Days of Rain: 9 (> .2 mm) 5 (> 2 mm) 1 (> 20 mm)
Heat Base:  18.3  Cool Base:  18.3  Method: Integration