NOAA-style Climate Reports

Select a Year or Month report

Report for 2017 May
                   MONTHLY CLIMATOLOGICAL SUMMARY for MAY. 2017

NAME: Vado la Lepre   CITY: Castelnuovo V.C.   STATE: Italia 
ELEV:   800 m  LAT: 43.2068 N  LONG: 10.8773 E

                   TEMPERATURE (C), RAIN  (mm), WIND SPEED (km/hr)

                                      HEAT  COOL        AVG
    MEAN                              DEG   DEG         WIND                 DOM
DAY TEMP  HIGH   TIME   LOW    TIME   DAYS  DAYS  RAIN  SPEED HIGH   TIME    DIR
------------------------------------------------------------------------------------
 1   8.8  12.3   11:30   6.3   23:50   9.5   0.0   7.8  19.5  70.8   12:40    SW
 2   9.2  13.7   15:10   6.3    0:10   9.1   0.0   0.0  12.7  35.4    1:00   WSW
 3  10.7  16.1   17:00   7.4    5:50   7.6   0.0   0.0   6.1  25.7   12:50   WNW
 4  10.6  15.8   15:20   7.8    1:40   7.7   0.0   2.2  14.0  37.0   14:30    SW
 5  12.1  17.3   17:20   7.3    5:50   6.2   0.0   0.2   5.5  30.6    0:10    SW
 6  12.7  15.3    8:30   8.7   22:50   5.6   0.0   8.4  25.4  91.7   17:50   SSW
 7  10.3  13.9   17:00   8.1    0:40   8.0   0.0   0.2  15.0  51.5    1:00     W
 8  12.9  17.4   12:50   8.5    0:10   5.4   0.0   0.0   5.0  24.1   13:30    NE
 9  12.4  15.9   14:30   9.4    6:10   5.9   0.0   0.4   5.1  20.9   13:20    NE
10  13.0  18.1   16:00   9.6    1:40   5.3   0.0   0.0  15.6  46.7   21:40    SW
11  13.3  17.8   13:00   9.9    2:00   5.0   0.0   0.0  22.7  59.5   20:00   SSW
12  14.1  18.1   13:20  11.2    4:10   4.2   0.0   0.2   8.5  37.0    0:50   WSW
13  14.7  19.2   16:20  10.8    3:20   3.6   0.0   0.2   9.7  30.6   13:40   WSW
14  14.2  19.3   15:00  10.8    6:10   4.1   0.0   0.0   8.2  25.7   15:30    NE
15  15.3  21.4   17:00  11.1    2:30   3.4   0.4   5.6   7.2  29.0   21:30    NE
16  15.6  20.5   14:10  10.7    6:00   3.1   0.4   0.0  13.2  38.6   13:10    NE
17  17.2  22.3   14:30  12.4    4:00   2.0   0.9   0.0  11.3  32.2    6:10    NE
18  16.9  21.3   13:00  12.9    6:00   2.0   0.6   0.0  15.6  40.2   13:20   SSW
19  15.4  19.2   15:50   9.8   22:50   2.9   0.0   0.0  21.6  51.5    9:30   SSW
20  11.8  16.8   12:30   9.4    6:30   6.5   0.0   0.0   9.2  38.6   14:20   WNW
21  14.5  19.9   15:20   9.4    6:40   4.0   0.2   0.0  10.5  30.6    5:20    NE
22  16.3  21.4   13:40  12.8    3:00   2.5   0.5   0.0   8.2  25.7    8:40   ENE
23  17.3  22.3   15:30  14.3    0:10   1.7   0.7   0.0   6.1  17.7    1:20   NNE
24  18.1  21.9   16:10  15.2    4:30   1.1   0.9   0.0   7.7  20.9   16:20   WSW
25  17.3  22.3   15:10  11.9    6:50   1.8   0.8   0.0   9.5  35.4   23:10     E
26  16.7  22.1   15:10  13.4    7:10   2.4   0.7   0.0   9.7  40.2    2:10     E
27  17.8  23.9   17:30  12.2    5:30   1.9   1.4   0.0   9.0  33.8    7:40    NE
28  19.6  24.9   16:50  14.3    5:10   0.9   2.1   0.0   7.4  30.6    6:50   ENE
29  19.8  25.1   13:50  16.4   21:10   0.3   1.8   0.0   8.5  30.6   15:40    SW
30  18.9  23.4   14:50  15.8    5:50   0.7   1.4   0.0  11.7  27.4   16:20    SW
31  18.1  22.8   16:30  14.7   22:50   1.4   1.1   0.0  17.4  37.0   22:40    SW
-------------------------------------------------------------------------------------
    14.7  25.1    29     6.3     1   125.6  14.0  25.2  11.5  91.7     6      NE

Max >=  32.0:  0
Max <=   0.0:  0
Min <=   0.0:  0
Min <= -18.0:  0
Max Rain: 8.41 ON 06/05/17
Days of Rain: 9 (> .2 mm) 4 (> 2 mm) 0 (> 20 mm)
Heat Base:  18.3  Cool Base:  18.3  Method: Integration