NOAA-style Climate Reports

Select a Year or Month report

Report for 2017 Jun
                   MONTHLY CLIMATOLOGICAL SUMMARY for JUN. 2017

NAME: Vado la Lepre   CITY: Castelnuovo V.C.   STATE: Italia 
ELEV:   800 m  LAT: 43.2068 N  LONG: 10.8773 E

                   TEMPERATURE (C), RAIN  (mm), WIND SPEED (km/hr)

                                      HEAT  COOL        AVG
    MEAN                              DEG   DEG         WIND                 DOM
DAY TEMP  HIGH   TIME   LOW    TIME   DAYS  DAYS  RAIN  SPEED HIGH   TIME    DIR
------------------------------------------------------------------------------------
 1  17.9  22.7   13:50  15.0    0:10   1.5   1.1   0.0  16.1  33.8   18:10    SW
 2  18.1  22.6   15:00  14.8   00:00   1.2   1.0   0.0  10.5  32.2   17:10    SW
 3  19.2  24.9   14:20  14.1    0:40   0.9   1.8   0.0   5.5  20.9   19:50   WSW
 4  18.7  23.8   14:10  14.9    6:00   1.0   1.5   0.0   7.6  27.4   15:10   WSW
 5  18.4  22.8   12:30  14.9    5:00   0.9   1.1   0.0   8.0  43.5   15:30    SW
 6  16.6  20.2   13:10  14.2   22:40   1.9   0.1   1.4  16.3  38.6   13:10    SW
 7  15.8  20.1   12:30  11.9   21:40   2.7   0.2   0.0   6.0  20.9   17:30   WNW
 8  18.0  23.8   16:00  12.0    5:50   1.9   1.6   0.0   7.9  29.0    9:30    NE
 9  20.2  24.6   12:30  16.4    5:40   0.4   2.3   0.0   7.9  25.7   12:50   ENE
10  20.4  25.0   15:50  16.7    6:30   0.2   2.4   0.0   3.9  20.9   16:00   WSW
11  22.4  28.1   16:30  18.1    1:00   0.0   4.1   0.0   6.9  27.4    8:40    NE
12  22.6  28.1   14:50  18.3    4:50   0.0   4.3   0.0   9.3  30.6   17:20   WSW
13  22.3  27.2   14:00  18.6    3:30   0.0   4.0   0.0  10.1  29.0   15:40    SW
14  22.3  26.7   14:30  19.6   21:10   0.0   4.0   0.0  13.0  27.4   12:40    SW
15  21.7  27.2   14:50  17.9    6:30   0.0   3.4   0.0   8.7  29.0   15:10   WSW
16  23.1  29.3   13:50  18.6    5:10   0.0   4.8   0.0   5.3  20.9   15:00    NE
17  24.1  28.8   13:40  19.9    5:30   0.0   5.8   0.0   7.1  33.8   23:10    NE
18  20.1  24.5   15:30  16.1   23:50   0.4   2.2   0.0  13.5  43.5    6:50     E
19  20.3  27.2   17:00  14.7    5:10   0.9   3.0   0.0   9.7  32.2    9:40   ENE
20  22.3  27.1   14:40  18.6   22:00   0.0   4.0   0.0  10.0  37.0   15:50   WSW
21  21.9  27.3   14:10  18.4    5:10   0.0   3.6   0.0   8.4  29.0   15:20   WSW
22  22.9  28.4   14:20  19.3    6:00   0.0   4.6   0.0   8.5  30.6   17:30   WSW
23  21.9  26.8   14:40  18.2   00:00   0.0   3.6   0.0   9.7  27.4   17:50   WSW
24  22.4  29.2   14:40  17.2    3:20   0.1   4.2   0.0   9.2  29.0   16:00    SW
25  21.7  26.4   14:10  17.5    5:20   0.0   3.4   0.0   8.4  33.8   16:40   WSW
26  22.7  30.2   13:50  16.6    4:40   0.2   4.6   0.0   9.5  37.0   22:50   ENE
27  22.6  27.1   16:20  18.6    6:50   0.0   4.3   0.0  19.3  56.3    2:50   SSW
28  20.1  25.4   15:10  16.1   20:00   0.3   2.1   5.8  29.0  83.7   15:50   SSW
29  18.1  23.6   15:30  14.9    5:30   1.3   1.0   1.8  17.7  48.3    5:30   WSW
30  14.6  17.7   10:10  12.3   21:20   3.7   0.0  11.2   9.3  37.0   19:20    SW
-------------------------------------------------------------------------------------
    20.4  30.2    26    11.9     7    19.5  84.0  20.2  10.4  83.7    28      SW

Max >=  32.0:  0
Max <=   0.0:  0
Min <=   0.0:  0
Min <= -18.0:  0
Max Rain: 11.20 ON 30/06/17
Days of Rain: 4 (> .2 mm) 2 (> 2 mm) 0 (> 20 mm)
Heat Base:  18.3  Cool Base:  18.3  Method: Integration