NOAA-style Climate Reports

Select a Year or Month report

Report for 2017 Jul
                   MONTHLY CLIMATOLOGICAL SUMMARY for JUL. 2017

NAME: Vado la Lepre   CITY: Castelnuovo V.C.   STATE: Italia 
ELEV:   800 m  LAT: 43.2068 N  LONG: 10.8773 E

                   TEMPERATURE (C), RAIN  (mm), WIND SPEED (km/hr)

                                      HEAT  COOL        AVG
    MEAN                              DEG   DEG         WIND                 DOM
DAY TEMP  HIGH   TIME   LOW    TIME   DAYS  DAYS  RAIN  SPEED HIGH   TIME    DIR
------------------------------------------------------------------------------------
 1  15.2  19.8   14:20  12.2    3:00   3.2   0.1   0.2  13.2  33.8    3:40   WSW
 2  16.8  22.3   17:00  12.2    5:20   2.3   0.8   0.2   5.3  22.5   15:50    NE
 3  20.3  26.5   15:20  15.2    0:10   0.7   2.8   0.0   6.8  24.1   16:20    NE
 4  22.3  27.2   13:30  18.7    3:20   0.0   4.0   0.0   8.0  30.6   15:10   NNE
 5  23.4  28.6   15:40  20.3    5:50   0.0   5.2   0.0   7.6  25.7   16:00     W
 6  24.3  29.4   14:50  20.6    5:50   0.0   6.0   0.0   6.6  25.7   12:10     W
 7  24.8  30.1   13:50  21.1   21:40   0.0   6.5   0.0   9.7  29.0   12:40   WSW
 8  25.6  31.8   13:40  21.2    5:30   0.0   7.3   0.0   5.6  22.5   16:00     W
 9  24.8  30.7   13:10  20.8   00:00   0.0   6.5   0.0  15.0  51.5   18:20    SW
10  21.7  27.4   16:20  18.1    4:20   0.0   3.4   0.0  14.3  40.2    0:40    SW
11  21.9  27.9   14:00  18.2    1:50   0.0   3.7   0.0  13.5  35.4   13:20    SW
12  22.1  27.9   13:50  17.8    6:00   0.0   3.8   0.0  17.2  41.8   14:20   WSW
13  22.9  29.1   14:30  19.1   23:40   0.0   4.6   0.0   8.0  32.2    0:10   WSW
14  23.0  27.8   15:20  19.4   23:50   0.0   4.7   0.0   5.5  22.5   23:10    NE
15  22.1  28.2   14:30  17.7    6:00   0.0   3.9   0.0  11.9  37.0   22:50    NE
16  19.2  23.2   16:10  15.6    6:40   0.7   1.6   0.0  15.6  43.5    3:20    NE
17  19.9  26.6   17:20  14.2    4:10   1.1   2.7   0.0  11.1  40.2   12:50    NE
18  21.9  28.7   16:00  16.2    6:00   0.4   3.9   0.0  10.9  45.1   10:20    SW
19  21.9  27.3   13:40  18.6    4:00   0.0   3.6   0.0  11.4  35.4   14:30    SW
20  21.4  26.5   15:30  17.6    1:30   0.0   3.1   0.0  18.2  35.4   21:20    SW
21  22.1  27.0   14:50  18.2   00:00   0.0   3.7   0.0  18.3  46.7   14:50   SSW
22  21.5  26.1   16:50  18.1    1:10   0.0   3.2   0.0  15.6  40.2    1:40    SW
23  22.4  28.9   14:30  18.1    4:00   0.0   4.1   0.0   9.3  35.4   15:10   WSW
24  21.4  26.0   12:40  18.2   20:40   0.0   3.1   3.6  16.7  59.5   17:40   WSW
25  18.6  23.3   15:50  12.0   12:30   0.8   1.1  21.8   8.5  41.8   12:20   WSW
26  19.3  24.7   15:30  16.5   23:50   0.5   1.6   0.0   8.4  29.0   14:20   WSW
27  20.2  25.9   15:00  15.8    2:30   0.5   2.4   0.0   9.2  29.0   15:40   WSW
28  21.1  26.9   15:40  16.2    6:20   0.2   2.9   0.0  10.9  33.8   18:00    SW
29  22.8  29.1   14:30  18.4   00:00   0.0   4.6   0.0   9.8  32.2   15:50    SW
30  22.3  27.1   14:20  17.0    0:40   0.0   4.1   0.0  11.3  29.0   15:40    SW
31  26.9  32.2   14:30  22.3    5:30   0.0   8.7   0.0   6.8  24.1   14:40   SSW
-------------------------------------------------------------------------------------
    21.7  32.2    31    12.0    25    10.6 117.6  25.8  11.0  59.5    24     WSW

Max >=  32.0:  1
Max <=   0.0:  0
Min <=   0.0:  0
Min <= -18.0:  0
Max Rain: 21.79 ON 25/07/17
Days of Rain: 4 (> .2 mm) 2 (> 2 mm) 1 (> 20 mm)
Heat Base:  18.3  Cool Base:  18.3  Method: Integration