NOAA-style Climate Reports

Select a Year or Month report

Report for 2017 Aug
                   MONTHLY CLIMATOLOGICAL SUMMARY for AUG. 2017

NAME: Vado la Lepre   CITY: Castelnuovo V.C.   STATE: Italia 
ELEV:   800 m  LAT: 43.2068 N  LONG: 10.8773 E

                   TEMPERATURE (C), RAIN  (mm), WIND SPEED (km/hr)

                                      HEAT  COOL        AVG
    MEAN                              DEG   DEG         WIND                 DOM
DAY TEMP  HIGH   TIME   LOW    TIME   DAYS  DAYS  RAIN  SPEED HIGH   TIME    DIR
------------------------------------------------------------------------------------
 1  28.9  33.7   14:40  25.6   21:20   0.0  10.6   0.0  14.0  37.0   20:00    SW
 2  29.2  35.4   16:10  24.7    1:10   0.0  10.9   0.0   6.9  32.2    0:40     W
 3  29.6  34.5   13:40  25.8   22:20   0.0  11.3   0.0   8.0  24.1   23:00   WSW
 4  29.4  34.7   13:30  25.8    1:10   0.0  11.1   0.0   8.4  25.7   13:40   WSW
 5  28.3  33.9   14:10  23.8   23:40   0.0  10.0   0.0   8.0  27.4   15:00   WSW
 6  26.1  31.1   12:40  21.6   23:30   0.0   7.8   0.0  10.3  32.2   13:40     W
 7  25.6  31.7   13:40  19.9    6:20   0.0   7.2   0.0   9.2  33.8   15:40    SW
 8  25.2  29.6   13:30  21.9    6:10   0.0   6.8   0.0  15.3  49.9   21:50    SW
 9  23.7  28.8   16:10  20.6    6:20   0.0   5.4   0.0  22.7  49.9   14:00   SSW
10  20.8  25.1   11:30  16.1   00:00   0.2   2.7   0.4  13.4  46.7   13:10   SSW
11  16.8  21.7   13:00  13.6   23:10   2.0   0.5   0.0  14.2  38.6   10:10     W
12  15.9  21.1   16:40  10.6    7:40   2.7   0.4  14.2   6.9  46.7    8:20   WNW
13  20.0  26.3   14:10  15.7    3:20   0.6   2.3   0.0   6.9  22.5   10:30   NNE
14  22.4  28.1   15:50  18.3    1:10   0.0   4.1   0.0   7.9  29.0   10:20     E
15  24.4  29.2   13:40  20.9    1:20   0.0   6.1   0.0   6.3  29.0   14:30    NE
16  24.1  30.3   14:40  19.7    6:00   0.0   5.8   0.0   6.1  24.1   14:40   WNW
17  25.1  31.4   16:10  20.3    4:40   0.0   6.8   0.0   7.6  25.7   16:50    NE
18  26.1  31.8   13:30  21.8   00:00   0.0   7.8   0.0  10.6  30.6   17:10    SW
19  22.8  27.9   14:50  19.0   23:10   0.0   4.5   0.0  11.4  32.2   13:30    SW
20  20.4  26.1   14:00  16.0   00:00   0.4   2.5   0.0  10.0  32.2   18:30    NE
21  18.7  24.3   15:40  13.5    6:30   1.4   1.7   0.0  11.3  33.8   13:40    NE
22  19.7  26.1   16:20  15.1    5:40   0.9   2.3   0.0  10.5  38.6    9:30    NE
23  20.9  27.6   13:50  16.6    5:10   0.3   3.0   0.0   6.9  25.7   16:10     W
24  22.4  28.0   14:30  18.4    0:10   0.0   4.2   0.0  10.3  33.8   15:20    SW
25  22.7  27.6   15:20  19.7    1:10   0.0   4.4   0.0   8.9  27.4   13:40    SW
26  25.0  30.6   14:30  21.5    4:40   0.0   6.7   0.0   7.6  29.0   14:50    SW
27  25.3  30.3   13:10  22.3    1:10   0.0   7.0   0.0   7.9  25.7   14:40     W
28  25.1  29.8   14:40  22.1   23:20   0.0   6.8   0.0   9.2  30.6   14:00   WNW
29  24.4  30.7   15:50  19.8    4:10   0.0   6.1   0.0  10.1  37.0    9:10   ENE
30  24.8  30.0   15:20  21.4    1:10   0.0   6.5   0.0  10.5  38.6   16:40    SW
31  22.6  28.8   13:30  19.3   00:00   0.0   4.3   0.0  17.5  49.9   16:00    SW
-------------------------------------------------------------------------------------
    23.7  35.4     2    10.6    12     8.5 177.4  14.6  10.1  49.9     8      SW

Max >=  32.0:  5
Max <=   0.0:  0
Min <=   0.0:  0
Min <= -18.0:  0
Max Rain: 14.20 ON 12/08/17
Days of Rain: 2 (> .2 mm) 1 (> 2 mm) 0 (> 20 mm)
Heat Base:  18.3  Cool Base:  18.3  Method: Integration