NOAA-style Climate Reports

Select a Year or Month report

Report for 2017 Sep
                   MONTHLY CLIMATOLOGICAL SUMMARY for SEP. 2017
           dal 3 al 30 settembre dati elaborati dalla stazione Colombaia)
NAME: Vado la Lepre   CITY: Castelnuovo V.C.   STATE: Italia 
ELEV:   800 m  LAT: 43.2068 N  LONG: 10.8773 E

                   TEMPERATURE (C), RAIN  (mm), WIND SPEED (km/hr)

                                      HEAT  COOL        AVG
    MEAN                              DEG   DEG         WIND                 DOM
DAY TEMP  HIGH   TIME   LOW    TIME   DAYS  DAYS  RAIN  SPEED HIGH   TIME    DIR
------------------------------------------------------------------------------------
 1  19.2  24.4   15:10  15.1    3:40   0.7   1.5  28.0   9.3  48.3    3:30     W
 2  15.7  18.9   15:00   8.7   23:10   2.7   0.0   3.2  15.9  48.3   15:40   WSW
 3  14.2  19.9   15:50   8.9    4:10   4.1   0.1   1.4   6.4  32.2    3:30    NE
 4  16.8  22.3   14:50  12.8    3:50   2.2   0.8   0.0   5.3  25.7   10:40   ENE
 5  17.3  22.9   15:10  13.2    2:50   2.1   1.1   0.2   6.0  22.5   17:50   WNW
 6  18.2  23.6   16:00  14.7    4:20   1.3   1.1   0.0   7.2  24.1   13:10    SW
 7  17.8  22.8   12:50  14.8    6:40   1.3   0.9   0.0   5.1  24.1    9:40     S
 8  17.1  22.6   14:00  13.7    5:40   1.9   0.7   0.0   3.9  25.7   18:00    SW
 9  16.2  19.8   15:30  13.8    6:00   2.3   0.1   0.0   2.1  53.1   18:10    SW
10  14.7  17.4    5:30  13.7   21:20   3.5   0.0  10.0   0.0  11.3    0:20     S
11  14.4  16.5   17:50  12.8    7:10   3.9   0.0   7.8   0.0   1.6    0:20     E
12  14.8  18.6   12:40  12.1   21:30   3.5   0.0   0.0   6.4  53.1   15:30   WNW
13  14.9  20.8   15:40  11.8    7:00   3.6   0.3   0.2   3.4  20.9   15:00   WNW
14  16.1  21.3   15:10  12.2    1:30   2.6   0.4   0.2   8.5  40.2   15:30    SW
15  16.1  20.6   14:40  14.7    3:30   2.3   0.2   0.2   1.3  38.6   18:30    SW
16  13.0  18.3   13:30  10.4   22:30   4.6   0.0  17.4   0.5  11.3   21:00    NW
17  12.4  16.3   14:00   9.6    6:30   5.8   0.0   3.8   8.9  48.3   14:30     W
18  13.1  17.9   13:50  10.1   23:30   5.2   0.0   7.8   9.7  35.4   10:50    SW
19   9.6  15.3   15:50   7.6   00:00   8.6   0.0  11.8   2.7  29.0   17:50   WNW
20  11.3  17.4   16:20   6.3    1:50   7.0   0.0   0.0   6.3  32.2    5:30    NE
21  13.0  17.8   15:40   9.9    7:10   5.3   0.0   0.0   5.3  19.3   13:50   WNW
22  13.6  19.6   15:20  10.1    5:30   4.7   0.0   0.0   3.7  19.3   14:10     W
23  14.1  18.6   13:40  11.3    6:30   4.3   0.0   0.4   4.0  25.7   15:40    SW
24  12.8  15.1   16:40  11.8   23:40   5.4   0.0   3.0   1.8  12.9   11:50    SW
25  12.7  17.1   15:30   9.1    6:40   5.6   0.0   0.2   2.9  22.5   15:00     E
26  12.8  17.7   13:30   9.2    7:20   5.5   0.0   0.0   5.8  25.7   11:20     E
27  13.7  19.6   15:10   9.4    6:20   4.6   0.0   0.0   5.6  20.9   11:50     E
28  14.5  18.9   15:50  11.1    6:30   3.8   0.0   0.0   7.4  25.7   20:50     E
29  13.7  19.4   15:20  10.1    3:40   4.7   0.0   0.0   8.2  25.7   14:50     E
30  13.8  19.0   17:00   9.6    6:30   4.5   0.0   0.0   6.8  20.9   12:40     E
-------------------------------------------------------------------------------------
    14.6  24.4     1     6.3    20   117.6   7.4  95.6   5.3  53.1     9       E

Max >=  32.0:  0
Max <=   0.0:  0
Min <=   0.0:  0
Min <= -18.0:  0
Max Rain: 27.99 ON 01/09/17
Days of Rain: 16 (> .2 mm) 9 (> 2 mm) 1 (> 20 mm)
Heat Base:  18.3  Cool Base:  18.3  Method: Integration