NOAA-style Climate Reports

Select a Year or Month report

Report for 2017 Oct
                   MONTHLY CLIMATOLOGICAL SUMMARY for OCT. 2017

NAME: Vado la Lepre   CITY: Castelnuovo V.C.   STATE: Italia 
ELEV:   800 m  LAT: 43.2068 N  LONG: 10.8773 E

                   TEMPERATURE (C), RAIN  (mm), WIND SPEED (km/hr)

                                      HEAT  COOL        AVG
    MEAN                              DEG   DEG         WIND                 DOM
DAY TEMP  HIGH   TIME   LOW    TIME   DAYS  DAYS  RAIN  SPEED HIGH   TIME    DIR
------------------------------------------------------------------------------------
 1  13.6  15.5   16:00  12.2   10:10   4.7   0.0   1.6   3.1  11.3    7:40     W
 2  14.8  18.2   18:10  12.0    4:40   3.5   0.0   1.0   4.8  20.9   17:20    NE
 3  13.7  16.3   15:10  12.2    8:20   4.6   0.0   0.0  21.4  41.8   11:20   SSW
 4  15.6  20.2   15:50  12.0    7:30   2.8   0.1   0.0   6.4  17.7    0:10    NE
 5  15.2  17.9   13:00  13.3   00:00   3.1   0.0   0.0  11.9  32.2   14:30    SW
 6  14.2  18.3   17:20   6.8   23:40   4.1   0.0   2.4   9.2  51.5   22:00     N
 7  10.6  15.9   16:50   6.6    3:50   7.7   0.0   0.0  11.7  48.3    0:50   NNE
 8  12.7  18.1   16:30  10.1    1:30   5.6   0.0   0.0  14.6  35.4    7:20    SW
 9  13.0  16.6   13:50  10.6    5:50   5.3   0.0   0.0   9.3  25.7    3:00     E
10  13.6  17.3   17:10  11.8    8:20   4.7   0.0   0.0   7.6  24.1    3:20   SSE
11  14.9  18.7   16:50  12.6    1:30   3.4   0.0   0.0   8.9  24.1   15:10    SW
12  13.2  17.0   15:00  10.6    8:10   5.1   0.0   0.0   8.4  24.1   13:40    SW
13  14.1  18.2   15:50  11.9    8:50   4.2   0.0   0.6   7.6  17.7    8:30     N
14  16.7  19.8   12:50  12.1    2:10   1.8   0.2   0.2   4.2  14.5   13:00   SSW
15  18.2  21.3   13:10  15.6    3:40   0.7   0.6   0.0   3.7  12.9   15:20     N
16  18.3  22.3   14:50  16.2    5:50   0.8   0.8   0.0   5.6  22.5   16:20    SW
17  17.0  20.2   15:00  14.8   20:20   1.5   0.2   0.0   8.5  25.7   16:50     S
18  15.1  18.3   15:10  13.1   22:20   3.2   0.0   0.0  10.6  25.7   15:30     S
19  14.4  18.9   17:00  11.2    8:50   3.9   0.0   0.0  12.9  29.0    7:30     S
20  14.4  18.2   14:30  12.3    6:30   3.9   0.0   0.0  14.6  32.2   22:50     S
21  13.9  18.2   16:50  12.3    1:30   4.4   0.0   0.4  18.3  33.8    3:50   SSW
22  13.1  16.1   15:50  10.2   21:00   5.2   0.0   0.6  26.9  67.6   14:30    SW
23   9.8  14.7   16:40   5.0    4:30   8.5   0.0   0.0  10.1  33.8    3:10   NNE
24  12.0  15.7   14:50   9.4    7:20   6.3   0.0   0.0  12.7  33.8   12:30   NNE
25  13.0  16.8   16:00   9.4    7:00   5.3   0.0   0.0  13.4  35.4    9:10   NNE
26  15.6  20.2   16:00  12.4    1:40   3.0   0.2   0.0   8.9  22.5    6:10   NNE
27  12.2  14.3   17:10  10.9    2:50   6.1   0.0   0.0  12.1  37.0   23:50    SW
28  10.8  14.6   14:20   7.8    9:00   7.5   0.0   0.2  15.6  49.9    3:50    NE
29  11.0  13.8   13:30   9.7    4:00   7.3   0.0   0.0  17.5  35.4    5:40   SSW
30  10.9  14.4   15:20   8.9    2:40   7.3   0.0   0.0   9.3  29.0   21:40    NE
31   9.8  13.6   15:50   7.4    7:00   8.5   0.0   0.0  13.4  40.2    9:20    NE
-------------------------------------------------------------------------------------
    13.7  22.3    16     5.0    23   143.9   2.1   7.0  11.1  67.6    22      SW

Max >=  32.0:  0
Max <=   0.0:  0
Min <=   0.0:  0
Min <= -18.0:  0
Max Rain: 2.39 ON 06/10/17
Days of Rain: 8 (> .2 mm) 1 (> 2 mm) 0 (> 20 mm)
Heat Base:  18.3  Cool Base:  18.3  Method: Integration