NOAA-style Climate Reports

Select a Year or Month report

Report for 2017 Nov
                   MONTHLY CLIMATOLOGICAL SUMMARY for NOV. 2017

NAME: Vado la Lepre   CITY: Castelnuovo V.C.   STATE: Italia 
ELEV:   800 m  LAT: 43.2068 N  LONG: 10.8773 E

                   TEMPERATURE (C), RAIN  (mm), WIND SPEED (km/hr)

                                      HEAT  COOL        AVG
    MEAN                              DEG   DEG         WIND                 DOM
DAY TEMP  HIGH   TIME   LOW    TIME   DAYS  DAYS  RAIN  SPEED HIGH   TIME    DIR
------------------------------------------------------------------------------------
 1  11.2  15.7   14:40   7.9    1:20   7.1   0.0   0.0   5.6  14.5    0:10    NE
 2  10.3  12.6   15:50   9.1    7:30   8.0   0.0   0.0  19.2  48.3   00:00   SSW
 3  11.3  12.4   11:30   9.2    0:20   7.0   0.0   4.6  17.2  53.1    2:20    SW
 4  11.7  14.6   12:40  10.3   23:40   6.6   0.0   0.0  10.6  35.4   23:40     S
 5  10.3  11.9   14:30   7.6   11:20   8.0   0.0  37.8  38.3 103.0   11:40     S
 6   6.8   9.3   14:30   4.3   00:00  11.5   0.0   2.4  13.0  40.2    0:10    NE
 7   5.6   8.5   13:50   3.7    5:50  12.7   0.0   0.2   9.0  30.6    0:20    NE
 8   7.4  10.2   12:50   4.7    8:00  10.9   0.0   3.4   9.2  27.4   23:10    SW
 9   7.2   9.1   12:30   5.6    3:20  11.1   0.0   5.0   8.0  30.6    1:10   ENE
10   7.5  10.3   15:30   5.1    8:10  10.8   0.0   0.0  11.7  35.4    6:40    NE
11   8.8  12.6   14:50   7.0    7:50   9.4   0.0   0.0   6.4  16.1    3:10   NNE
12   8.3   9.3   15:10   7.2    4:50  10.0   0.0   1.2  25.1  69.2   23:00     S
13   2.2   8.7    0:30  -0.8   17:30  16.1   0.0  23.4  28.2  90.1    2:30    NE
14   2.1   4.7   14:30   0.2    0:10  16.2   0.0   8.6  32.7  72.4   18:10    NE
15   3.7   6.0   14:20   2.2   22:00  14.6   0.0   0.8  28.2  67.6    2:50   NNE
16   4.6   8.5   15:30   2.4    8:20  13.7   0.0   0.0  19.5  45.1    5:00   NNE
17   6.1   9.7   13:50   3.1    0:10  12.2   0.0   0.0  19.5  48.3    7:00    NE
18   4.9   8.8   15:10   3.2    2:30  13.3   0.0   0.2  15.1  35.4    0:20   NNE
19   6.6   8.3   15:50   3.6    0:10  11.7   0.0   0.0  13.0  30.6   13:10    SW
20   7.3  10.8   12:40   3.4    5:30  11.0   0.0   0.2  12.7  30.6    6:40   SSW
21   8.3  12.1   16:30   6.6    0:10  10.0   0.0   0.2  15.6  30.6   13:10   SSW
22   8.4  10.7   14:50   7.2    0:50   9.8   0.0   0.0  22.0  45.1   21:10     S
23   8.7   9.6   14:10   7.5    0:10   9.6   0.0   0.2  24.1  43.5    0:40   SSW
24   9.2  11.1   13:20   8.3    6:30   9.1   0.0   0.4  17.5  38.6   23:00     S
25   9.1  10.3   22:10   7.5    3:10   9.2   0.0   0.2  34.1  67.6   18:50   SSW
26   3.8   8.4    0:10   0.4   19:30  14.5   0.0   0.2  23.3  61.2    9:20    SW
27   1.6   4.3   13:40  -0.8    8:30  16.7   0.0   0.0  12.2  38.6    0:30    NE
28   3.4   5.7   00:00   1.8    7:50  14.8   0.0   0.0  24.0  74.0   20:30   SSW
29   6.0   7.2    6:30   4.5   21:00  12.3   0.0  10.8  24.6  77.2    8:30   SSW
30   3.4   5.1   13:50   1.0   17:20  14.9   0.0   2.6  21.9  62.8    8:30    SW
-------------------------------------------------------------------------------------
     6.9  15.7     1    -0.8    13   342.9   0.0 102.4  18.7 103.0     5      NE

Max >=  32.0:  0
Max <=   0.0:  0
Min <=   0.0:  2
Min <= -18.0:  0
Max Rain: 37.80 ON 05/11/17
Days of Rain: 19 (> .2 mm) 9 (> 2 mm) 2 (> 20 mm)
Heat Base:  18.3  Cool Base:  18.3  Method: Integration