NOAA-style Climate Reports

Select a Year or Month report

Report for 2018 Jan
                   MONTHLY CLIMATOLOGICAL SUMMARY for JAN. 2018

NAME: Vado la Lepre   CITY: Castelnuovo V.C.   STATE: Italia 
ELEV:   800 m  LAT: 43.2068 N  LONG: 10.8773 E

                   TEMPERATURE (C), RAIN  (mm), WIND SPEED (km/hr)

                                      HEAT  COOL        AVG
    MEAN                              DEG   DEG         WIND                 DOM
DAY TEMP  HIGH   TIME   LOW    TIME   DAYS  DAYS  RAIN  SPEED HIGH   TIME    DIR
------------------------------------------------------------------------------------
 1   6.4   8.2    7:45   4.9   17:15  11.9   0.0  10.6  38.8  80.5   20:50    NW
 2   5.8   9.0   13:00   4.1    7:45  12.5   0.0   3.8  15.3  82.1    1:35    NW
 3   6.5   9.6   18:00   4.6    8:50  11.8   0.0   0.2  31.2 101.4   17:30   WNW
 4   7.8   9.3   13:15   6.3    1:10  10.5   0.0   0.6  32.5  66.0   13:00    NW
 5   8.8  10.3   15:55   6.9    7:35   9.5   0.0   0.2  25.4  77.2    3:35   WNW
 6   8.0   8.9   23:55   7.4    8:20  10.3   0.0   0.0  31.5  64.4    8:15     W
 7  10.7  12.3   13:40   8.8    0:15   7.6   0.0   0.0  32.2  69.2    5:20   WSW
 8  11.4  13.4   13:25   9.6   23:25   6.8   0.0   1.4  34.0  86.9   23:50    SW
 9   7.4   9.8    0:05   4.2   21:50  10.9   0.0   3.6  25.3  82.1    0:10   WNW
10   5.4   7.7   12:25   4.6    6:45  12.9   0.0   0.0  14.5  32.2   20:05   WNW
11   4.2   6.1    6:30   2.9   23:30  14.2   0.0   3.6  16.1  43.5   12:00    SE
12   2.4   4.9   15:15   0.7   23:25  15.8   0.0   0.4  24.6  49.9    7:05   ESE
13   2.1   5.6   13:35   0.3    0:55  16.3   0.0   0.0  17.1  45.1    5:55   ESE
14   2.4   4.8   16:05   0.2    5:00  15.9   0.0   0.0   8.4  24.1    5:15   ESE
15   4.4   7.4   14:50   2.3    3:15  13.9   0.0   0.0  13.4  51.5   23:00     W
16   6.1   9.2   21:55   4.1    1:35  12.2   0.0   2.6  42.6  91.7   18:40   WNW
17   6.6   8.8    0:05   3.2   22:45  11.8   0.0   1.0  36.9 107.8    4:10   NNW
18   4.7   7.4   14:05   3.0    4:05  13.6   0.0   0.0  15.4  38.6   12:50    NW
19   6.6   8.3   14:25   5.0    1:15  11.7   0.0   0.0  19.0  51.5   17:05   WNW
20   5.1   6.6   13:05   3.8   20:10  13.2   0.0   5.4  17.1  64.4   22:05    NW
21   7.0  11.3   15:05   3.9    1:35  11.3   0.0   2.8  21.2  67.6    5:35   NNW
22   6.2   7.8   14:40   3.4    2:30  12.1   0.0   0.0  13.2  33.8    0:50    NW
23   7.9  10.6   15:00   6.3   22:00  10.4   0.0   0.0   8.9  33.8   21:10   SSE
24   6.9  10.2   13:35   5.8    4:55  11.4   0.0   0.0  15.9  37.0    2:05   WNW
25   5.7   7.5   15:05   4.6   23:00  12.6   0.0   0.0  23.7  54.7   23:50   WNW
26   5.7   6.7   21:50   4.4    6:15  12.6   0.0   0.0  30.1  56.3   23:40   WNW
27   7.3   9.7   15:45   6.6    3:15  11.0   0.0   0.0  14.6  54.7    0:20   SSE
28   8.2  11.8   12:25   5.8    4:55  10.1   0.0   0.0   5.6  16.1    3:55   SSE
29   6.5  10.3   12:50   4.4    7:05  11.8   0.0   0.0   8.0  25.7   23:45   ESE
30   5.5   6.2   12:20   4.8   18:25  12.8   0.0   0.0   5.1  20.9    0:15   NNE
31   5.3   6.0   22:45   4.6    9:05  12.9   0.0   0.0  17.7  40.2   22:35    NW
-------------------------------------------------------------------------------------
     6.3  13.4     8     0.2    14   372.2   0.0  36.2  21.1 107.8    17      NW

Max >=  32.0:  0
Max <=   0.0:  0
Min <=   0.0:  0
Min <= -18.0:  0
Max Rain: 10.59 ON 01/01/18
Days of Rain: 13 (> .2 mm) 7 (> 2 mm) 0 (> 20 mm)
Heat Base:  18.3  Cool Base:  18.3  Method: Integration