NOAA-style Climate Reports

Select a Year or Month report

Report for 2018 Feb
                   MONTHLY CLIMATOLOGICAL SUMMARY for FEB. 2018

NAME: Vado la Lepre   CITY: Castelnuovo V.C.   STATE: Italia 
ELEV:   800 m  LAT: 43.2068 N  LONG: 10.8773 E

                   TEMPERATURE (C), RAIN  (mm), WIND SPEED (km/hr)

                                      HEAT  COOL        AVG
    MEAN                              DEG   DEG         WIND                 DOM
DAY TEMP  HIGH   TIME   LOW    TIME   DAYS  DAYS  RAIN  SPEED HIGH   TIME    DIR
------------------------------------------------------------------------------------
 1   5.4   6.6   21:05   4.4    9:00  12.9   0.0  15.2  35.6  85.3    8:45    SW
 2   5.3   6.8    6:00   3.8   23:55  12.9   0.0  27.6  22.0  85.3    6:00    SW
 3   0.1   5.6    2:00  -2.2   23:25  18.2   0.0   3.4  13.4  49.9    1:20     E
 4   1.1   4.0   14:05  -2.2    0:40  17.2   0.0   6.0   9.7  32.2   22:40   ESE
 5   4.3   7.8   14:10   2.8    1:05  14.0   0.0   1.0  19.5  45.1   16:55     S
 6   2.3   4.4   23:25   1.1   12:20  16.0   0.0   3.4  18.3  45.1    7:00   ESE
 7   3.3   4.9   13:20   2.4    4:45  15.0   0.0   2.2  10.5  30.6    9:25     E
 8   2.3   3.8   16:20   1.2    8:25  16.0   0.0   0.2   7.9  35.4    1:20     W
 9   3.3   5.7   13:05   1.8    6:55  15.0   0.0   0.2   4.8  14.5    0:10   WNW
10   1.8   5.4   13:40  -0.3   23:25  16.5   0.0   0.0  15.1  38.6   20:25     E
11   1.8   5.9   15:05  -1.2    3:55  16.5   0.0   0.0  13.0  35.4    7:50   NNE
12   2.4   4.7   15:15  -1.6   00:00  15.9   0.0   2.4  22.5  53.1   11:40   SSW
13  -0.6   3.1   14:10  -2.5    7:30  18.8   0.0   0.0  13.7  38.6    1:35     E
14   0.4   4.1   14:00  -1.8   22:35  17.8   0.0   0.0   9.8  30.6   11:05     E
15   1.2   5.6   12:40  -2.8    4:20  17.1   0.0   0.0   7.6  24.1    0:25     E
16   4.6   6.2   15:00   2.6    0:05  13.8   0.0   0.0   5.6  16.1   10:45     W
17   6.1   8.0   23:55   4.7    5:25  12.3   0.0   8.4  20.6  51.5   15:10    SW
18   4.1   8.0    0:05   0.1   00:00  14.2   0.0  14.4  20.8  53.1    0:35     E
19  -0.5   1.1   15:40  -2.6   00:00  18.8   0.0   2.2  18.8  38.6    0:20     E
20  -1.4   2.7   14:05  -3.6    7:05  19.7   0.0   0.0  14.6  32.2   20:40     E
21  -0.8   2.1   13:00  -2.1    5:35  19.1   0.0   0.0  22.4  51.5   15:00   ENE
22  -0.8   1.8   15:30  -2.1    5:55  19.1   0.0   1.0  19.3  43.5   19:15     E
23   0.2   2.0   12:55  -0.8    0:05  18.1   0.0   5.4  18.7  48.3   16:05     E
24   3.3   7.6   13:10   0.2    0:05  14.9   0.0   4.6  24.1  56.3   16:05   ESE
25  -2.2   1.9    0:05  -6.6   23:50  20.5   0.0   0.2  25.3  59.5   18:30   ESE
26  -8.8  -6.6    0:05 -10.6   23:20  27.1   0.0   0.0  25.6  66.0    3:35    NE
27  -8.4  -3.8   15:25 -11.1    5:05  26.8   0.0   0.0  14.5  40.2    9:00     E
28  -6.2  -2.6   13:40 -10.6    0:25  24.5   0.0   0.2  19.2  43.5   17:50   ESE
-------------------------------------------------------------------------------------
     0.8   8.0    17   -11.1    27   488.6   0.0  98.0  16.9  85.3     1       E

Max >=  32.0:  0
Max <=   0.0:  3
Min <=   0.0: 17
Min <= -18.0:  0
Max Rain: 27.61 ON 02/02/18
Days of Rain: 18 (> .2 mm) 12 (> 2 mm) 1 (> 20 mm)
Heat Base:  18.3  Cool Base:  18.3  Method: Integration