NOAA-style Climate Reports

Select a Year or Month report

Report for 2018 Mar
                   MONTHLY CLIMATOLOGICAL SUMMARY for MAR. 2018

NAME: Vado la Lepre   CITY: Castelnuovo V.C.   STATE: Italia 
ELEV:   800 m  LAT: 43.2068 N  LONG: 10.8773 E

                   TEMPERATURE (C), RAIN  (mm), WIND SPEED (km/hr)

                                      HEAT  COOL        AVG
    MEAN                              DEG   DEG         WIND                 DOM
DAY TEMP  HIGH   TIME   LOW    TIME   DAYS  DAYS  RAIN  SPEED HIGH   TIME    DIR
------------------------------------------------------------------------------------
 1  -2.1   6.4   00:00  -6.3    0:25  20.4   0.0   8.6  12.6  48.3    2:50   ESE
 2   5.7   8.3   10:25   2.9   18:20  12.6   0.0  22.4  37.2 104.6   16:35     S
 3   5.3   8.0   14:00   3.3   23:40  13.0   0.0  13.0  30.3  80.5    9:00    SE
 4   5.7   8.3   11:50   3.3    0:05  12.6   0.0   5.2  15.8  33.8   19:10     S
 5   3.8   4.7    0:05   2.9   20:35  14.5   0.0   2.6  11.1  33.8   11:35   ESE
 6   5.4   7.9   15:20   3.5    0:05  12.9   0.0  21.4  17.1  59.5   23:00    SW
 7   5.4   8.1   16:20   4.3   20:40  12.8   0.0   0.6  26.1  54.7    9:05    SW
 8   6.3   9.6   12:05   4.3    6:00  12.0   0.0   0.0  23.2  51.5    1:30     W
 9   6.6  10.1   15:35   4.8   23:25  11.7   0.0   0.0  22.0  43.5    1:45    SW
10   6.7   8.2   23:35   4.8    3:40  11.7   0.0   0.4  32.0  56.3   10:35     S
11   8.2  10.4   11:30   6.3   17:05  10.0   0.0  21.6  34.6  90.1   12:35   ESE
12   6.2   8.0    9:10   3.4    6:25  12.0   0.0  17.4  32.8  70.8    2:30    SW
13   5.6   7.4    4:00   4.7   17:35  12.7   0.0   0.4  26.1  70.8    4:20    SW
14   6.8  11.3    7:10   4.4   21:30  11.5   0.0   0.0  15.8  48.3   23:40    SW
15   6.7   9.2   16:15   5.2    0:05  11.6   0.0  45.2  42.0  98.2   10:15   SSW
16   7.4  11.8    8:45   4.6   22:55  10.8   0.0   2.0  19.8  48.3   15:40     S
17   5.3   7.3    6:35   4.1   22:30  13.0   0.0   1.0  24.1  54.7   22:15     S
18   2.8   4.7    0:05   1.2   18:25  15.4   0.0  26.2  22.4  70.8   11:35    SE
19   2.6   4.1    9:50   1.6    1:40  15.7   0.0   2.4   7.9  30.6   14:20    NW
20   1.7   5.7    7:20  -2.4   23:35  16.6   0.0   4.2  19.6  59.5   12:30   ESE
21  -1.6   0.9    7:10  -3.5   20:05  19.9   0.0   4.2  29.0  64.4   14:20     E
22  -0.2   2.7    7:15  -2.8    0:05  18.5   0.0   0.0  24.9  64.4   10:40    NE
23   2.7   6.2    6:50  -0.8    0:05  15.6   0.0   0.0  15.6  49.9    3:45   ENE
24   3.8   8.7    7:15  -0.3   22:00  14.5   0.0   0.0  11.7  30.6   22:25   ESE
25   3.3   9.0    8:15  -0.6   23:25  14.4   0.0   0.0  13.0  35.4    8:15     E
26   6.2  10.7    8:35  -0.7    0:10  12.1   0.0   0.0   9.7  30.6    2:35     E
27   8.1  12.1    7:25   5.1   19:15  10.2   0.0   0.0   8.9  33.8    6:00     W
28   8.2  11.9    5:45   6.0   15:30  10.1   0.0   0.0  19.6  53.1   22:10    SW
29   8.6  11.1   10:25   6.7    0:05   9.7   0.0   0.2  37.7  69.2   14:05   SSW
30   8.6  11.1   10:00   6.9   22:45   9.8   0.0   0.4  48.6  98.2   11:05   SSW
31   5.6   7.7    8:10   3.8    3:40  12.7   0.0   2.8  30.1  86.9    2:30    SW
-------------------------------------------------------------------------------------
     5.0  12.1    27    -6.3     1   411.3   0.0 202.2  23.3 104.6     2       E

Max >=  32.0:  0
Max <=   0.0:  0
Min <=   0.0:  8
Min <= -18.0:  0
Max Rain: 45.21 ON 15/03/18
Days of Rain: 21 (> .2 mm) 15 (> 2 mm) 5 (> 20 mm)
Heat Base:  18.3  Cool Base:  18.3  Method: Integration