NOAA-style Climate Reports

Select a Year or Month report

Report for 2018 Apr
                   MONTHLY CLIMATOLOGICAL SUMMARY for APR. 2018

NAME: Vado la Lepre   CITY: Castelnuovo V.C.   STATE: Italia 
ELEV:   800 m  LAT: 43.2068 N  LONG: 10.8773 E

                   TEMPERATURE (C), RAIN  (mm), WIND SPEED (km/hr)

                                      HEAT  COOL        AVG
    MEAN                              DEG   DEG         WIND                 DOM
DAY TEMP  HIGH   TIME   LOW    TIME   DAYS  DAYS  RAIN  SPEED HIGH   TIME    DIR
------------------------------------------------------------------------------------
 1   6.2  10.7   15:40   3.8    8:00  12.1   0.0   1.0  15.8  37.0    0:20   WNW
 2   7.2  12.3   14:05   4.3    7:05  11.1   0.0   0.0  27.8  62.8   20:25     S
 3   8.4  11.6   14:00   5.6    7:05   9.9   0.0   7.0  35.7  66.0    6:40     S
 4   8.6  10.1   14:20   6.8   22:50   9.7   0.0  22.8  28.8  75.6   14:30   SSW
 5   8.1  11.3   14:40   6.3   23:25  10.2   0.0   0.0  12.2  35.4    7:00   WNW
 6  11.9  16.6   15:25   7.8    7:05   6.3   0.0   0.2  11.3  32.2   16:50   ESE
 7  12.1  17.3   14:10   8.7    7:05   6.2   0.0   0.0  15.6  40.2   23:00   ESE
 8  12.1  16.8   15:20   7.5    4:15   6.3   0.0   3.4  17.2  46.7    5:30     S
 9   7.4   8.3    8:30   6.4    5:15  10.9   0.0  14.2  15.8  40.2   16:15     E
10   7.4   9.4   15:20   6.3    6:40  10.9   0.0   2.2  23.7  61.2    5:35     S
11   8.7  10.3   12:10   6.7    7:35   9.6   0.0   3.6  25.3  70.8   15:10   ESE
12   8.3  12.1   12:55   5.3    5:05  10.0   0.0   0.0  16.6  49.9   18:30     S
13   9.2  12.5   17:20   5.9    7:05   9.1   0.0   0.2  15.4  43.5    6:30    SW
14  13.2  18.3   16:00   9.3    4:10   5.2   0.0   0.0  20.6  64.4   17:25   ESE
15  12.6  15.9   16:30   9.8    5:55   5.7   0.0   0.0  14.6  43.5    2:10    NW
16  13.2  17.2   13:05  10.2    0:45   5.1   0.0   0.0   9.2  33.8    8:10     E
17  13.7  18.6   15:55  10.2    3:45   4.6   0.0   0.8  12.9  46.7   21:45     E
18  13.7  16.2   15:00  11.0    6:05   4.6   0.0   0.0  21.7  54.7    3:00     E
19  15.2  20.4   15:50  11.6    7:05   3.3   0.2   0.0  14.3  43.5    0:20     E
20  17.1  22.6   14:45  13.1    7:05   2.1   0.9   0.0  13.0  32.2   20:10     E
21  17.9  22.8   15:25  14.7    7:05   1.3   0.9   0.0   9.7  30.6   10:20    NW
22  16.2  20.1   13:55  12.7    2:20   2.4   0.3   0.0  10.0  29.0   17:55   WNW
23  15.5  19.5   16:15  12.4   23:45   2.9   0.1   0.0   9.7  27.4    5:50    SW
24  15.4  19.2   13:05  12.9    2:00   3.0   0.0   0.0  16.7  40.2    6:35    SW
25  14.8  19.6   14:30  12.7    0:40   3.5   0.0   0.0  20.6  40.2   11:45    SW
26  15.4  19.4   14:50  13.1   20:15   2.9   0.1   0.0  17.2  43.5    2:25    SW
27  17.4  22.1   14:50  14.0    4:10   1.5   0.7   0.0   8.2  30.6    8:35     E
28  17.8  20.9   17:05  14.8    7:05   1.0   0.6   0.0  16.4  41.8   18:30     E
29  14.6  20.4   14:20   8.1    5:55   4.0   0.3   1.0  20.6  49.9    9:20     S
30  10.7  15.6   14:30   7.9    3:25   7.6   0.0   0.0   9.5  29.0    1:20   WNW
-------------------------------------------------------------------------------------
    12.3  22.8    21     3.8     1   183.1   4.1  56.4  16.9  75.6     4       E

Max >=  32.0:  0
Max <=   0.0:  0
Min <=   0.0:  0
Min <= -18.0:  0
Max Rain: 22.81 ON 04/04/18
Days of Rain: 11 (> .2 mm) 6 (> 2 mm) 1 (> 20 mm)
Heat Base:  18.3  Cool Base:  18.3  Method: Integration