NOAA-style Climate Reports

Select a Year or Month report

Report for 2018 May
                   MONTHLY CLIMATOLOGICAL SUMMARY for MAY. 2018

NAME: Vado la Lepre   CITY: Castelnuovo V.C.   STATE: Italia 
ELEV:   800 m  LAT: 43.2068 N  LONG: 10.8773 E

                   TEMPERATURE (C), RAIN  (mm), WIND SPEED (km/hr)

                                      HEAT  COOL        AVG
    MEAN                              DEG   DEG         WIND                 DOM
DAY TEMP  HIGH   TIME   LOW    TIME   DAYS  DAYS  RAIN  SPEED HIGH   TIME    DIR
------------------------------------------------------------------------------------
 1   9.0  10.4     3:20   8.1   21:35   9.3   0.0  22.6  12.4  35.4    3:50   NNE
 2  10.4  11.9    14:45   8.9    7:05   7.9   0.0   6.0  17.9  43.5    1:50    NW
 3  11.4  13.4    13:00   9.8    3:45   6.8   0.0   3.0  21.1  57.9    5:30    NW
 4  11.6  13.8    13:20  10.3    5:05   6.8   0.0  22.0  12.2  37.0    3:25   NNW
 5  13.0  18.2    13:15  11.0    5:05   5.3   0.0  17.4   9.8  38.6   11:25    NW
 6  13.4  15.4    12:20  11.9    2:10   4.8   0.0   9.8   6.1  24.1    4:00    NW
 7  14.9  19.7    11:50  12.4    3:55   3.4   0.1   0.6   8.9  32.2    9:55    NW
 8  13.9  19.5    10:55  11.3    1:20   4.4   0.0   5.2   8.0  35.4    6:55   WNW
 9  12.8  15.8    13:35  11.5    5:05   5.5   0.0   3.0   5.1  17.7    2:20   WNW
10  13.0  15.9    14:00  11.3    2:05   5.3   0.0   4.4   5.8  20.9   11:55     S
11  13.3  17.6    11:10  10.2    4:55   5.0   0.0   0.2   8.9  27.4    7:50    SE
12  13.4  17.7    13:00  10.2    5:05   4.9   0.0   0.0   5.8  17.7    5:55    SW
13  11.2  15.6    13:10   5.9    3:30   7.1   0.0  20.8  16.7  61.2   14:05     E
14   6.8   8.8     9:30   5.6   22:45  11.4   0.0   7.2   9.2  29.0    7:05     W
15   8.8  12.6    14:50   6.5    5:15   9.5   0.0   0.8  11.7  29.0    6:55   ENE
16  10.2  12.5    12:40   8.8    5:05   8.1   0.0  14.8  13.4  30.6    7:05   ENE
17  10.8  14.1    16:35   9.1   12:50   7.5   0.0  19.6   8.2  25.7    4:55     W
18  14.3  18.6    13:15  10.7    5:05   4.0   0.0   0.0   8.4  25.7    6:10     W
19  15.8  20.4    13:50  12.6    5:05   2.7   0.2   0.0   9.8  27.4    2:15     W
20  15.4  20.4    11:55  11.3   20:15   3.1   0.2   0.4  12.6  40.2   14:55     W
21  14.1  19.0     9:45  11.7    3:05   4.2   0.0  22.8  11.7  37.0   20:45   ENE
22  12.3  14.3    16:10  11.7    5:05   6.0   0.0   9.8  13.8  48.3    6:05    NE
23  13.6  17.7    12:55  11.5   22:05   4.7   0.0   0.2   7.1  20.9    3:00     S
24  15.6  19.1    12:25  11.9    5:10   2.7   0.0   0.0   7.4  19.3    1:35    SW
25  18.6  21.8    11:40  15.6    5:05   0.4   0.7   0.0   6.9  20.9    7:30     W
26  21.2  24.7    10:00  18.6   19:20   0.0   2.9   0.0   5.3  24.1   11:20     W
27  19.9  22.3     2:05  16.9   21:30   0.1   1.2   0.0  10.6  30.6   22:25   SSE
28  17.8  21.4    14:40  14.8   22:50   0.8   0.3   0.0  13.5  41.8   22:00     S
29  18.8  24.3    14:20  14.3    4:00   0.9   1.4   0.0   1.9  20.9   11:40    SW
30  18.2  21.8    10:20  15.3   15:10   0.5   0.4   9.2   3.1  35.4   15:00   ESE
31  16.7  22.0    15:30  13.0   22:40   2.0   0.5   0.0   4.8  25.7   19:50    NW
-------------------------------------------------------------------------------------
    13.9  24.7    26     5.6    14   145.1   8.0 199.8   9.6  61.2    13      NW

Max >=  32.0:  0
Max <=   0.0:  0
Min <=   0.0:  0
Min <= -18.0:  0
Max Rain: 22.81 ON 21/05/18
Days of Rain: 21 (> .2 mm) 16 (> 2 mm) 4 (> 20 mm)
Heat Base:  18.3  Cool Base:  18.3  Method: Integration