NOAA-style Climate Reports

Select a Year or Month report

Report for 2018 Jul
                   MONTHLY CLIMATOLOGICAL SUMMARY for JUL. 2018

NAME: Vado la Lepre   CITY: Castelnuovo V.C.   STATE: Italia 
ELEV:   800 m  LAT: 43.2068 N  LONG: 10.8773 E

                   TEMPERATURE (C), RAIN  (mm), WIND SPEED (km/hr)

                                      HEAT  COOL        AVG
    MEAN                              DEG   DEG         WIND                 DOM
DAY TEMP  HIGH   TIME   LOW    TIME   DAYS  DAYS  RAIN  SPEED HIGH   TIME    DIR
------------------------------------------------------------------------------------
 1  21.1  24.8   14:25  19.0   22:30   0.0   2.8   0.0  20.3  45.1   22:50    SW
 2  20.0  24.3   15:20  17.3   23:05   0.1   1.7   0.0  17.9  37.0    0:10   SSW
 3  19.9  24.2   13:55  17.5    0:05   0.1   1.7   0.0   7.1  29.0   17:50   WSW
 4  20.1  24.2   16:10  17.3    5:50   0.2   2.0   0.0   9.2  35.4   10:20   WSW
 5  20.3  23.1   14:00  17.3   23:50   0.1   2.1   0.0  14.0  37.0   16:50   WSW
 6  19.2  23.1   16:25  16.8    5:05   0.4   1.3   0.0   9.8  33.8   12:10   WSW
 7  19.7  26.3   14:50  16.2   16:30   0.4   1.8   0.2   7.7  46.7   15:45    NE
 8  20.6  24.9   13:55  17.2    6:00   0.1   2.4   0.0   7.4  32.2   16:05    NE
 9  21.3  25.6   14:25  17.6    3:05   0.0   3.0   0.0   9.5  35.4    2:25     E
10  21.1  24.2   13:15  18.1   00:00   0.0   2.8   0.0  16.4  43.5   18:30    SW
11  19.1  23.9   15:20  16.2    5:25   0.6   1.4   0.0  16.1  41.8   15:40   SSW
12  19.6  24.2   15:45  15.6    4:55   0.6   1.9   0.0   8.4  29.0   15:45   WSW
13  21.3  25.7   16:10  17.8    2:25   0.0   3.1   0.0  11.6  29.0   17:30   WSW
14  23.4  27.4   14:55  20.2    2:15   0.0   5.1   0.0  12.9  41.8   20:35    SW
15  22.3  25.4   14:25  19.3   22:10   0.0   4.0   0.0  12.7  40.2   16:30   WSW
16  20.4  23.6   16:20  13.8   00:00   0.1   2.3   8.2  17.7  66.0   19:30    SW
17  18.8  23.8   15:05  13.8    0:05   1.1   1.6   1.6   8.2  24.1    7:15    NE
18  22.2  26.4   16:00  18.4    4:00   0.0   3.9   0.0   8.9  24.1   13:25   WSW
19  22.4  26.0   16:00  19.5   21:30   0.0   4.1   0.0   9.7  29.0   14:05   WSW
20  21.4  25.9   15:30  17.9    6:25   0.0   3.1   0.0  12.1  33.8   18:00   WSW
21  20.2  23.6   16:45  17.7    6:05   0.0   1.9   0.0  25.7  59.5   14:25    SW
22  19.0  22.3   11:50  15.6   00:00   0.4   1.1   0.8  15.6  41.8   14:45   WSW
23  18.8  23.3   16:10  14.5    4:10   0.9   1.4   0.6  10.6  35.4   17:05    NE
24  21.2  26.1   15:50  16.6    4:05   0.2   3.1   0.0   9.7  29.0   12:10   ENE
25  21.3  26.8   14:15  18.3    7:45   0.0   3.0   0.0   7.6  22.5   16:20   NNE
26  21.9  28.2   14:25  17.5   17:10   0.0   3.7  28.6   7.4  32.2   15:50   ENE
27  21.9  25.5   11:55  19.2   00:00   0.0   3.6   0.4   7.7  29.0   16:55   WSW
28  20.6  25.0   16:55  17.4    6:30   0.1   2.4   0.0  11.9  30.6   14:20   WSW
29  21.4  26.1   14:45  17.7    4:20   0.0   3.2   0.0   5.6  22.5    4:30   NNW
30  23.6  29.4   16:05  19.1    3:40   0.0   5.3   0.0   8.5  24.1   10:15   ENE
31  25.2  30.7   15:55  20.8    4:15   0.0   6.8   0.0   9.2  25.7    5:40    NE
-------------------------------------------------------------------------------------
    21.0  30.7    31    13.8    17     5.5  87.6  40.4  11.5  66.0    16     WSW

Max >=  32.0:  0
Max <=   0.0:  0
Min <=   0.0:  0
Min <= -18.0:  0
Max Rain: 28.60 ON 26/07/18
Days of Rain: 7 (> .2 mm) 2 (> 2 mm) 1 (> 20 mm)
Heat Base:  18.3  Cool Base:  18.3  Method: Integration